{"id":968,"date":"2015-01-09T16:43:00","date_gmt":"2015-01-09T16:43:00","guid":{"rendered":"https:\/\/europavarietas.org\/csdp_new\/?page_id=968"},"modified":"2023-08-27T16:44:26","modified_gmt":"2023-08-27T16:44:26","slug":"foreign-defence-ministries","status":"publish","type":"page","link":"https:\/\/europavarietas.org\/csdp_new\/index.php\/foreign-defence-ministries\/","title":{"rendered":"Foreign &#038; Defence Ministries"},"content":{"rendered":"\t\t<div data-elementor-type=\"wp-page\" data-elementor-id=\"968\" class=\"elementor elementor-968\">\n\t\t\t\t\t\t<section class=\"elementor-section elementor-top-section elementor-element elementor-element-9e15266 elementor-section-boxed elementor-section-height-default elementor-section-height-default\" data-id=\"9e15266\" data-element_type=\"section\">\n\t\t\t\t\t\t<div class=\"elementor-container elementor-column-gap-default\">\n\t\t\t\t\t<div class=\"elementor-column elementor-col-100 elementor-top-column elementor-element elementor-element-dca5756\" data-id=\"dca5756\" data-element_type=\"column\">\n\t\t\t<div class=\"elementor-widget-wrap elementor-element-populated\">\n\t\t\t\t\t\t<div class=\"elementor-element elementor-element-4c44439 elementor-widget elementor-widget-text-editor\" data-id=\"4c44439\" data-element_type=\"widget\" data-widget_type=\"text-editor.default\">\n\t\t\t\t<div class=\"elementor-widget-container\">\n\t\t\t\t\t\t\t\t\t<p><em>under construction<\/em><\/p><p><strong>Allemagne:<\/strong><br \/><a href=\"http:\/\/www.auswaertiges-amt.de\/\" target=\"_blank\" rel=\"noopener\">Ausw\u00e4rtiges Amt<\/a><br \/><a href=\"http:\/\/www.bmvg.de\/portal\/a\/bmvg\">Bundesministerium der Verteidigung<\/a><\/p><p><strong>Autriche :<\/strong><br \/><a href=\"http:\/\/www.bmaa.gv.at\/\">Aussenministerium<\/a><\/p><p><strong>Belgique:<\/strong><br \/><a href=\"http:\/\/www.diplobel.fgov.be\/languagechoice.asp\">Affaires \u00e9trangeres<\/a><br \/><a href=\"http:\/\/www.mil.be\/mod\/index.asp?LAN=fr\">Minist\u00e8re de la D\u00e9fense<\/a><\/p><p><strong>Bulgarie:<\/strong><br \/><a href=\"http:\/\/www.mfa.government.bg\/\">M\u0418\u041d\u0421\u0422\u0415\u0420\u0421\u0422B\u041e HA B\u0411HIIIH\u0418TE PA\u0411OT\u0418O<\/a><br \/><a href=\"http:\/\/www.md.government.bg\/bg\/index.html\">M\u0418\u041d\u0421\u0422\u0415\u0420\u0421\u0422B\u041e HA OT\u0411PAHATA<\/a><\/p><p><strong>Danemark:<\/strong><br \/><a href=\"http:\/\/www.um.dk\/da\">Udenringsministeriet<\/a><br \/><a href=\"http:\/\/forsvaret.dk\/fmn\/\">Forsvarsministeriet<\/a><\/p><p><strong>Espagne:<\/strong><br \/><a href=\"http:\/\/www.mae.es\/es\/home\">Ministerio de Asuntos Exteriores y de Cooperaci\u00f3n<\/a><br \/><a href=\"http:\/\/www.mde.es\/Home\">Ministerio de Defensa de Espa\u00f1a<\/a><\/p><p><strong>Estonie:<\/strong><br \/><a href=\"http:\/\/www.vm.ee\/\">Eesti V\u00e4lisministeerium<\/a><br \/><a href=\"http:\/\/www.hri.org\/mod\/\">Kaitseministeerium<\/a><\/p><p><strong>Finland:<\/strong><br \/><a href=\"http:\/\/formin.finland.fi\/Public\/Default.aspx\">Ulkoasiainministeri\u00f6<\/a><\/p><p><strong>France:<\/strong><br \/><a href=\"http:\/\/www.diplomatie.gouv.fr\/fr\/\">Minist\u00e8re des Affaires \u00c9trangeres<\/a><br \/><a href=\"http:\/\/www.defense.gouv.fr\/sites\/defense\/\">Minist\u00e8re de la D\u00e9fense<\/a><\/p><p><strong>Gr\u00e8ce:<\/strong><br \/><a href=\"http:\/\/www.mfa.gr\/www.mfa.gr\/el-GR\/\">Ynoupy\u03b5\u00edo E\u03be\u03c9\u0422\u03b5\u0131\u0138\u03c9v<\/a><br \/><a href=\"http:\/\/www.hri.org\/mod\/\">Ynoupy\u03b5\u00edo Eonikha\u03a3<\/a><\/p><p><strong>Hongrie:<\/strong><br \/><a href=\"http:\/\/www.kulugyminiszterium.hu\/\">K\u00fcl\u00fcgyminiszt\u00e9rium<\/a><br \/><a href=\"http:\/\/www.honvedelem.hu\/\">Honv\u00e9delmi Miniszt\u00e9rium<\/a><\/p><p><strong>Irlande:<\/strong><br \/><a href=\"http:\/\/foreignaffairs.gov.ie\/\">Department og Foreign Affairs<\/a><\/p><p><strong>Italie:<\/strong><br \/><a href=\"http:\/\/www.esteri.it\/ita\/index.asp\">Ministero degli Affari Esteri<\/a><br \/><a href=\"http:\/\/www.difesa.it\/\">Ministero della Difesa<\/a><\/p><p><strong>Lettonie:<\/strong><br \/><a href=\"http:\/\/www.am.gov.lv\/lv\/\">Latvijas Republikas \u00c1rlietu Ministrija<\/a><br \/><a href=\"http:\/\/www.mod.gov.lv\/\">Aizsardz\u012bbas Ministrija<\/a><\/p><p><strong>Lituanie:<\/strong><br \/><a href=\"http:\/\/www.urm.lt\/\">U\u017esienio Reikalu Ministerija<\/a><br \/><a href=\"http:\/\/www.kam.lt\/index.php\">Kra\u0161to Apsaugos Ministerija<\/a><\/p><p><strong>Luxembourg:<\/strong><br \/><a href=\"http:\/\/www.mae.lu\/\">Minist\u00e8re des Affaires \u00e9trang\u00e8res<\/a><br \/><a href=\"http:\/\/www.mae.lu\/MAE.taf?IdNav=8\">Minist\u00e8re des Affaires \u00e9trang\u00e8res et de l&#8217;Immigration \/ Direction de la d\u00e9fense<\/a><\/p><p><strong>Malte:<\/strong><br \/><a href=\"http:\/\/www.foreign.gov.mt\/\">Ministry of Foreign Affairs<\/a><\/p><p><strong>Pay-Bas:<\/strong><br \/><a href=\"http:\/\/www.foreign.gov.mt\/\">Buitenlands beleid<\/a><br \/><a href=\"http:\/\/www.mindef.nl\/\">Ministerie van defensie<\/a><\/p><p><strong>Pologne:<\/strong><br \/><a href=\"http:\/\/www.msz.gov.pl\/\">Ministerstwo Spraw Zagranicznych<\/a><br \/><a href=\"http:\/\/www.wp.mil.pl\/\">Ministerstwo Obrony Narodowei<\/a><\/p><p><strong>Portugal:<\/strong><br \/><a href=\"http:\/\/www.min-nestrangeiros.pt\/mne\/\">Minist\u00e9rio dos Neg\u00f3cios Estrageiros<\/a><br \/><a href=\"http:\/\/www.mdn.gov.pt\/primeira.asp\">Minist\u00e9rio da Defensa National<\/a><\/p><p><strong>Royaume-Uni:<\/strong><br \/><a href=\"http:\/\/www.fco.gov.uk\/\">Foreign &amp; Commonwealth Office<\/a><br \/><a href=\"http:\/\/www.mod.uk\/defenceinternet\/home\">UK Ministry of Defence<\/a><\/p><p><strong>R\u00e9publique tch\u00e9que:<\/strong><br \/><a href=\"http:\/\/www.mzv.cz\/\">Ministerstvo zaharani\u010dn\u00edch v\u0115c\u00ed \u010cesk\u00e9 republiky<\/a><br \/><a href=\"http:\/\/www.army.cz\/scripts\/detail.php?pgid=1\">Ministerstvo obrany<\/a><\/p><p><strong>Roumanie:<\/strong><br \/><a href=\"http:\/\/www.mae.ro\/\">Ministerul Afacerilor Externe<\/a><br \/><a href=\"http:\/\/www.mapn.ro\/indexro.php\">Ministerul Apararii Nationale<\/a><\/p><p><strong>Slovaquie:<\/strong><br \/><a href=\"http:\/\/www.mzv.sk\/\">Ministerstvo zaharani\u010dn\u00fdch vec\u00ed<\/a><br \/><a href=\"http:\/\/www.mosr.sk\/\">Ministerstvo Obrany<\/a><\/p><p><strong>Slov\u00e9nie:<\/strong><br \/><a href=\"http:\/\/www.mzz.gov.si\/\">Ministrstvo za zunanje zadeve<\/a><br \/><a href=\"http:\/\/www.mors.si\/\">Ministrstvo za obrambo<\/a><\/p><p><strong>Su\u00e8de:<\/strong><br \/><a href=\"http:\/\/www.regeringen.se\/sb\/d\/1475\">Utrikesdepartementet<\/a><\/p><p>&#8212;<\/p><p><strong>Turquie<\/strong><br \/><a href=\"http:\/\/www.mfa.gov.tr\/MFA_tr\/\">D\u0131\u015fi\u015fleri Bakanli\u011di<\/a><br \/><a href=\"http:\/\/www.msb.gov.tr\/\">Mill\u00ee Savunma Bakanli\u011di<\/a><\/p><p><strong>Norv\u00e8ge:<\/strong><br \/><a href=\"http:\/\/odin.dep.no\/ud\/engelsk\/index-b-n-a.html\">Utenriksdepartementet<\/a><br \/><a href=\"http:\/\/odin.dep.no\/fd\/engelsk\/index-b-n-a.html\">Forvarsdepartementet<\/a><\/p><p><strong>Island:<\/strong><br \/><a href=\"http:\/\/www.utanrikisraduneyti.is\/\">Utanr\u00edkisr\u00e1duneytd<\/a><\/p><p>&#8212;<\/p><p><strong>Canada:<\/strong><br \/><a href=\"http:\/\/www.dfait-maeci.gc.ca\/\">Affaires \u00e9trang\u00e8res et Commerce international<\/a><br \/><a href=\"http:\/\/www.dnd.ca\/\">Minist\u00e8re de la D\u00e9fense Nationale<\/a><\/p><p><strong>\u00c9tats-Unis:<\/strong><br \/><a href=\"http:\/\/www.state.gov\/\">US Department of State<\/a><br \/><a href=\"http:\/\/www.defenselink.mil\/\">US Department of Defense<\/a><\/p>\t\t\t\t\t\t\t\t<\/div>\n\t\t\t\t<\/div>\n\t\t\t\t\t<\/div>\n\t\t<\/div>\n\t\t\t\t\t<\/div>\n\t\t<\/section>\n\t\t\t\t<\/div>\n\t\t","protected":false},"excerpt":{"rendered":"<p>under construction Allemagne:Ausw\u00e4rtiges AmtBundesministerium der Verteidigung Autriche :Aussenministerium Belgique:Affaires \u00e9trangeresMinist\u00e8re de la D\u00e9fense Bulgarie:M\u0418\u041d\u0421\u0422\u0415\u0420\u0421\u0422B\u041e HA B\u0411HIIIH\u0418TE PA\u0411OT\u0418OM\u0418\u041d\u0421\u0422\u0415\u0420\u0421\u0422B\u041e HA OT\u0411PAHATA Danemark:UdenringsministerietForsvarsministeriet Espagne:Ministerio de Asuntos Exteriores y de Cooperaci\u00f3nMinisterio de Defensa de Espa\u00f1a Estonie:Eesti V\u00e4lisministeeriumKaitseministeerium Finland:Ulkoasiainministeri\u00f6 France:Minist\u00e8re des Affaires \u00c9trangeresMinist\u00e8re de la D\u00e9fense Gr\u00e8ce:Ynoupy\u03b5\u00edo E\u03be\u03c9\u0422\u03b5\u0131\u0138\u03c9vYnoupy\u03b5\u00edo Eonikha\u03a3 Hongrie:K\u00fcl\u00fcgyminiszt\u00e9riumHonv\u00e9delmi Miniszt\u00e9rium Irlande:Department og Foreign Affairs Italie:Ministero degli Affari EsteriMinistero della&#8230;<\/p>\n","protected":false},"author":2,"featured_media":0,"parent":0,"menu_order":0,"comment_status":"closed","ping_status":"closed","template":"","meta":{"footnotes":""},"categories":[3],"tags":[],"class_list":["post-968","page","type-page","status-publish","hentry","category-cerpesc"],"yoast_head":"<!-- This site is optimized with the Yoast SEO plugin v26.5 - https:\/\/yoast.com\/wordpress\/plugins\/seo\/ -->\n<title>Foreign &amp; Defence Ministries - CERPESC<\/title>\n<meta name=\"robots\" content=\"index, follow, max-snippet:-1, max-image-preview:large, max-video-preview:-1\" \/>\n<link rel=\"canonical\" href=\"https:\/\/europavarietas.org\/csdp_new\/index.php\/foreign-defence-ministries\/\" \/>\n<meta property=\"og:locale\" content=\"en_GB\" \/>\n<meta property=\"og:type\" content=\"article\" \/>\n<meta property=\"og:title\" content=\"Foreign &amp; Defence Ministries - CERPESC\" \/>\n<meta property=\"og:description\" content=\"under construction Allemagne:Ausw\u00e4rtiges AmtBundesministerium der Verteidigung Autriche :Aussenministerium Belgique:Affaires \u00e9trangeresMinist\u00e8re de la D\u00e9fense Bulgarie:M\u0418\u041d\u0421\u0422\u0415\u0420\u0421\u0422B\u041e HA B\u0411HIIIH\u0418TE PA\u0411OT\u0418OM\u0418\u041d\u0421\u0422\u0415\u0420\u0421\u0422B\u041e HA OT\u0411PAHATA Danemark:UdenringsministerietForsvarsministeriet Espagne:Ministerio de Asuntos Exteriores y de Cooperaci\u00f3nMinisterio de Defensa de Espa\u00f1a Estonie:Eesti V\u00e4lisministeeriumKaitseministeerium Finland:Ulkoasiainministeri\u00f6 France:Minist\u00e8re des Affaires \u00c9trangeresMinist\u00e8re de la D\u00e9fense Gr\u00e8ce:Ynoupy\u03b5\u00edo E\u03be\u03c9\u0422\u03b5\u0131\u0138\u03c9vYnoupy\u03b5\u00edo Eonikha\u03a3 Hongrie:K\u00fcl\u00fcgyminiszt\u00e9riumHonv\u00e9delmi Miniszt\u00e9rium Irlande:Department og Foreign Affairs Italie:Ministero degli Affari EsteriMinistero della...\" \/>\n<meta property=\"og:url\" content=\"https:\/\/europavarietas.org\/csdp_new\/index.php\/foreign-defence-ministries\/\" \/>\n<meta property=\"og:site_name\" content=\"CERPESC\" \/>\n<meta property=\"article:modified_time\" content=\"2023-08-27T16:44:26+00:00\" \/>\n<meta name=\"twitter:card\" content=\"summary_large_image\" \/>\n<meta name=\"twitter:label1\" content=\"Estimated reading time\" \/>\n\t<meta name=\"twitter:data1\" content=\"1 minute\" \/>\n<script type=\"application\/ld+json\" class=\"yoast-schema-graph\">{\"@context\":\"https:\/\/schema.org\",\"@graph\":[{\"@type\":\"WebPage\",\"@id\":\"https:\/\/europavarietas.org\/csdp_new\/index.php\/foreign-defence-ministries\/\",\"url\":\"https:\/\/europavarietas.org\/csdp_new\/index.php\/foreign-defence-ministries\/\",\"name\":\"Foreign & Defence Ministries - CERPESC\",\"isPartOf\":{\"@id\":\"https:\/\/europavarietas.org\/csdp_new\/#website\"},\"datePublished\":\"2015-01-09T16:43:00+00:00\",\"dateModified\":\"2023-08-27T16:44:26+00:00\",\"breadcrumb\":{\"@id\":\"https:\/\/europavarietas.org\/csdp_new\/index.php\/foreign-defence-ministries\/#breadcrumb\"},\"inLanguage\":\"en-GB\",\"potentialAction\":[{\"@type\":\"ReadAction\",\"target\":[\"https:\/\/europavarietas.org\/csdp_new\/index.php\/foreign-defence-ministries\/\"]}]},{\"@type\":\"BreadcrumbList\",\"@id\":\"https:\/\/europavarietas.org\/csdp_new\/index.php\/foreign-defence-ministries\/#breadcrumb\",\"itemListElement\":[{\"@type\":\"ListItem\",\"position\":1,\"name\":\"Home\",\"item\":\"https:\/\/europavarietas.org\/csdp_new\/\"},{\"@type\":\"ListItem\",\"position\":2,\"name\":\"Foreign &#038; Defence Ministries\"}]},{\"@type\":\"WebSite\",\"@id\":\"https:\/\/europavarietas.org\/csdp_new\/#website\",\"url\":\"https:\/\/europavarietas.org\/csdp_new\/\",\"name\":\"CERPESC\",\"description\":\"European Soultion for Defence and Crisis Management\",\"publisher\":{\"@id\":\"https:\/\/europavarietas.org\/csdp_new\/#organization\"},\"potentialAction\":[{\"@type\":\"SearchAction\",\"target\":{\"@type\":\"EntryPoint\",\"urlTemplate\":\"https:\/\/europavarietas.org\/csdp_new\/?s={search_term_string}\"},\"query-input\":{\"@type\":\"PropertyValueSpecification\",\"valueRequired\":true,\"valueName\":\"search_term_string\"}}],\"inLanguage\":\"en-GB\"},{\"@type\":\"Organization\",\"@id\":\"https:\/\/europavarietas.org\/csdp_new\/#organization\",\"name\":\"CERPESC\",\"url\":\"https:\/\/europavarietas.org\/csdp_new\/\",\"logo\":{\"@type\":\"ImageObject\",\"inLanguage\":\"en-GB\",\"@id\":\"https:\/\/europavarietas.org\/csdp_new\/#\/schema\/logo\/image\/\",\"url\":\"https:\/\/europavarietas.org\/csdp_new\/wp-content\/uploads\/2023\/08\/cropped-cropped-cerpesc5_0.png\",\"contentUrl\":\"https:\/\/europavarietas.org\/csdp_new\/wp-content\/uploads\/2023\/08\/cropped-cropped-cerpesc5_0.png\",\"width\":530,\"height\":97,\"caption\":\"CERPESC\"},\"image\":{\"@id\":\"https:\/\/europavarietas.org\/csdp_new\/#\/schema\/logo\/image\/\"}}]}<\/script>\n<!-- \/ Yoast SEO plugin. -->","yoast_head_json":{"title":"Foreign & Defence Ministries - CERPESC","robots":{"index":"index","follow":"follow","max-snippet":"max-snippet:-1","max-image-preview":"max-image-preview:large","max-video-preview":"max-video-preview:-1"},"canonical":"https:\/\/europavarietas.org\/csdp_new\/index.php\/foreign-defence-ministries\/","og_locale":"en_GB","og_type":"article","og_title":"Foreign & Defence Ministries - CERPESC","og_description":"under construction Allemagne:Ausw\u00e4rtiges AmtBundesministerium der Verteidigung Autriche :Aussenministerium Belgique:Affaires \u00e9trangeresMinist\u00e8re de la D\u00e9fense Bulgarie:M\u0418\u041d\u0421\u0422\u0415\u0420\u0421\u0422B\u041e HA B\u0411HIIIH\u0418TE PA\u0411OT\u0418OM\u0418\u041d\u0421\u0422\u0415\u0420\u0421\u0422B\u041e HA OT\u0411PAHATA Danemark:UdenringsministerietForsvarsministeriet Espagne:Ministerio de Asuntos Exteriores y de Cooperaci\u00f3nMinisterio de Defensa de Espa\u00f1a Estonie:Eesti V\u00e4lisministeeriumKaitseministeerium Finland:Ulkoasiainministeri\u00f6 France:Minist\u00e8re des Affaires \u00c9trangeresMinist\u00e8re de la D\u00e9fense Gr\u00e8ce:Ynoupy\u03b5\u00edo E\u03be\u03c9\u0422\u03b5\u0131\u0138\u03c9vYnoupy\u03b5\u00edo Eonikha\u03a3 Hongrie:K\u00fcl\u00fcgyminiszt\u00e9riumHonv\u00e9delmi Miniszt\u00e9rium Irlande:Department og Foreign Affairs Italie:Ministero degli Affari EsteriMinistero della...","og_url":"https:\/\/europavarietas.org\/csdp_new\/index.php\/foreign-defence-ministries\/","og_site_name":"CERPESC","article_modified_time":"2023-08-27T16:44:26+00:00","twitter_card":"summary_large_image","twitter_misc":{"Estimated reading time":"1 minute"},"schema":{"@context":"https:\/\/schema.org","@graph":[{"@type":"WebPage","@id":"https:\/\/europavarietas.org\/csdp_new\/index.php\/foreign-defence-ministries\/","url":"https:\/\/europavarietas.org\/csdp_new\/index.php\/foreign-defence-ministries\/","name":"Foreign & Defence Ministries - CERPESC","isPartOf":{"@id":"https:\/\/europavarietas.org\/csdp_new\/#website"},"datePublished":"2015-01-09T16:43:00+00:00","dateModified":"2023-08-27T16:44:26+00:00","breadcrumb":{"@id":"https:\/\/europavarietas.org\/csdp_new\/index.php\/foreign-defence-ministries\/#breadcrumb"},"inLanguage":"en-GB","potentialAction":[{"@type":"ReadAction","target":["https:\/\/europavarietas.org\/csdp_new\/index.php\/foreign-defence-ministries\/"]}]},{"@type":"BreadcrumbList","@id":"https:\/\/europavarietas.org\/csdp_new\/index.php\/foreign-defence-ministries\/#breadcrumb","itemListElement":[{"@type":"ListItem","position":1,"name":"Home","item":"https:\/\/europavarietas.org\/csdp_new\/"},{"@type":"ListItem","position":2,"name":"Foreign &#038; Defence Ministries"}]},{"@type":"WebSite","@id":"https:\/\/europavarietas.org\/csdp_new\/#website","url":"https:\/\/europavarietas.org\/csdp_new\/","name":"CERPESC","description":"European Soultion for Defence and Crisis Management","publisher":{"@id":"https:\/\/europavarietas.org\/csdp_new\/#organization"},"potentialAction":[{"@type":"SearchAction","target":{"@type":"EntryPoint","urlTemplate":"https:\/\/europavarietas.org\/csdp_new\/?s={search_term_string}"},"query-input":{"@type":"PropertyValueSpecification","valueRequired":true,"valueName":"search_term_string"}}],"inLanguage":"en-GB"},{"@type":"Organization","@id":"https:\/\/europavarietas.org\/csdp_new\/#organization","name":"CERPESC","url":"https:\/\/europavarietas.org\/csdp_new\/","logo":{"@type":"ImageObject","inLanguage":"en-GB","@id":"https:\/\/europavarietas.org\/csdp_new\/#\/schema\/logo\/image\/","url":"https:\/\/europavarietas.org\/csdp_new\/wp-content\/uploads\/2023\/08\/cropped-cropped-cerpesc5_0.png","contentUrl":"https:\/\/europavarietas.org\/csdp_new\/wp-content\/uploads\/2023\/08\/cropped-cropped-cerpesc5_0.png","width":530,"height":97,"caption":"CERPESC"},"image":{"@id":"https:\/\/europavarietas.org\/csdp_new\/#\/schema\/logo\/image\/"}}]}},"_links":{"self":[{"href":"https:\/\/europavarietas.org\/csdp_new\/index.php\/wp-json\/wp\/v2\/pages\/968","targetHints":{"allow":["GET"]}}],"collection":[{"href":"https:\/\/europavarietas.org\/csdp_new\/index.php\/wp-json\/wp\/v2\/pages"}],"about":[{"href":"https:\/\/europavarietas.org\/csdp_new\/index.php\/wp-json\/wp\/v2\/types\/page"}],"author":[{"embeddable":true,"href":"https:\/\/europavarietas.org\/csdp_new\/index.php\/wp-json\/wp\/v2\/users\/2"}],"replies":[{"embeddable":true,"href":"https:\/\/europavarietas.org\/csdp_new\/index.php\/wp-json\/wp\/v2\/comments?post=968"}],"version-history":[{"count":4,"href":"https:\/\/europavarietas.org\/csdp_new\/index.php\/wp-json\/wp\/v2\/pages\/968\/revisions"}],"predecessor-version":[{"id":972,"href":"https:\/\/europavarietas.org\/csdp_new\/index.php\/wp-json\/wp\/v2\/pages\/968\/revisions\/972"}],"wp:attachment":[{"href":"https:\/\/europavarietas.org\/csdp_new\/index.php\/wp-json\/wp\/v2\/media?parent=968"}],"wp:term":[{"taxonomy":"category","embeddable":true,"href":"https:\/\/europavarietas.org\/csdp_new\/index.php\/wp-json\/wp\/v2\/categories?post=968"},{"taxonomy":"post_tag","embeddable":true,"href":"https:\/\/europavarietas.org\/csdp_new\/index.php\/wp-json\/wp\/v2\/tags?post=968"}],"curies":[{"name":"wp","href":"https:\/\/api.w.org\/{rel}","templated":true}]}}