{"id":827,"date":"2015-05-26T10:20:00","date_gmt":"2015-05-26T10:20:00","guid":{"rendered":"https:\/\/europavarietas.org\/csdp_new\/?page_id=827"},"modified":"2023-08-28T13:51:07","modified_gmt":"2023-08-28T13:51:07","slug":"basic-documents","status":"publish","type":"page","link":"https:\/\/europavarietas.org\/csdp_new\/index.php\/basic-documents\/","title":{"rendered":"Basic documents"},"content":{"rendered":"\t\t<div data-elementor-type=\"wp-page\" data-elementor-id=\"827\" class=\"elementor elementor-827\">\n\t\t\t\t\t\t<section class=\"elementor-section elementor-top-section elementor-element elementor-element-59aba1d elementor-section-boxed elementor-section-height-default elementor-section-height-default\" data-id=\"59aba1d\" data-element_type=\"section\">\n\t\t\t\t\t\t<div class=\"elementor-container elementor-column-gap-default\">\n\t\t\t\t\t<div class=\"elementor-column elementor-col-100 elementor-top-column elementor-element elementor-element-b7096d5\" data-id=\"b7096d5\" data-element_type=\"column\">\n\t\t\t<div class=\"elementor-widget-wrap elementor-element-populated\">\n\t\t\t\t\t\t<div class=\"elementor-element elementor-element-d5d0d57 elementor-widget elementor-widget-text-editor\" data-id=\"d5d0d57\" data-element_type=\"widget\" data-widget_type=\"text-editor.default\">\n\t\t\t\t<div class=\"elementor-widget-container\">\n\t\t\t\t\t\t\t\t\t<p><strong>Strategies\u00a0<\/strong><br \/>( \u00a9 <a href=\"http:\/\/eeas.europa.eu\/\">EEAS<\/a>)<br \/>Shared Vision, Common Action: A Stronger Europe &#8211; A Global Strategy for the European Union\u2019s Foreign And Security Policy (EUGS, 28\/06\/2016) <a href=\"\/csdp\/files\/eugs2016.pdf\" target=\"_blank\" rel=\"noopener\">EN<\/a> <a href=\"\/csdp\/files\/sgue2016.pdf\" target=\"_blank\" rel=\"noopener\">FR<\/a> <a href=\"\/csdp\/files\/eugs_hu.pdf\" target=\"_blank\" rel=\"noopener\">HU<\/a><br \/>&#8211; Implementation Plan on Security and Defence (IPSD, 14\/11\/2016) <a href=\"\/csdp\/files\/ipsd_2016.pdf\" target=\"_blank\" rel=\"noopener\">EN<\/a><br \/>&#8211; European Defence Action Plan: Towards a European Defence Fund (30\/11\/2016) <a href=\"\/csdp\/files\/edap_2016en.pdf\" target=\"_blank\" rel=\"noopener\">EN<\/a> <a href=\"\/csdp\/files\/edap_2016fr.pdf\" target=\"_blank\" rel=\"noopener\">FR<\/a><br \/>&#8211; From Shared Vision to Common Action: Implementing the EU Global Strategy Year 1 (07\/06\/2017) <a href=\"\/csdp\/files\/eugs_impl_2017en.pdf\" target=\"_blank\" rel=\"noopener\">EN<\/a> <a href=\"\/csdp\/files\/eugs_impl_2017fr.pdf\" target=\"_blank\" rel=\"noopener\">FR<\/a><br \/>Report on the Implementation of the European Security Strategy (2008) <a href=\"\/csdp\/files\/report_eu_strategy_implementation2008en.pdf\" target=\"_blank\" rel=\"noopener\">EN<\/a> <a href=\"\/csdp\/files\/report_eu_strategy_implementation2008fr.pdf\" target=\"_blank\" rel=\"noopener\">FR<\/a><br \/>A Secure Europe in a Better World &#8211; European Security Strategy (ESS, 12\/12\/2003) <a href=\"\/csdp\/files\/ess2003.pdf\" target=\"_blank\" rel=\"noopener\">EN<\/a> <a href=\"\/csdp\/files\/ses2003.pdf\" target=\"_blank\" rel=\"noopener\">FR<\/a><\/p><p><strong>Core Documents of the Defense and Security in Europe<\/strong><br \/>( \u00a9 CERPESC)<br \/>From Saint-Malo to Lisbonne (1998-2008) <em>With the list of Council Joint Actions &amp; Council Decisions (2001-2013)<\/em> <a href=\"http:\/\/europavarietas.org\/csdp\/defence_core_docs\" target=\"_blank\" rel=\"noopener\">EN<\/a> <a href=\"http:\/\/europavarietas.org\/csdp\/defence_core_docs\" target=\"_blank\" rel=\"noopener\">FR<\/a><br \/>From Dunkirk to Amsterdam (1947-1997) <a href=\"http:\/\/europavarietas.org\/csdp\/defence_core_docs\" target=\"_blank\" rel=\"noopener\">EN<\/a> <a href=\"http:\/\/europavarietas.org\/csdp\/defence_core_docs\" target=\"_blank\" rel=\"noopener\">FR<\/a><\/p><p><strong>Council Decisions (2010-) and Council Joint Actions (1999-2009)<\/strong><br \/>Non-exhaustive list of the most important Council Decisions of the European Union on security and defense (CERPESC) <a href=\"\/csdp\/council_decisions_csdp\" target=\"_blank\" rel=\"noopener\">EN<\/a> <a href=\"\/csdp\/eu_decisions\" target=\"_blank\" rel=\"noopener\">FR<\/a><br \/>Non-exhaustive list of the most important Council Joint Actions of the European Union on security and defense (CERPESC) <a href=\"\/csdp\/council_joint_actions_esdp\" target=\"_blank\" rel=\"noopener\">EN<\/a> <a href=\"\/csdp\/actions_communes\" target=\"_blank\" rel=\"noopener\">FR<\/a><\/p><p><strong>Core Documents of the EU Security and Defence (1998-)<\/strong><br \/>(<a href=\"http:\/\/www.iss.europa.eu\/\">\u00a9 EUISS<\/a> ; \u00a9 <a href=\"http:\/\/www.iss-eu.org\/public\/content\/chailf.html\">Chaillot Papers<\/a>)<br \/>EUISS Yearbook of European Security (2017) <a href=\"\/csdp\/files\/YES_2017.pdf\" target=\"_blank\" rel=\"noopener\">EN<\/a><br \/>EUISS Yearbook of European Security (2016) <a href=\"\/csdp\/files\/YES_2016.pdf\" target=\"_blank\" rel=\"noopener\">EN<\/a><br \/>EUISS Yearbook of European Security (2015) <a href=\"\/csdp\/files\/YES_2015.pdf\" target=\"_blank\" rel=\"noopener\">EN<\/a><br \/>EUISS Yearbook of European Security (2014) <a href=\"\/csdp\/files\/YES_2014.pdf\" target=\"_blank\" rel=\"noopener\">EN<\/a><br \/>EUISS Yearbook of European Security (2013; with the Core Documents 2011\/2012) <a href=\"\/csdp\/files\/YES_2013.pdf\" target=\"_blank\" rel=\"noopener\">EN<\/a><br \/>EU Security and Defence &#8211; Core documents (2010) <a href=\"http:\/\/www.iss.europa.eu\/uploads\/media\/CoreDocs-2010_EN.pdf\" target=\"_blank\" rel=\"noopener\">EN<\/a> <a href=\"http:\/\/www.iss.europa.eu\/uploads\/media\/CoreDocs-2010_FR.pdf\" target=\"_blank\" rel=\"noopener\">FR<\/a><br \/>EU Security and Defence &#8211; Core documents (2009) <a href=\"http:\/\/www.iss.europa.eu\/uploads\/media\/Core_Documents_Vol_X_eng.pdf\" target=\"_blank\" rel=\"noopener\">EN<\/a> <a href=\"http:\/\/www.iss.europa.eu\/uploads\/media\/Core_Documents_Vol_X_fr.pdf\" target=\"_blank\" rel=\"noopener\">FR<\/a><br \/>EU Security and Defence &#8211; Core documents (2008) \/Chaillot Papers 117\/ <a href=\"http:\/\/www.iss.europa.eu\/uploads\/media\/cp117.pdf\" target=\"_blank\" rel=\"noopener\">EN<\/a> <a href=\"http:\/\/www.iss.europa.eu\/uploads\/media\/cp117f.pdf\" target=\"_blank\" rel=\"noopener\">FR<\/a><br \/>EU Security and Defence &#8211; Core documents (2007) \/Chaillot Papers 112\/ <a href=\"http:\/\/www.iss.europa.eu\/uploads\/media\/cp112-English.pdf\" target=\"_blank\" rel=\"noopener\">EN<\/a> <a href=\"http:\/\/www.iss.europa.eu\/uploads\/media\/cp112-francais.pdf\" target=\"_blank\" rel=\"noopener\">FR<\/a><br \/>EU Security and Defence &#8211; Core documents (2006) \/Chaillot Papers 98\/ <a href=\"http:\/\/www.iss.europa.eu\/uploads\/media\/cp098e.pdf\" target=\"_blank\" rel=\"noopener\">EN<\/a> <a href=\"http:\/\/www.iss.europa.eu\/uploads\/media\/cp098f.pdf\" target=\"_blank\" rel=\"noopener\">FR<\/a><br \/>EU Security and Defence &#8211; Core documents (2005) \/Chaillot Papers 87\/ <a href=\"http:\/\/www.iss.europa.eu\/uploads\/media\/cp087e.pdf\" target=\"_blank\" rel=\"noopener\">EN<\/a> <a href=\"http:\/\/www.iss.europa.eu\/uploads\/media\/cp087f.pdf\" target=\"_blank\" rel=\"noopener\">FR<\/a><br \/>EU Security and Defence &#8211; Core documents (2004) \/Chaillot Papers 75\/ <a href=\"http:\/\/www.iss.europa.eu\/uploads\/media\/cp075e.pdf\" target=\"_blank\" rel=\"noopener\">EN<\/a> <a href=\"http:\/\/www.iss.europa.eu\/uploads\/media\/cp075f.pdf\" target=\"_blank\" rel=\"noopener\">FR<\/a><br \/>From Copenhagen to Brussels (2003) \/Chaillot Papers 67\/ <a href=\"http:\/\/www.iss.europa.eu\/uploads\/media\/cp067e.pdf\" target=\"_blank\" rel=\"noopener\">EN<\/a> <a href=\"http:\/\/www.iss.europa.eu\/uploads\/media\/cp067f.pdf\" target=\"_blank\" rel=\"noopener\">FR<\/a><br \/>From Laeken to Copenhagen (2002) \/Chaillot Papers 57\/ <a href=\"http:\/\/www.iss.europa.eu\/uploads\/media\/chai57e.pdf\" target=\"_blank\" rel=\"noopener\">EN<\/a> <a href=\"http:\/\/www.iss.europa.eu\/uploads\/media\/chai57f.pdf\" target=\"_blank\" rel=\"noopener\">FR<\/a><br \/>From Nice to Laeken (2001) \/Chaillot Papers 51\/ <a href=\"http:\/\/www.iss.europa.eu\/uploads\/media\/cp051e.pdf\" target=\"_blank\" rel=\"noopener\">EN<\/a> <a href=\"http:\/\/www.iss.europa.eu\/uploads\/media\/cp051f.pdf\" target=\"_blank\" rel=\"noopener\">FR<\/a><br \/>From St-Malo to Nice (1998-2000) \/Chaillot Papers 47\/ <a href=\"http:\/\/www.iss.europa.eu\/uploads\/media\/cp047e.pdf\" target=\"_blank\" rel=\"noopener\">EN<\/a> <a href=\"http:\/\/www.iss.europa.eu\/uploads\/media\/cp047f.pdf\" target=\"_blank\" rel=\"noopener\">FR<\/a><\/p><p><strong>Treaties<\/strong><br \/>Treaty of Lisbon (01.12.2009 &#8211; ) <a href=\"\/csdp\/files\/lisbon_treaty.pdf\" target=\"_blank\" rel=\"noopener\">EN<\/a> <a href=\"\/csdp\/files\/traite_de_lisbonne.pdf\" target=\"_blank\" rel=\"noopener\">FR<\/a> <a href=\"\/csdp\/files\/lisszaboni_szerzodes.pdf\" target=\"_blank\" rel=\"noopener\">HU<\/a><br \/>The CFSP\/CSDP in the Lisbon Treaty <a href=\"\/csdp\/files\/csdp_lisbon_treaty.pdf\" target=\"_blank\" rel=\"noopener\">EN<\/a><br \/>Trait\u00e9 \u00e9tablissant une constitution pour l&#8217;Europe (Rome, 29. octobre 2004.) <br \/>The CFSP\/CSDP in the Constitutional Treaty<br \/>Maastricht Treaty (01.11.1993 &#8211; 30.04.1999 ) <a href=\"\/csdp\/files\/maastricht_treaty.pdf\" target=\"_blank\" rel=\"noopener\">EN<\/a><br \/>Maastrciht Treaty \/ Title V &#8211; Provisions on a Common Foreign and Security Policy <a href=\"\/csdp\/files\/maastricht_treaty_title_v.pdf\" target=\"_blank\" rel=\"noopener\">EN<\/a><\/p><p><strong>Western European Union (1954-1999\/2011)<\/strong><br \/>Les textes fondamentaux ( \u00a9 Assembl\u00e9 de l&#8217;UEO ; \u00a9 Documents de r\u00e9f\u00e9rence )<br \/><a href=\"http:\/\/mjp.univ-perp.fr\/defense\/ueo00as.htm\">L&#8217;Assembl\u00e9e de l&#8217;UEO adopte sa transformation en AESD, du 5 au 8 juin 2000 (\u00a9 Digith\u00e8que MJP)<\/a><\/p><p>D\u00e9claration de l&#8217;Union de l&#8217;Europe occidentale sur le r\u00f4le de l&#8217;Union de l&#8217;Europe occidentale et sur ses relations avec l&#8217;Union europ\u00e9enne et avec l&#8217;Alliance atlantique <em>D\u00e9claration adopt\u00e9e par le Conseil des ministres de l&#8217;UEO le 22 juillet 1997 et annex\u00e9e \u00e0 l&#8217;Acte final de la Conf\u00e9rence intergouvernementale qui s&#8217;est achev\u00e9e avec la signature du Trait\u00e9 d&#8217;Amsterdam, le 2 octobre 1997<\/em><br \/>D\u00e9claration de Petersberg &#8211; Bonn, 19 juin 1992<br \/>D\u00e9claration relative \u00e0 l&#8217;Union de l&#8217;Europe occidentale &#8211; Maastricht 10 d\u00e9cembre 1991<br \/>D\u00e9claration de Rome &#8211; 26 et 27 octobre 1984<em> adopt\u00e9e par les ministres des affaires \u00e9trang\u00e8res et de la d\u00e9fense des sept Etats membres de l&#8217;UEO<\/em><br \/>Texte du Trait\u00e9 de Bruxelles modifi\u00e9 <em>(Le Trait\u00e9 de Bruxelles, sign\u00e9 le 17 mars 1948, a \u00e9t\u00e9 amend\u00e9 par les Accords de Paris, sign\u00e9s le 23 octobre 1954)<br \/>Trait\u00e9 de collaboration en mati\u00e8re \u00e9conomique, sociale et culturelle et de l\u00e9gitime d\u00e9fense collective <em>sign\u00e9 \u00e0 Bruxelles le 17 mars 1948 (entr\u00e9 en vigueur le 25 ao\u00fbt 1948)<\/em><\/em><\/p><p><a href=\"http:\/\/mjp.univ-perp.fr\/defense\/ueocm.htm\">R\u00e9unions du Conseil des ministres de l&#8217;UEO &#8211; Communiqu\u00e9s et D\u00e9clarations (1955-2000)<\/a><a href=\"http:\/\/mjp.univ-perp.fr\/\"> (\u00a9 Digith\u00e8que MJP)<\/a><\/p><p><strong>Other Databases<\/strong><br \/><a href=\"http:\/\/eur-lex.europa.eu\/search.html?qid=1492101362885&amp;text=csdp&amp;scope=EURLEX&amp;type=quick&amp;lang=en\">EURLEX &#8211; CSDP<\/a><br \/>Official Journal of the EU (EUR-Lex) <a href=\"http:\/\/eur-lex.europa.eu\/JOIndex.do?ihmlang=en\" target=\"_blank\" rel=\"noopener\">EN<\/a> <a href=\"http:\/\/eur-lex.europa.eu\/JOIndex.do?ihmlang=fr\" target=\"_blank\" rel=\"noopener\">FR<\/a><br \/><a href=\"http:\/\/www.fiv-iblk.de\/\">Fachinformationsverbund \/ World Affairs Online (FIV)<\/a><br \/><a href=\"\/csdp\/files\/defensecollective.pdf\">Les documents de la d\u00e9fense collective<\/a><\/p><p>\u00a0<\/p><p>OSCE<br \/><a href=\"http:\/\/www.osce.org\/documents\">Documents Library<\/a><br \/><a href=\"http:\/\/www.vifaost.de\/sys\/cgi\/w\/index.cgi?l=de&amp;sid=9d27&amp;p=geschichte\/aufsatzerschliessung\">Vifaost &#8211; Aufsatzdatenbank Osteuropa (OIM)<\/a><br \/><a href=\"http:\/\/www.mafhoum.com\/fr\/fr_index.htm\">Mafhoum Projekt<\/a><\/p><p>&#8212;-<br \/><em>Last update: 13\/04\/2017<br \/>Created by Andras Istvan T\u00fcrke<\/em><\/p>\t\t\t\t\t\t\t\t<\/div>\n\t\t\t\t<\/div>\n\t\t\t\t\t<\/div>\n\t\t<\/div>\n\t\t\t\t\t<\/div>\n\t\t<\/section>\n\t\t\t\t<\/div>\n\t\t","protected":false},"excerpt":{"rendered":"<p>Strategies\u00a0 ( \u00a9 EEAS) Shared Vision, Common Action: A Stronger Europe &#8211; A Global Strategy for the European Union\u2019s Foreign And Security Policy (EUGS, 28\/06\/2016) EN FR HU &#8211; Implementation Plan on Security and Defence (IPSD, 14\/11\/2016) EN &#8211; European Defence Action Plan: Towards a European Defence Fund (30\/11\/2016) EN FR &#8211; From Shared Vision&#8230;<\/p>\n","protected":false},"author":2,"featured_media":838,"parent":0,"menu_order":0,"comment_status":"closed","ping_status":"closed","template":"","meta":{"footnotes":""},"categories":[3],"tags":[],"class_list":["post-827","page","type-page","status-publish","has-post-thumbnail","hentry","category-cerpesc"],"yoast_head":"<!-- This site is optimized with the Yoast SEO plugin v26.5 - https:\/\/yoast.com\/wordpress\/plugins\/seo\/ -->\n<title>Basic documents - CERPESC<\/title>\n<meta name=\"robots\" content=\"index, follow, max-snippet:-1, max-image-preview:large, max-video-preview:-1\" \/>\n<link rel=\"canonical\" href=\"https:\/\/europavarietas.org\/csdp_new\/index.php\/basic-documents\/\" \/>\n<meta property=\"og:locale\" content=\"en_GB\" \/>\n<meta property=\"og:type\" content=\"article\" \/>\n<meta property=\"og:title\" content=\"Basic documents - CERPESC\" \/>\n<meta property=\"og:description\" content=\"Strategies\u00a0 ( \u00a9 EEAS) Shared Vision, Common Action: A Stronger Europe &#8211; A Global Strategy for the European Union\u2019s Foreign And Security Policy (EUGS, 28\/06\/2016) EN FR HU &#8211; Implementation Plan on Security and Defence (IPSD, 14\/11\/2016) EN &#8211; European Defence Action Plan: Towards a European Defence Fund (30\/11\/2016) EN FR &#8211; From Shared Vision...\" \/>\n<meta property=\"og:url\" content=\"https:\/\/europavarietas.org\/csdp_new\/index.php\/basic-documents\/\" \/>\n<meta property=\"og:site_name\" content=\"CERPESC\" \/>\n<meta property=\"article:modified_time\" content=\"2023-08-28T13:51:07+00:00\" \/>\n<meta property=\"og:image\" content=\"https:\/\/europavarietas.org\/csdp_new\/wp-content\/uploads\/2023\/08\/banner2.jpg\" \/>\n\t<meta property=\"og:image:width\" content=\"915\" \/>\n\t<meta property=\"og:image:height\" content=\"176\" \/>\n\t<meta property=\"og:image:type\" content=\"image\/jpeg\" \/>\n<meta name=\"twitter:card\" content=\"summary_large_image\" \/>\n<meta name=\"twitter:label1\" content=\"Estimated reading time\" \/>\n\t<meta name=\"twitter:data1\" content=\"3 minutes\" \/>\n<script type=\"application\/ld+json\" class=\"yoast-schema-graph\">{\"@context\":\"https:\/\/schema.org\",\"@graph\":[{\"@type\":\"WebPage\",\"@id\":\"https:\/\/europavarietas.org\/csdp_new\/index.php\/basic-documents\/\",\"url\":\"https:\/\/europavarietas.org\/csdp_new\/index.php\/basic-documents\/\",\"name\":\"Basic documents - CERPESC\",\"isPartOf\":{\"@id\":\"https:\/\/europavarietas.org\/csdp_new\/#website\"},\"primaryImageOfPage\":{\"@id\":\"https:\/\/europavarietas.org\/csdp_new\/index.php\/basic-documents\/#primaryimage\"},\"image\":{\"@id\":\"https:\/\/europavarietas.org\/csdp_new\/index.php\/basic-documents\/#primaryimage\"},\"thumbnailUrl\":\"https:\/\/europavarietas.org\/csdp_new\/wp-content\/uploads\/2023\/08\/banner2.jpg\",\"datePublished\":\"2015-05-26T10:20:00+00:00\",\"dateModified\":\"2023-08-28T13:51:07+00:00\",\"breadcrumb\":{\"@id\":\"https:\/\/europavarietas.org\/csdp_new\/index.php\/basic-documents\/#breadcrumb\"},\"inLanguage\":\"en-GB\",\"potentialAction\":[{\"@type\":\"ReadAction\",\"target\":[\"https:\/\/europavarietas.org\/csdp_new\/index.php\/basic-documents\/\"]}]},{\"@type\":\"ImageObject\",\"inLanguage\":\"en-GB\",\"@id\":\"https:\/\/europavarietas.org\/csdp_new\/index.php\/basic-documents\/#primaryimage\",\"url\":\"https:\/\/europavarietas.org\/csdp_new\/wp-content\/uploads\/2023\/08\/banner2.jpg\",\"contentUrl\":\"https:\/\/europavarietas.org\/csdp_new\/wp-content\/uploads\/2023\/08\/banner2.jpg\",\"width\":915,\"height\":176},{\"@type\":\"BreadcrumbList\",\"@id\":\"https:\/\/europavarietas.org\/csdp_new\/index.php\/basic-documents\/#breadcrumb\",\"itemListElement\":[{\"@type\":\"ListItem\",\"position\":1,\"name\":\"Home\",\"item\":\"https:\/\/europavarietas.org\/csdp_new\/\"},{\"@type\":\"ListItem\",\"position\":2,\"name\":\"Basic documents\"}]},{\"@type\":\"WebSite\",\"@id\":\"https:\/\/europavarietas.org\/csdp_new\/#website\",\"url\":\"https:\/\/europavarietas.org\/csdp_new\/\",\"name\":\"CERPESC\",\"description\":\"European Soultion for Defence and Crisis Management\",\"publisher\":{\"@id\":\"https:\/\/europavarietas.org\/csdp_new\/#organization\"},\"potentialAction\":[{\"@type\":\"SearchAction\",\"target\":{\"@type\":\"EntryPoint\",\"urlTemplate\":\"https:\/\/europavarietas.org\/csdp_new\/?s={search_term_string}\"},\"query-input\":{\"@type\":\"PropertyValueSpecification\",\"valueRequired\":true,\"valueName\":\"search_term_string\"}}],\"inLanguage\":\"en-GB\"},{\"@type\":\"Organization\",\"@id\":\"https:\/\/europavarietas.org\/csdp_new\/#organization\",\"name\":\"CERPESC\",\"url\":\"https:\/\/europavarietas.org\/csdp_new\/\",\"logo\":{\"@type\":\"ImageObject\",\"inLanguage\":\"en-GB\",\"@id\":\"https:\/\/europavarietas.org\/csdp_new\/#\/schema\/logo\/image\/\",\"url\":\"https:\/\/europavarietas.org\/csdp_new\/wp-content\/uploads\/2023\/08\/cropped-cropped-cerpesc5_0.png\",\"contentUrl\":\"https:\/\/europavarietas.org\/csdp_new\/wp-content\/uploads\/2023\/08\/cropped-cropped-cerpesc5_0.png\",\"width\":530,\"height\":97,\"caption\":\"CERPESC\"},\"image\":{\"@id\":\"https:\/\/europavarietas.org\/csdp_new\/#\/schema\/logo\/image\/\"}}]}<\/script>\n<!-- \/ Yoast SEO plugin. -->","yoast_head_json":{"title":"Basic documents - CERPESC","robots":{"index":"index","follow":"follow","max-snippet":"max-snippet:-1","max-image-preview":"max-image-preview:large","max-video-preview":"max-video-preview:-1"},"canonical":"https:\/\/europavarietas.org\/csdp_new\/index.php\/basic-documents\/","og_locale":"en_GB","og_type":"article","og_title":"Basic documents - CERPESC","og_description":"Strategies\u00a0 ( \u00a9 EEAS) Shared Vision, Common Action: A Stronger Europe &#8211; A Global Strategy for the European Union\u2019s Foreign And Security Policy (EUGS, 28\/06\/2016) EN FR HU &#8211; Implementation Plan on Security and Defence (IPSD, 14\/11\/2016) EN &#8211; European Defence Action Plan: Towards a European Defence Fund (30\/11\/2016) EN FR &#8211; From Shared Vision...","og_url":"https:\/\/europavarietas.org\/csdp_new\/index.php\/basic-documents\/","og_site_name":"CERPESC","article_modified_time":"2023-08-28T13:51:07+00:00","og_image":[{"width":915,"height":176,"url":"https:\/\/europavarietas.org\/csdp_new\/wp-content\/uploads\/2023\/08\/banner2.jpg","type":"image\/jpeg"}],"twitter_card":"summary_large_image","twitter_misc":{"Estimated reading time":"3 minutes"},"schema":{"@context":"https:\/\/schema.org","@graph":[{"@type":"WebPage","@id":"https:\/\/europavarietas.org\/csdp_new\/index.php\/basic-documents\/","url":"https:\/\/europavarietas.org\/csdp_new\/index.php\/basic-documents\/","name":"Basic documents - CERPESC","isPartOf":{"@id":"https:\/\/europavarietas.org\/csdp_new\/#website"},"primaryImageOfPage":{"@id":"https:\/\/europavarietas.org\/csdp_new\/index.php\/basic-documents\/#primaryimage"},"image":{"@id":"https:\/\/europavarietas.org\/csdp_new\/index.php\/basic-documents\/#primaryimage"},"thumbnailUrl":"https:\/\/europavarietas.org\/csdp_new\/wp-content\/uploads\/2023\/08\/banner2.jpg","datePublished":"2015-05-26T10:20:00+00:00","dateModified":"2023-08-28T13:51:07+00:00","breadcrumb":{"@id":"https:\/\/europavarietas.org\/csdp_new\/index.php\/basic-documents\/#breadcrumb"},"inLanguage":"en-GB","potentialAction":[{"@type":"ReadAction","target":["https:\/\/europavarietas.org\/csdp_new\/index.php\/basic-documents\/"]}]},{"@type":"ImageObject","inLanguage":"en-GB","@id":"https:\/\/europavarietas.org\/csdp_new\/index.php\/basic-documents\/#primaryimage","url":"https:\/\/europavarietas.org\/csdp_new\/wp-content\/uploads\/2023\/08\/banner2.jpg","contentUrl":"https:\/\/europavarietas.org\/csdp_new\/wp-content\/uploads\/2023\/08\/banner2.jpg","width":915,"height":176},{"@type":"BreadcrumbList","@id":"https:\/\/europavarietas.org\/csdp_new\/index.php\/basic-documents\/#breadcrumb","itemListElement":[{"@type":"ListItem","position":1,"name":"Home","item":"https:\/\/europavarietas.org\/csdp_new\/"},{"@type":"ListItem","position":2,"name":"Basic documents"}]},{"@type":"WebSite","@id":"https:\/\/europavarietas.org\/csdp_new\/#website","url":"https:\/\/europavarietas.org\/csdp_new\/","name":"CERPESC","description":"European Soultion for Defence and Crisis Management","publisher":{"@id":"https:\/\/europavarietas.org\/csdp_new\/#organization"},"potentialAction":[{"@type":"SearchAction","target":{"@type":"EntryPoint","urlTemplate":"https:\/\/europavarietas.org\/csdp_new\/?s={search_term_string}"},"query-input":{"@type":"PropertyValueSpecification","valueRequired":true,"valueName":"search_term_string"}}],"inLanguage":"en-GB"},{"@type":"Organization","@id":"https:\/\/europavarietas.org\/csdp_new\/#organization","name":"CERPESC","url":"https:\/\/europavarietas.org\/csdp_new\/","logo":{"@type":"ImageObject","inLanguage":"en-GB","@id":"https:\/\/europavarietas.org\/csdp_new\/#\/schema\/logo\/image\/","url":"https:\/\/europavarietas.org\/csdp_new\/wp-content\/uploads\/2023\/08\/cropped-cropped-cerpesc5_0.png","contentUrl":"https:\/\/europavarietas.org\/csdp_new\/wp-content\/uploads\/2023\/08\/cropped-cropped-cerpesc5_0.png","width":530,"height":97,"caption":"CERPESC"},"image":{"@id":"https:\/\/europavarietas.org\/csdp_new\/#\/schema\/logo\/image\/"}}]}},"_links":{"self":[{"href":"https:\/\/europavarietas.org\/csdp_new\/index.php\/wp-json\/wp\/v2\/pages\/827","targetHints":{"allow":["GET"]}}],"collection":[{"href":"https:\/\/europavarietas.org\/csdp_new\/index.php\/wp-json\/wp\/v2\/pages"}],"about":[{"href":"https:\/\/europavarietas.org\/csdp_new\/index.php\/wp-json\/wp\/v2\/types\/page"}],"author":[{"embeddable":true,"href":"https:\/\/europavarietas.org\/csdp_new\/index.php\/wp-json\/wp\/v2\/users\/2"}],"replies":[{"embeddable":true,"href":"https:\/\/europavarietas.org\/csdp_new\/index.php\/wp-json\/wp\/v2\/comments?post=827"}],"version-history":[{"count":8,"href":"https:\/\/europavarietas.org\/csdp_new\/index.php\/wp-json\/wp\/v2\/pages\/827\/revisions"}],"predecessor-version":[{"id":1251,"href":"https:\/\/europavarietas.org\/csdp_new\/index.php\/wp-json\/wp\/v2\/pages\/827\/revisions\/1251"}],"wp:featuredmedia":[{"embeddable":true,"href":"https:\/\/europavarietas.org\/csdp_new\/index.php\/wp-json\/wp\/v2\/media\/838"}],"wp:attachment":[{"href":"https:\/\/europavarietas.org\/csdp_new\/index.php\/wp-json\/wp\/v2\/media?parent=827"}],"wp:term":[{"taxonomy":"category","embeddable":true,"href":"https:\/\/europavarietas.org\/csdp_new\/index.php\/wp-json\/wp\/v2\/categories?post=827"},{"taxonomy":"post_tag","embeddable":true,"href":"https:\/\/europavarietas.org\/csdp_new\/index.php\/wp-json\/wp\/v2\/tags?post=827"}],"curies":[{"name":"wp","href":"https:\/\/api.w.org\/{rel}","templated":true}]}}