{"id":813,"date":"2015-05-26T09:57:00","date_gmt":"2015-05-26T09:57:00","guid":{"rendered":"https:\/\/europavarietas.org\/csdp_new\/?page_id=813"},"modified":"2025-05-08T06:12:15","modified_gmt":"2025-05-08T06:12:15","slug":"csdp-operations","status":"publish","type":"page","link":"https:\/\/europavarietas.org\/csdp_new\/index.php\/csdp-operations\/","title":{"rendered":"Missions &#038; Operations"},"content":{"rendered":"\t\t<div data-elementor-type=\"wp-page\" data-elementor-id=\"813\" class=\"elementor elementor-813\">\n\t\t\t\t\t\t<section class=\"elementor-section elementor-top-section elementor-element elementor-element-b6870d9 elementor-section-boxed elementor-section-height-default elementor-section-height-default\" data-id=\"b6870d9\" data-element_type=\"section\">\n\t\t\t\t\t\t<div class=\"elementor-container elementor-column-gap-default\">\n\t\t\t\t\t<div class=\"elementor-column elementor-col-100 elementor-top-column elementor-element elementor-element-d897481\" data-id=\"d897481\" data-element_type=\"column\">\n\t\t\t<div class=\"elementor-widget-wrap elementor-element-populated\">\n\t\t\t\t\t\t<div class=\"elementor-element elementor-element-e121be6 elementor-widget elementor-widget-text-editor\" data-id=\"e121be6\" data-element_type=\"widget\" data-widget_type=\"text-editor.default\">\n\t\t\t\t<div class=\"elementor-widget-container\">\n\t\t\t\t\t\t\t\t\t<p><strong>Missions and operations of the European Union<\/strong><\/p><p><em>Missions and operations of the CSDP (en) \/ PSDC (fr) \/ GSVP (de) and former ESDP (en) \/ PESD (fr) \/ ESVP (de). There are 3 types : military, civil or civil-military. With regard to the major categories, the EU carries out (rather military) operations , the &#8220;&#8230; FOR&#8221;, and (rather civilian) missions. The missions include: police missions (&#8230;POL), rule of law missions (&#8230;LEX and &#8230;JUST), training missions (&#8230;TM), border assistance missions (&#8230;BAM), military advisory missions (&#8230;MAM), monitoring missions (&#8230;MM) and capacity building missions (&#8230; CAP).<\/em><\/p><center><strong>CSDP OPERATIONS \/ MISSIONS ( ESDP 2003-2009 ; CSDP 2009- )<\/strong><br \/><em>click on the region to see more details about missions &amp; operations<\/em><\/center><p><strong><a href=\"http:\/\/europavarietas.org\/csdp\/balkans_occidentaux\">Western Balkans<\/a><\/strong><\/p><ul><li>EUPM (BiH) 01\/01\/2003 &#8211; 30\/06\/2012<\/li><li>CONCORDIA (FYROM) 31\/03\/2003 &#8211; 15\/12\/2003<\/li><li>PROXIMA (FYROM) 15\/12\/2003 &#8211; 14\/12\/2005<\/li><li>EUPAT (FYROM) 15\/12\/2005 &#8211; 06\/2006<\/li><li><strong>EUFOR ALTHEA (BiH) 02\/12\/2004 &#8211;<\/strong><\/li><li><strong>EULEX Kosovo 18\/02\/2008 &#8211;<\/strong><\/li><\/ul><p><strong><a href=\"http:\/\/europavarietas.org\/csdp\/cei\">CIS (Commonwealth of Independent States)<\/a><\/strong><\/p><ul><li>EUJUST THEMIS (Georgia) 16\/07\/2004 &#8211; 14\/07\/2005<\/li><li><strong>EU BAM \/Border Assistance Mission\/ (Moldavia, Ukraine) 01\/12\/2005 &#8211;<\/strong><\/li><li><strong>EUPM Moldova (European Union Partnership Mission in the Republic of Moldova) 24\/04\/2023 &#8211;\u00a0<\/strong><\/li><li><strong>EUMM Georgia 15\/09\/2008 &#8211; <\/strong><\/li><li><strong>EUAM Ukraine (EU Advisory Mission for Civilian Security Sector Reform Ukraine) 22\/07\/2014 &#8211;<\/strong><\/li><li><strong>EUMAM UA (European Union Military Assistance Mission Ukraine)<\/strong> 17\/10\/2022 &#8211;<\/li><li>EUMCAP Armenia (European Union Monitoring Capacity to Armenia) 06\/10\/2022 &#8211; 19\/12\/2022<\/li><li>\u00a0&gt;&gt; EUPAT Armenia (European Union Planning Assistance Team in Armenia) 20\/12\/2022 &#8211; 23\/01\/2023<\/li><li><strong>&gt;&gt; EUMA (European Union Mission in Armenia) 23\/01\/2023-<\/strong><\/li><\/ul><p><strong><a href=\"http:\/\/europavarietas.org\/csdp\/afrique\">Africa<\/a><\/strong><\/p><ul><li>(EUFOR) ARTEMIS (DRC) 12\/06\/2003 &#8211; 01\/09\/2003<\/li><li>EUPOL-Kinshasa (DRC) 30\/04\/2005 &#8211; 01\/07\/2007<\/li><li>&gt;&gt; EUPOL RD Congo 01\/07\/2007 &#8211; ?31\/12\/2014<\/li><li>EUSEC (Security sector reform mission) DR Congo 08\/06\/2005 &#8211; 30\/06\/2016<\/li><li>Soutien de l&#8217;UE \u00e1 l&#8217;AMIS II. (Sudan\/Darfur) 18\/07\/2005 &#8211; 31\/12\/2007<\/li><li>EUFOR RD Congo (DRC) 23\/06\/2006 &#8211; 30\/11\/2006<\/li><li>EUFOR Tchad\/CAR (15\/10\/2007) 15\/03\/2008 &#8211; 15\/03\/2009<\/li><li>EUSSR Guinea-Bissau 16\/06\/2008 &#8211; 30\/09\/2010<\/li><li><strong>EUNAVFOR Somalia &#8211;<\/strong> <strong>Operation ATALANTA <\/strong>(Somalia) 08\/12\/2008 &#8211;<\/li><li><strong>EUTM SOMALIE 05\/2010- (Le Quartier g\u00e9n\u00e9ral sera situ\u00e9 en Ouganda, une unit\u00e9 de liaison \u00e0 Nairobi, et une cellule de soutien \u00e0 Bruxelles) <\/strong><\/li><li><em> EUFOR Libye &#8211; mission non r\u00e9alis\u00e9e (OpPlan : 13\/05\/2011, le lancement de la mission a \u00e9t\u00e9 bloqu\u00e9 par l&#8217;OCHA )<\/em><\/li><li>EUAVSEC-South Sudan (EU Aviation Security Mission) 18\/06\/2012-17\/01\/2014<\/li><li>EUCAP NESTOR (EU Capacity Building Mission, Corne de l&#8217;Afrique, Somalie) 16\/07\/2012- 28\/02\/2017<\/li><li>&gt;&gt;&gt; <strong>EUCAP Somalia 01\/03\/2017- <\/strong><\/li><li><strong>EUCAP Sahel Niger (EU Capacity Building Mission) 16\/07\/2012-<\/strong><\/li><li><strong>EUMPM Niger (European Union Military Partnership Mission in Niger) 20\/02\/2023 &#8211;<\/strong><\/li><li><strong>EUTM Mali (EU Training Mission) 18\/02\/2013-<\/strong><\/li><li><strong>EUBAM Libya (EU Border Assistance Mission) 22\/05\/2013-<\/strong><\/li><li><strong>EUCAP Sahel Mali (EU Capacity Building Mission) 15\/04\/2014-<\/strong><\/li><li>EUFOR RCA 01\/04\/2014 &#8211; 15\/03\/2015<\/li><li>&gt;&gt;&gt; EUMAM RCA (Military Advisory Mission) 16\/03\/2015 &#8211; 15\/07\/2016<\/li><li>&gt;&gt;&gt; <strong>EUTM RCA 16\/07\/2016 &#8211; <\/strong><\/li><li><strong>EUAM RCA 09\/08\/2020 &#8211; <\/strong><\/li><li>EUNAVFOR MED (Sophia) 22\/06\/2015 &#8211; 31\/03\/2020<\/li><li>&gt;&gt;&gt; <strong>EUNAVFOR MED Irini 2020\/03\/31 &#8211; <\/strong><\/li><li><strong>EUNAVFOR ASPIDES (Red Sea) 19\/02\/2024 (?) &#8211;<\/strong><\/li><\/ul><p><strong><a href=\"http:\/\/europavarietas.org\/csdp\/asie\">Middle East &amp; Asia<\/a><\/strong><\/p><ul><li>EUPOL Afghanistan 30\/05\/2007 &#8211; 31\/12\/2016<\/li><li><strong>EUPOL COPPS (Palestine) 01\/01\/2006 &#8211; <\/strong><\/li><li><strong>EU BAM Rafah (Palestine) 30\/11\/2005 &#8211; <\/strong><\/li><li>EUJUST LEX (Iraq) 01\/07\/2005 &#8211; 31\/12\/2013<\/li><li><strong>EUAM Iraq\u00a0 22\/11\/2017 &#8211;<\/strong><\/li><li>AMM \/Aceh Monitoring Mission\/ (Indon\u00e9sie) 15\/09\/2005 &#8211; 15\/12\/2006<\/li><\/ul><p>CONCORDIA &#8211; military operation ; EUPM &#8211; police mission ; EUJUST LEX (Iraq) &#8211; rule of law mission<\/p><p><strong>ABOUT CSDP OPERATIONS &amp; MISSIONS<\/strong><br \/><a href=\"https:\/\/eeas.europa.eu\/headquarters\/headquarters-homepage\/area\/security-and-defence_en\" target=\"_blank\" rel=\"noopener\">PSDC sur le site de SEAE<\/a><br \/><a href=\"http:\/\/europavarietas.org\/csdp\/files\/pesdcouts.jpg\" target=\"_blank\" rel=\"noopener\"> Les co\u00fbts des op\u00e9rations de la PSDC (PESD)<\/a><br \/><a href=\"http:\/\/www.youtube.com\/EUSecurityandDefence\">Youtube &#8211; EU Security and Defense<\/a><\/p><p>&#8211;<br \/>Last update : February, 20 2024<br \/><a href=\"http:\/\/www.europavarietas.org\/csdp\/fr\/operations_europeennes\">french version<\/a><\/p>\t\t\t\t\t\t\t\t<\/div>\n\t\t\t\t<\/div>\n\t\t\t\t\t<\/div>\n\t\t<\/div>\n\t\t\t\t\t<\/div>\n\t\t<\/section>\n\t\t\t\t<\/div>\n\t\t","protected":false},"excerpt":{"rendered":"<p>Missions and operations of the European Union Missions and operations of the CSDP (en) \/ PSDC (fr) \/ GSVP (de) and former ESDP (en) \/ PESD (fr) \/ ESVP (de). There are 3 types : military, civil or civil-military. With regard to the major categories, the EU carries out (rather military) operations , the &#8220;&#8230;&#8230;<\/p>\n","protected":false},"author":2,"featured_media":0,"parent":0,"menu_order":0,"comment_status":"closed","ping_status":"closed","template":"","meta":{"footnotes":""},"categories":[3],"tags":[],"class_list":["post-813","page","type-page","status-publish","hentry","category-cerpesc"],"yoast_head":"<!-- This site is optimized with the Yoast SEO plugin v26.5 - https:\/\/yoast.com\/wordpress\/plugins\/seo\/ -->\n<title>Missions &amp; Operations - CERPESC<\/title>\n<meta name=\"robots\" content=\"index, follow, max-snippet:-1, max-image-preview:large, max-video-preview:-1\" \/>\n<link rel=\"canonical\" href=\"https:\/\/europavarietas.org\/csdp_new\/index.php\/csdp-operations\/\" \/>\n<meta property=\"og:locale\" content=\"en_GB\" \/>\n<meta property=\"og:type\" content=\"article\" \/>\n<meta property=\"og:title\" content=\"Missions &amp; Operations - CERPESC\" \/>\n<meta property=\"og:description\" content=\"Missions and operations of the European Union Missions and operations of the CSDP (en) \/ PSDC (fr) \/ GSVP (de) and former ESDP (en) \/ PESD (fr) \/ ESVP (de). There are 3 types : military, civil or civil-military. With regard to the major categories, the EU carries out (rather military) operations , the &#8220;&#8230;...\" \/>\n<meta property=\"og:url\" content=\"https:\/\/europavarietas.org\/csdp_new\/index.php\/csdp-operations\/\" \/>\n<meta property=\"og:site_name\" content=\"CERPESC\" \/>\n<meta property=\"article:modified_time\" content=\"2025-05-08T06:12:15+00:00\" \/>\n<meta name=\"twitter:card\" content=\"summary_large_image\" \/>\n<meta name=\"twitter:label1\" content=\"Estimated reading time\" \/>\n\t<meta name=\"twitter:data1\" content=\"3 minutes\" \/>\n<script type=\"application\/ld+json\" class=\"yoast-schema-graph\">{\"@context\":\"https:\/\/schema.org\",\"@graph\":[{\"@type\":\"WebPage\",\"@id\":\"https:\/\/europavarietas.org\/csdp_new\/index.php\/csdp-operations\/\",\"url\":\"https:\/\/europavarietas.org\/csdp_new\/index.php\/csdp-operations\/\",\"name\":\"Missions & Operations - CERPESC\",\"isPartOf\":{\"@id\":\"https:\/\/europavarietas.org\/csdp_new\/#website\"},\"datePublished\":\"2015-05-26T09:57:00+00:00\",\"dateModified\":\"2025-05-08T06:12:15+00:00\",\"breadcrumb\":{\"@id\":\"https:\/\/europavarietas.org\/csdp_new\/index.php\/csdp-operations\/#breadcrumb\"},\"inLanguage\":\"en-GB\",\"potentialAction\":[{\"@type\":\"ReadAction\",\"target\":[\"https:\/\/europavarietas.org\/csdp_new\/index.php\/csdp-operations\/\"]}]},{\"@type\":\"BreadcrumbList\",\"@id\":\"https:\/\/europavarietas.org\/csdp_new\/index.php\/csdp-operations\/#breadcrumb\",\"itemListElement\":[{\"@type\":\"ListItem\",\"position\":1,\"name\":\"Home\",\"item\":\"https:\/\/europavarietas.org\/csdp_new\/\"},{\"@type\":\"ListItem\",\"position\":2,\"name\":\"Missions &#038; Operations\"}]},{\"@type\":\"WebSite\",\"@id\":\"https:\/\/europavarietas.org\/csdp_new\/#website\",\"url\":\"https:\/\/europavarietas.org\/csdp_new\/\",\"name\":\"CERPESC\",\"description\":\"European Soultion for Defence and Crisis Management\",\"publisher\":{\"@id\":\"https:\/\/europavarietas.org\/csdp_new\/#organization\"},\"potentialAction\":[{\"@type\":\"SearchAction\",\"target\":{\"@type\":\"EntryPoint\",\"urlTemplate\":\"https:\/\/europavarietas.org\/csdp_new\/?s={search_term_string}\"},\"query-input\":{\"@type\":\"PropertyValueSpecification\",\"valueRequired\":true,\"valueName\":\"search_term_string\"}}],\"inLanguage\":\"en-GB\"},{\"@type\":\"Organization\",\"@id\":\"https:\/\/europavarietas.org\/csdp_new\/#organization\",\"name\":\"CERPESC\",\"url\":\"https:\/\/europavarietas.org\/csdp_new\/\",\"logo\":{\"@type\":\"ImageObject\",\"inLanguage\":\"en-GB\",\"@id\":\"https:\/\/europavarietas.org\/csdp_new\/#\/schema\/logo\/image\/\",\"url\":\"https:\/\/europavarietas.org\/csdp_new\/wp-content\/uploads\/2023\/08\/cropped-cropped-cerpesc5_0.png\",\"contentUrl\":\"https:\/\/europavarietas.org\/csdp_new\/wp-content\/uploads\/2023\/08\/cropped-cropped-cerpesc5_0.png\",\"width\":530,\"height\":97,\"caption\":\"CERPESC\"},\"image\":{\"@id\":\"https:\/\/europavarietas.org\/csdp_new\/#\/schema\/logo\/image\/\"}}]}<\/script>\n<!-- \/ Yoast SEO plugin. -->","yoast_head_json":{"title":"Missions & Operations - CERPESC","robots":{"index":"index","follow":"follow","max-snippet":"max-snippet:-1","max-image-preview":"max-image-preview:large","max-video-preview":"max-video-preview:-1"},"canonical":"https:\/\/europavarietas.org\/csdp_new\/index.php\/csdp-operations\/","og_locale":"en_GB","og_type":"article","og_title":"Missions & Operations - CERPESC","og_description":"Missions and operations of the European Union Missions and operations of the CSDP (en) \/ PSDC (fr) \/ GSVP (de) and former ESDP (en) \/ PESD (fr) \/ ESVP (de). There are 3 types : military, civil or civil-military. With regard to the major categories, the EU carries out (rather military) operations , the &#8220;&#8230;...","og_url":"https:\/\/europavarietas.org\/csdp_new\/index.php\/csdp-operations\/","og_site_name":"CERPESC","article_modified_time":"2025-05-08T06:12:15+00:00","twitter_card":"summary_large_image","twitter_misc":{"Estimated reading time":"3 minutes"},"schema":{"@context":"https:\/\/schema.org","@graph":[{"@type":"WebPage","@id":"https:\/\/europavarietas.org\/csdp_new\/index.php\/csdp-operations\/","url":"https:\/\/europavarietas.org\/csdp_new\/index.php\/csdp-operations\/","name":"Missions & Operations - CERPESC","isPartOf":{"@id":"https:\/\/europavarietas.org\/csdp_new\/#website"},"datePublished":"2015-05-26T09:57:00+00:00","dateModified":"2025-05-08T06:12:15+00:00","breadcrumb":{"@id":"https:\/\/europavarietas.org\/csdp_new\/index.php\/csdp-operations\/#breadcrumb"},"inLanguage":"en-GB","potentialAction":[{"@type":"ReadAction","target":["https:\/\/europavarietas.org\/csdp_new\/index.php\/csdp-operations\/"]}]},{"@type":"BreadcrumbList","@id":"https:\/\/europavarietas.org\/csdp_new\/index.php\/csdp-operations\/#breadcrumb","itemListElement":[{"@type":"ListItem","position":1,"name":"Home","item":"https:\/\/europavarietas.org\/csdp_new\/"},{"@type":"ListItem","position":2,"name":"Missions &#038; Operations"}]},{"@type":"WebSite","@id":"https:\/\/europavarietas.org\/csdp_new\/#website","url":"https:\/\/europavarietas.org\/csdp_new\/","name":"CERPESC","description":"European Soultion for Defence and Crisis Management","publisher":{"@id":"https:\/\/europavarietas.org\/csdp_new\/#organization"},"potentialAction":[{"@type":"SearchAction","target":{"@type":"EntryPoint","urlTemplate":"https:\/\/europavarietas.org\/csdp_new\/?s={search_term_string}"},"query-input":{"@type":"PropertyValueSpecification","valueRequired":true,"valueName":"search_term_string"}}],"inLanguage":"en-GB"},{"@type":"Organization","@id":"https:\/\/europavarietas.org\/csdp_new\/#organization","name":"CERPESC","url":"https:\/\/europavarietas.org\/csdp_new\/","logo":{"@type":"ImageObject","inLanguage":"en-GB","@id":"https:\/\/europavarietas.org\/csdp_new\/#\/schema\/logo\/image\/","url":"https:\/\/europavarietas.org\/csdp_new\/wp-content\/uploads\/2023\/08\/cropped-cropped-cerpesc5_0.png","contentUrl":"https:\/\/europavarietas.org\/csdp_new\/wp-content\/uploads\/2023\/08\/cropped-cropped-cerpesc5_0.png","width":530,"height":97,"caption":"CERPESC"},"image":{"@id":"https:\/\/europavarietas.org\/csdp_new\/#\/schema\/logo\/image\/"}}]}},"_links":{"self":[{"href":"https:\/\/europavarietas.org\/csdp_new\/index.php\/wp-json\/wp\/v2\/pages\/813","targetHints":{"allow":["GET"]}}],"collection":[{"href":"https:\/\/europavarietas.org\/csdp_new\/index.php\/wp-json\/wp\/v2\/pages"}],"about":[{"href":"https:\/\/europavarietas.org\/csdp_new\/index.php\/wp-json\/wp\/v2\/types\/page"}],"author":[{"embeddable":true,"href":"https:\/\/europavarietas.org\/csdp_new\/index.php\/wp-json\/wp\/v2\/users\/2"}],"replies":[{"embeddable":true,"href":"https:\/\/europavarietas.org\/csdp_new\/index.php\/wp-json\/wp\/v2\/comments?post=813"}],"version-history":[{"count":30,"href":"https:\/\/europavarietas.org\/csdp_new\/index.php\/wp-json\/wp\/v2\/pages\/813\/revisions"}],"predecessor-version":[{"id":2367,"href":"https:\/\/europavarietas.org\/csdp_new\/index.php\/wp-json\/wp\/v2\/pages\/813\/revisions\/2367"}],"wp:attachment":[{"href":"https:\/\/europavarietas.org\/csdp_new\/index.php\/wp-json\/wp\/v2\/media?parent=813"}],"wp:term":[{"taxonomy":"category","embeddable":true,"href":"https:\/\/europavarietas.org\/csdp_new\/index.php\/wp-json\/wp\/v2\/categories?post=813"},{"taxonomy":"post_tag","embeddable":true,"href":"https:\/\/europavarietas.org\/csdp_new\/index.php\/wp-json\/wp\/v2\/tags?post=813"}],"curies":[{"name":"wp","href":"https:\/\/api.w.org\/{rel}","templated":true}]}}