{"id":367,"date":"2023-08-23T08:57:42","date_gmt":"2023-08-23T08:57:42","guid":{"rendered":"https:\/\/europavarietas.org\/csdp_new\/?page_id=367"},"modified":"2023-08-23T08:59:55","modified_gmt":"2023-08-23T08:59:55","slug":"asia-middle-east","status":"publish","type":"page","link":"https:\/\/europavarietas.org\/csdp_new\/index.php\/asia-middle-east\/","title":{"rendered":"Asia &#038; Middle East"},"content":{"rendered":"\t\t<div data-elementor-type=\"wp-page\" data-elementor-id=\"367\" class=\"elementor elementor-367\">\n\t\t\t\t\t\t<section class=\"elementor-section elementor-top-section elementor-element elementor-element-678e5eb elementor-section-boxed elementor-section-height-default elementor-section-height-default\" data-id=\"678e5eb\" data-element_type=\"section\">\n\t\t\t\t\t\t<div class=\"elementor-container elementor-column-gap-default\">\n\t\t\t\t\t<div class=\"elementor-column elementor-col-100 elementor-top-column elementor-element elementor-element-3ce93b1\" data-id=\"3ce93b1\" data-element_type=\"column\">\n\t\t\t<div class=\"elementor-widget-wrap elementor-element-populated\">\n\t\t\t\t\t\t<div class=\"elementor-element elementor-element-0dd0874 elementor-widget elementor-widget-text-editor\" data-id=\"0dd0874\" data-element_type=\"widget\" data-widget_type=\"text-editor.default\">\n\t\t\t\t<div class=\"elementor-widget-container\">\n\t\t\t\t\t\t\t\t\t<center><img fetchpriority=\"high\" decoding=\"async\" src=\"http:\/\/europavarietas.org\/csdp\/sites\/default\/files\/cerpesc13AS022011.jpg\" width=\"196\" height=\"270\" \/><img decoding=\"async\" src=\"\/sites\/default\/files\/cerpesc11AS012009.jpg\" width=\"196\" height=\"270\" \/><\/center>\t\t\t\t\t\t\t\t<\/div>\n\t\t\t\t<\/div>\n\t\t\t\t\t<\/div>\n\t\t<\/div>\n\t\t\t\t\t<\/div>\n\t\t<\/section>\n\t\t\t\t<section class=\"elementor-section elementor-top-section elementor-element elementor-element-1dd1a49 elementor-section-boxed elementor-section-height-default elementor-section-height-default\" data-id=\"1dd1a49\" data-element_type=\"section\">\n\t\t\t\t\t\t<div class=\"elementor-container elementor-column-gap-default\">\n\t\t\t\t\t<div class=\"elementor-column elementor-col-100 elementor-top-column elementor-element elementor-element-3835b85\" data-id=\"3835b85\" data-element_type=\"column\">\n\t\t\t<div class=\"elementor-widget-wrap elementor-element-populated\">\n\t\t\t\t\t\t<div class=\"elementor-element elementor-element-af0b5a7 elementor-widget elementor-widget-text-editor\" data-id=\"af0b5a7\" data-element_type=\"widget\" data-widget_type=\"text-editor.default\">\n\t\t\t\t<div class=\"elementor-widget-container\">\n\t\t\t\t\t\t\t\t\t<h1 id=\"page-title\" class=\"title\">Analyses sur l&#8217;Asie et sur le Moyen-Orient<\/h1><p>\u00a0<\/p><p><strong>The CSDP in Practice : EUMM Georgia<\/strong><br \/><em>D\u00e1niel J\u00e1di\u00a0<\/em><br \/>CERPESC 13\/AS\/02\/2011 &#8211; 17 May 2011<\/p><p style=\"text-align: justify;\">The first, mostly individual step of the EU on the field of international crisis-management is clearly a landmark on the road to an efficient and approved CSDP. In my paper I tried to assess the activities of the European Union in relation to the Georgian-Russian conflict in 2008. The main focus is on the security policy instruments: the EU Monitoring Mission Georgia, the EU Special Representative for the crisis in Georgia, the Independent International Fact-finding Mission on the Conflict in Georgia and last but not least the international talks in Geneva. After analysing them one can say that they are still not adequate response to the emerging challenges the EU, and the world is facing recently, but we can still consider them as a ray of hope: the bloodshed ended, the parties engaged in negotiations, IPRMs were launched, a certain level of consolidation has started. However the talks in Geneva are stuck. Although the EU was proud to present a security strategy in 2003, its significance is not proven by the time passed. A list of achievements is not suitable to be a guideline for dealing with present and future challenges.&#8221;<\/p><p><a href=\"http:\/\/europavarietas.org\/cerpescanalyses\" target=\"_blank\" rel=\"noopener\"><img decoding=\"async\" src=\"http:\/\/europavarietas.org\/csdp\/sites\/default\/files\/letoltesen.jpg\" \/><\/a><\/p><p>\u00a0<\/p><p><strong>EUBAM Rafah &amp; EUPOL COPPS &#8211; Les missions de l&#8217;Union europ\u00e9enne dans les territoires palestiniens<\/strong><br \/>par <em>Maria Gianniou<\/em><br \/>CERPESC 11\/AS\/01\/2009 &#8211; 01 d\u00e9cembre 2009<\/p><p style=\"text-align: justify;\">En 2003, la Strat\u00e9gie Europ\u00e9enne de S\u00e9curit\u00e9 a identifi\u00e9 la pr\u00e9vention des menaces internationales, telles que le terrorisme, la prolif\u00e9ration des armes de d\u00e9struction massive, la d\u00e9liquescence des Etats, la criminalit\u00e9 organis\u00e9e et bien \u00e9videmment les conflits r\u00e9gionaux, comme l\u2019une des trois priorit\u00e9s principales de l\u2019action ext\u00e9rieure de l\u2019Union europ\u00e9enne \u2013 les deux autres \u00e9tant la r\u00e9action rapide aux challenges pos\u00e9s par l\u2019environnement international et l\u2019assistance continue et coh\u00e9rente aux r\u00e9gions du monde faisant face \u00e0 des crises majeures, ayant comme but pr\u00e9cis de mettre en place un syst\u00e8me multilat\u00e9rale efficace. L\u2019Union europ\u00e9enne a envoy\u00e9, en 2005, une mission de police dans les territoires palestiniens (EUPOL COPPS) et une mission d\u2019observation frontali\u00e8re au point de passage de Rafah (EUBAM Rafah). Qu\u2019est-ce que cette pr\u00e9sence europ\u00e9enne signifie pour l\u2019UE elle-m\u00eame et pour les parties en conflit ? Quelle est l\u2019\u00e9tat actuel des missions ? Quelles sont les perspectives de l\u2019action europ\u00e9enne dans la r\u00e9gion ?<\/p><p><a href=\"http:\/\/europavarietas.org\/cerpescanalyses\" target=\"_blank\" rel=\"noopener\"><img decoding=\"async\" src=\"http:\/\/europavarietas.org\/csdp\/sites\/default\/files\/letoltesfr.jpg\" \/><\/a><\/p><p>\u00a0<\/p>\t\t\t\t\t\t\t\t<\/div>\n\t\t\t\t<\/div>\n\t\t\t\t\t<\/div>\n\t\t<\/div>\n\t\t\t\t\t<\/div>\n\t\t<\/section>\n\t\t\t\t<\/div>\n\t\t","protected":false},"excerpt":{"rendered":"<p>Analyses sur l&#8217;Asie et sur le Moyen-Orient The CSDP in Practice : EUMM Georgia D\u00e1niel J\u00e1di\u00a0 CERPESC 13\/AS\/02\/2011 &#8211; 17 May 2011 The first, mostly individual step of the EU on the field of international crisis-management is clearly a landmark on the road to an efficient and approved CSDP. In my paper I tried to&#8230;<\/p>\n","protected":false},"author":1,"featured_media":0,"parent":0,"menu_order":0,"comment_status":"closed","ping_status":"closed","template":"","meta":{"footnotes":""},"categories":[3],"tags":[],"class_list":["post-367","page","type-page","status-publish","hentry","category-cerpesc"],"yoast_head":"<!-- This site is optimized with the Yoast SEO plugin v26.5 - https:\/\/yoast.com\/wordpress\/plugins\/seo\/ -->\n<title>Asia &amp; Middle East - CERPESC<\/title>\n<meta name=\"robots\" content=\"index, follow, max-snippet:-1, max-image-preview:large, max-video-preview:-1\" \/>\n<link rel=\"canonical\" href=\"https:\/\/europavarietas.org\/csdp_new\/index.php\/asia-middle-east\/\" \/>\n<meta property=\"og:locale\" content=\"en_GB\" \/>\n<meta property=\"og:type\" content=\"article\" \/>\n<meta property=\"og:title\" content=\"Asia &amp; Middle East - CERPESC\" \/>\n<meta property=\"og:description\" content=\"Analyses sur l&#8217;Asie et sur le Moyen-Orient The CSDP in Practice : EUMM Georgia D\u00e1niel J\u00e1di\u00a0 CERPESC 13\/AS\/02\/2011 &#8211; 17 May 2011 The first, mostly individual step of the EU on the field of international crisis-management is clearly a landmark on the road to an efficient and approved CSDP. In my paper I tried to...\" \/>\n<meta property=\"og:url\" content=\"https:\/\/europavarietas.org\/csdp_new\/index.php\/asia-middle-east\/\" \/>\n<meta property=\"og:site_name\" content=\"CERPESC\" \/>\n<meta property=\"article:modified_time\" content=\"2023-08-23T08:59:55+00:00\" \/>\n<meta property=\"og:image\" content=\"http:\/\/europavarietas.org\/csdp\/sites\/default\/files\/cerpesc13AS022011.jpg\" \/>\n<meta name=\"twitter:card\" content=\"summary_large_image\" \/>\n<script type=\"application\/ld+json\" class=\"yoast-schema-graph\">{\"@context\":\"https:\/\/schema.org\",\"@graph\":[{\"@type\":\"WebPage\",\"@id\":\"https:\/\/europavarietas.org\/csdp_new\/index.php\/asia-middle-east\/\",\"url\":\"https:\/\/europavarietas.org\/csdp_new\/index.php\/asia-middle-east\/\",\"name\":\"Asia & Middle East - CERPESC\",\"isPartOf\":{\"@id\":\"https:\/\/europavarietas.org\/csdp_new\/#website\"},\"primaryImageOfPage\":{\"@id\":\"https:\/\/europavarietas.org\/csdp_new\/index.php\/asia-middle-east\/#primaryimage\"},\"image\":{\"@id\":\"https:\/\/europavarietas.org\/csdp_new\/index.php\/asia-middle-east\/#primaryimage\"},\"thumbnailUrl\":\"http:\/\/europavarietas.org\/csdp\/sites\/default\/files\/cerpesc13AS022011.jpg\",\"datePublished\":\"2023-08-23T08:57:42+00:00\",\"dateModified\":\"2023-08-23T08:59:55+00:00\",\"breadcrumb\":{\"@id\":\"https:\/\/europavarietas.org\/csdp_new\/index.php\/asia-middle-east\/#breadcrumb\"},\"inLanguage\":\"en-GB\",\"potentialAction\":[{\"@type\":\"ReadAction\",\"target\":[\"https:\/\/europavarietas.org\/csdp_new\/index.php\/asia-middle-east\/\"]}]},{\"@type\":\"ImageObject\",\"inLanguage\":\"en-GB\",\"@id\":\"https:\/\/europavarietas.org\/csdp_new\/index.php\/asia-middle-east\/#primaryimage\",\"url\":\"http:\/\/europavarietas.org\/csdp\/sites\/default\/files\/cerpesc13AS022011.jpg\",\"contentUrl\":\"http:\/\/europavarietas.org\/csdp\/sites\/default\/files\/cerpesc13AS022011.jpg\"},{\"@type\":\"BreadcrumbList\",\"@id\":\"https:\/\/europavarietas.org\/csdp_new\/index.php\/asia-middle-east\/#breadcrumb\",\"itemListElement\":[{\"@type\":\"ListItem\",\"position\":1,\"name\":\"Home\",\"item\":\"https:\/\/europavarietas.org\/csdp_new\/\"},{\"@type\":\"ListItem\",\"position\":2,\"name\":\"Asia &#038; Middle East\"}]},{\"@type\":\"WebSite\",\"@id\":\"https:\/\/europavarietas.org\/csdp_new\/#website\",\"url\":\"https:\/\/europavarietas.org\/csdp_new\/\",\"name\":\"CERPESC\",\"description\":\"European Soultion for Defence and Crisis Management\",\"publisher\":{\"@id\":\"https:\/\/europavarietas.org\/csdp_new\/#organization\"},\"potentialAction\":[{\"@type\":\"SearchAction\",\"target\":{\"@type\":\"EntryPoint\",\"urlTemplate\":\"https:\/\/europavarietas.org\/csdp_new\/?s={search_term_string}\"},\"query-input\":{\"@type\":\"PropertyValueSpecification\",\"valueRequired\":true,\"valueName\":\"search_term_string\"}}],\"inLanguage\":\"en-GB\"},{\"@type\":\"Organization\",\"@id\":\"https:\/\/europavarietas.org\/csdp_new\/#organization\",\"name\":\"CERPESC\",\"url\":\"https:\/\/europavarietas.org\/csdp_new\/\",\"logo\":{\"@type\":\"ImageObject\",\"inLanguage\":\"en-GB\",\"@id\":\"https:\/\/europavarietas.org\/csdp_new\/#\/schema\/logo\/image\/\",\"url\":\"https:\/\/europavarietas.org\/csdp_new\/wp-content\/uploads\/2023\/08\/cropped-cropped-cerpesc5_0.png\",\"contentUrl\":\"https:\/\/europavarietas.org\/csdp_new\/wp-content\/uploads\/2023\/08\/cropped-cropped-cerpesc5_0.png\",\"width\":530,\"height\":97,\"caption\":\"CERPESC\"},\"image\":{\"@id\":\"https:\/\/europavarietas.org\/csdp_new\/#\/schema\/logo\/image\/\"}}]}<\/script>\n<!-- \/ Yoast SEO plugin. -->","yoast_head_json":{"title":"Asia & Middle East - CERPESC","robots":{"index":"index","follow":"follow","max-snippet":"max-snippet:-1","max-image-preview":"max-image-preview:large","max-video-preview":"max-video-preview:-1"},"canonical":"https:\/\/europavarietas.org\/csdp_new\/index.php\/asia-middle-east\/","og_locale":"en_GB","og_type":"article","og_title":"Asia & Middle East - CERPESC","og_description":"Analyses sur l&#8217;Asie et sur le Moyen-Orient The CSDP in Practice : EUMM Georgia D\u00e1niel J\u00e1di\u00a0 CERPESC 13\/AS\/02\/2011 &#8211; 17 May 2011 The first, mostly individual step of the EU on the field of international crisis-management is clearly a landmark on the road to an efficient and approved CSDP. In my paper I tried to...","og_url":"https:\/\/europavarietas.org\/csdp_new\/index.php\/asia-middle-east\/","og_site_name":"CERPESC","article_modified_time":"2023-08-23T08:59:55+00:00","og_image":[{"url":"http:\/\/europavarietas.org\/csdp\/sites\/default\/files\/cerpesc13AS022011.jpg","type":"","width":"","height":""}],"twitter_card":"summary_large_image","schema":{"@context":"https:\/\/schema.org","@graph":[{"@type":"WebPage","@id":"https:\/\/europavarietas.org\/csdp_new\/index.php\/asia-middle-east\/","url":"https:\/\/europavarietas.org\/csdp_new\/index.php\/asia-middle-east\/","name":"Asia & Middle East - CERPESC","isPartOf":{"@id":"https:\/\/europavarietas.org\/csdp_new\/#website"},"primaryImageOfPage":{"@id":"https:\/\/europavarietas.org\/csdp_new\/index.php\/asia-middle-east\/#primaryimage"},"image":{"@id":"https:\/\/europavarietas.org\/csdp_new\/index.php\/asia-middle-east\/#primaryimage"},"thumbnailUrl":"http:\/\/europavarietas.org\/csdp\/sites\/default\/files\/cerpesc13AS022011.jpg","datePublished":"2023-08-23T08:57:42+00:00","dateModified":"2023-08-23T08:59:55+00:00","breadcrumb":{"@id":"https:\/\/europavarietas.org\/csdp_new\/index.php\/asia-middle-east\/#breadcrumb"},"inLanguage":"en-GB","potentialAction":[{"@type":"ReadAction","target":["https:\/\/europavarietas.org\/csdp_new\/index.php\/asia-middle-east\/"]}]},{"@type":"ImageObject","inLanguage":"en-GB","@id":"https:\/\/europavarietas.org\/csdp_new\/index.php\/asia-middle-east\/#primaryimage","url":"http:\/\/europavarietas.org\/csdp\/sites\/default\/files\/cerpesc13AS022011.jpg","contentUrl":"http:\/\/europavarietas.org\/csdp\/sites\/default\/files\/cerpesc13AS022011.jpg"},{"@type":"BreadcrumbList","@id":"https:\/\/europavarietas.org\/csdp_new\/index.php\/asia-middle-east\/#breadcrumb","itemListElement":[{"@type":"ListItem","position":1,"name":"Home","item":"https:\/\/europavarietas.org\/csdp_new\/"},{"@type":"ListItem","position":2,"name":"Asia &#038; Middle East"}]},{"@type":"WebSite","@id":"https:\/\/europavarietas.org\/csdp_new\/#website","url":"https:\/\/europavarietas.org\/csdp_new\/","name":"CERPESC","description":"European Soultion for Defence and Crisis Management","publisher":{"@id":"https:\/\/europavarietas.org\/csdp_new\/#organization"},"potentialAction":[{"@type":"SearchAction","target":{"@type":"EntryPoint","urlTemplate":"https:\/\/europavarietas.org\/csdp_new\/?s={search_term_string}"},"query-input":{"@type":"PropertyValueSpecification","valueRequired":true,"valueName":"search_term_string"}}],"inLanguage":"en-GB"},{"@type":"Organization","@id":"https:\/\/europavarietas.org\/csdp_new\/#organization","name":"CERPESC","url":"https:\/\/europavarietas.org\/csdp_new\/","logo":{"@type":"ImageObject","inLanguage":"en-GB","@id":"https:\/\/europavarietas.org\/csdp_new\/#\/schema\/logo\/image\/","url":"https:\/\/europavarietas.org\/csdp_new\/wp-content\/uploads\/2023\/08\/cropped-cropped-cerpesc5_0.png","contentUrl":"https:\/\/europavarietas.org\/csdp_new\/wp-content\/uploads\/2023\/08\/cropped-cropped-cerpesc5_0.png","width":530,"height":97,"caption":"CERPESC"},"image":{"@id":"https:\/\/europavarietas.org\/csdp_new\/#\/schema\/logo\/image\/"}}]}},"_links":{"self":[{"href":"https:\/\/europavarietas.org\/csdp_new\/index.php\/wp-json\/wp\/v2\/pages\/367","targetHints":{"allow":["GET"]}}],"collection":[{"href":"https:\/\/europavarietas.org\/csdp_new\/index.php\/wp-json\/wp\/v2\/pages"}],"about":[{"href":"https:\/\/europavarietas.org\/csdp_new\/index.php\/wp-json\/wp\/v2\/types\/page"}],"author":[{"embeddable":true,"href":"https:\/\/europavarietas.org\/csdp_new\/index.php\/wp-json\/wp\/v2\/users\/1"}],"replies":[{"embeddable":true,"href":"https:\/\/europavarietas.org\/csdp_new\/index.php\/wp-json\/wp\/v2\/comments?post=367"}],"version-history":[{"count":8,"href":"https:\/\/europavarietas.org\/csdp_new\/index.php\/wp-json\/wp\/v2\/pages\/367\/revisions"}],"predecessor-version":[{"id":375,"href":"https:\/\/europavarietas.org\/csdp_new\/index.php\/wp-json\/wp\/v2\/pages\/367\/revisions\/375"}],"wp:attachment":[{"href":"https:\/\/europavarietas.org\/csdp_new\/index.php\/wp-json\/wp\/v2\/media?parent=367"}],"wp:term":[{"taxonomy":"category","embeddable":true,"href":"https:\/\/europavarietas.org\/csdp_new\/index.php\/wp-json\/wp\/v2\/categories?post=367"},{"taxonomy":"post_tag","embeddable":true,"href":"https:\/\/europavarietas.org\/csdp_new\/index.php\/wp-json\/wp\/v2\/tags?post=367"}],"curies":[{"name":"wp","href":"https:\/\/api.w.org\/{rel}","templated":true}]}}