{"id":358,"date":"2023-08-23T08:38:17","date_gmt":"2023-08-23T08:38:17","guid":{"rendered":"https:\/\/europavarietas.org\/csdp_new\/?page_id=358"},"modified":"2023-08-23T08:42:39","modified_gmt":"2023-08-23T08:42:39","slug":"western-balkans","status":"publish","type":"page","link":"https:\/\/europavarietas.org\/csdp_new\/index.php\/western-balkans\/","title":{"rendered":"Western Balkans"},"content":{"rendered":"\t\t<div data-elementor-type=\"wp-page\" data-elementor-id=\"358\" class=\"elementor elementor-358\">\n\t\t\t\t\t\t<section class=\"elementor-section elementor-top-section elementor-element elementor-element-d6b9b3f elementor-section-boxed elementor-section-height-default elementor-section-height-default\" data-id=\"d6b9b3f\" data-element_type=\"section\">\n\t\t\t\t\t\t<div class=\"elementor-container elementor-column-gap-default\">\n\t\t\t\t\t<div class=\"elementor-column elementor-col-100 elementor-top-column elementor-element elementor-element-00b3295\" data-id=\"00b3295\" data-element_type=\"column\">\n\t\t\t<div class=\"elementor-widget-wrap elementor-element-populated\">\n\t\t\t\t\t\t<div class=\"elementor-element elementor-element-be94b2a elementor-widget elementor-widget-text-editor\" data-id=\"be94b2a\" data-element_type=\"widget\" data-widget_type=\"text-editor.default\">\n\t\t\t\t<div class=\"elementor-widget-container\">\n\t\t\t\t\t\t\t\t\t<center><img decoding=\"async\" src=\"http:\/\/europavarietas.org\/csdp\/sites\/default\/files\/cerpesc04B032007.jpg\" width=\"175\" height=\"242\" \/> <img decoding=\"async\" src=\"http:\/\/europavarietas.org\/csdp\/sites\/default\/files\/cerpesc05B042007.jpg\" width=\"175\" height=\"242\" \/> <img decoding=\"async\" src=\"http:\/\/europavarietas.org\/csdp\/sites\/default\/files\/cerpesc03B022006.jpg\" width=\"175\" height=\"242\" \/> <img loading=\"lazy\" decoding=\"async\" src=\"http:\/\/europavarietas.org\/csdp\/sites\/default\/files\/cerpesc01B072006.jpg\" width=\"175\" height=\"242\" \/> <img loading=\"lazy\" decoding=\"async\" src=\"http:\/\/www.europavarietas.org\/sites\/default\/files\/western_balkans_integrations1.jpg\" width=\"175\" height=\"242\" \/><\/center>\t\t\t\t\t\t\t\t<\/div>\n\t\t\t\t<\/div>\n\t\t\t\t\t<\/div>\n\t\t<\/div>\n\t\t\t\t\t<\/div>\n\t\t<\/section>\n\t\t\t\t<section class=\"elementor-section elementor-top-section elementor-element elementor-element-fd7314a elementor-section-boxed elementor-section-height-default elementor-section-height-default\" data-id=\"fd7314a\" data-element_type=\"section\">\n\t\t\t\t\t\t<div class=\"elementor-container elementor-column-gap-default\">\n\t\t\t\t\t<div class=\"elementor-column elementor-col-100 elementor-top-column elementor-element elementor-element-d674440\" data-id=\"d674440\" data-element_type=\"column\">\n\t\t\t<div class=\"elementor-widget-wrap elementor-element-populated\">\n\t\t\t\t\t\t<div class=\"elementor-element elementor-element-d177d2f elementor-widget elementor-widget-text-editor\" data-id=\"d177d2f\" data-element_type=\"widget\" data-widget_type=\"text-editor.default\">\n\t\t\t\t<div class=\"elementor-widget-container\">\n\t\t\t\t\t\t\t\t\t<h1 id=\"page-title\" class=\"title\">Analyses sur les Balkans Occidentaux<\/h1><p><strong>WESTERN BALKANS AND THE EUROPEAN UNION. LESSONS FROM PAST ENLARGEMENTS, CHALLENGES TO FURTHER INTEGRATIONS\u00a0<\/strong><br \/><em>Editors : Vesselin Mintchev, Nikolay Nenovsky, Xavier Richet<\/em><\/p><p>Andr\u00e1s Istv\u00e1n T\u00fcrke \u2013 Enjeux g\u00e9opolitiques des premi\u00e8res missions de l\u2019UE dans les Balkans occidentaux\u2026\u2026\u2026\u2026\u2026\u2026\u2026\u2026\u2026\u2026\u2026\u2026\u2026\u2026\u2026\u2026\u2026\u2026\u2026\u2026\u2026\u2026\u2026\u2026\u2026\u2026\u2026&#8230;233<\/p><p><a href=\"http:\/\/europavarietas.org\/sites\/default\/files\/western_balkans_and_the_european_union.pdf\" target=\"_blank\" rel=\"noopener\"><img decoding=\"async\" src=\"http:\/\/europavarietas.org\/csdp\/sites\/default\/files\/letoltesfr.jpg\" \/><\/a><\/p><p>\u00a0<\/p><p><strong>Les premi\u00e8res missions de la PESD dans les Balkans (2003-2007)<\/strong><br \/>par <em>Andr\u00e1s Istv\u00e1n T\u00fcrke<\/em><br \/>CERPESC 05\/B\/04\/2007 &#8211; 15 d\u00e9cembre 2007<\/p><p style=\"text-align: justify;\">Nous savons comment la crise de Kosovo a influ\u00e9 la mise en place de la PESD, le plan de l\u2019Objectif Global d\u2019Helsinki (en 1999, 60.000 personnes) et le PAEC (100.000 personnes.). Nous pouvons prendre en compte le fait que la PESD \u00e9tait op\u00e9rationnelle depuis 2001. Les facteurs de blocage qui ont frein\u00e9 le lancement des premi\u00e8res op\u00e9rations de la PESD jusqu\u2019au d\u00e9blocage lors de la conf\u00e9rence de Copenhague en novembre 2002 sont \u00e9galement connus : Les \u00e9v\u00e9nements du 9\/11 ont rendu la lutte contre le terrorisme international au c\u0153ur des d\u00e9bats, et les veto turc et grec concernant le processus de Berlin Plus, ont annihil\u00e9 le recours aux capacit\u00e9s de l\u2019OTAN. Dans notre analyse, nous essayons de focaliser sur les op\u00e9rations dans les Balkans : \u00e0 conclure les op\u00e9rations, trouver un bilan, souligner les enjeux et les d\u00e9fis. Les deux territoires choisis qui seront pr\u00e9sent\u00e9s plus en d\u00e9tail vont \u00eatre la Bosnie-Herz\u00e9govine et la Mac\u00e9doine.<\/p><p><em>Rapport financ\u00e9 par l&#8217;Institut Hongrois des Affaires Etrang\u00e8res (<a href=\"http:\/\/www.hiia.hu\">HIIA<\/a>)<\/em><\/p><p><a href=\"http:\/\/europavarietas.org\/cerpescanalyses\" target=\"_blank\" rel=\"noopener\"><img decoding=\"async\" src=\"http:\/\/europavarietas.org\/csdp\/sites\/default\/files\/letoltesfr.jpg\" \/><\/a><\/p><p>\u00a0<\/p><p><strong>L&#8217;UEO, l&#8217;UE et la crise albanaise en 1997 (La mission ALBA)<\/strong><br \/>par <em>Andr\u00e1s Istv\u00e1n T\u00fcrke<\/em><br \/>CERPESC 04\/B\/03\/2007 &#8211; 23 mai 2007<\/p><p style=\"text-align: justify;\">Apr\u00e8s 45 ans sous le r\u00e9gime communiste, l&#8217;Albanie, le seul pays ath\u00e9e du monde, a repris son ind\u00e9pendance (pour la deuxi\u00e8me fois dans son histoire) en 1990. Tirana a pos\u00e9 sa candidature pour adh\u00e9rer \u00e0 l&#8217;OTAN d\u00e8s d\u00e9cembre 1992. Au d\u00e9but de l&#8217;ann\u00e9e 1997, cons\u00e9quence de l&#8217;effondrement brusque de la pyramide, les investisseurs se retrouvaient seuls et sans aide face \u00e0 la subite disparition de leur \u00e9pargne. Une s\u00e9rie de manifestations ont commenc\u00e9 contre le gouvernement, accus\u00e9 d&#8217;entretenir des relations avec les compagnies pyramidales&#8230;<\/p><p><a href=\"http:\/\/europavarietas.org\/cerpescanalyses\" target=\"_blank\" rel=\"noopener\"><img decoding=\"async\" src=\"http:\/\/europavarietas.org\/csdp\/sites\/default\/files\/letoltesfr.jpg\" \/><\/a><\/p><p>\u00a0<\/p><p><strong>Les missions de l&#8217;UEO dans les Balkans (1991-2002)<\/strong><br \/>par <em>Andr\u00e1s Istv\u00e1n T\u00fcrke<\/em><br \/>CERPESC 03\/B\/02\/2006 &#8211; 20 d\u00e9cembre 2006<\/p><p style=\"text-align: justify;\">En 1991, l&#8217;Europe a \u00e9t\u00e9 surprise par le processus de d\u00e9sint\u00e9gration de la Yougoslavie, elle n&#8217;a pas reconnu l&#8217;importance et le danger de la crise peut-on lire souvent. Mais la dissolution du monde bipolaire, l&#8217;unit\u00e9 allemande, la disolution des r\u00e9gimes communistes en Europe de l&#8217;Est \u00e9taient tous des surprises pour l&#8217;Europe. Les missions de l&#8217;UEO pendant cette p\u00e9riode, parfois sous l&#8217;\u00e9gide de l&#8217;OSCE peuvent \u00eatre caract\u00e9ris\u00e9es par la faiblesse ou des importantes lacunes du c\u00f4t\u00e9 communautaire, &#8220;europ\u00e9en&#8221;, notamment en ce qui concerne la cha\u00eene de commandement et la capacit\u00e9 de transport&#8230;<\/p><p><a href=\"http:\/\/europavarietas.org\/cerpescanalyses\" target=\"_blank\" rel=\"noopener\"><img decoding=\"async\" src=\"http:\/\/europavarietas.org\/csdp\/sites\/default\/files\/letoltesfr.jpg\" \/><\/a><\/p><p>\u00a0<\/p><p><strong>Enjeux et d\u00e9fis pour la PESC dans les Balkans (1991-2006)<\/strong><br \/>par <em>Elisabeth du R\u00e9au<\/em><br \/>CERPESC 02\/B\/01\/2006 &#8211; 10 juillet 2006<\/p><p style=\"text-align: justify;\">L\u2019ann\u00e9e 1991 est important tournant dans l\u2019histoire de l\u2019Europe. \u00c0 l\u2019Ouest, une conf\u00e9rence intergouvernementale des douze membres de la Communaut\u00e9 europ\u00e9enne s\u2019ach\u00e8ve par des n\u00e9gociations ultimes \u00e0 Maastricht qui mettent en perspective la cr\u00e9ation de la politique \u00e9trang\u00e8re et de s\u00e9curit\u00e9 commune. \u00c0 l\u2019Est, le processus de dislocation du Pacte de Varsovie est \u00e0 l\u2019oeuvre et l\u2019URSS vit ses derniers jours. Au Sud-Est de l\u2019Europe, un grave conflit surgit en Yougoslavie o\u00f9 des R\u00e9publiques, la Croatie et la Slov\u00e9nie demandent \u00e0 faire s\u00e9cession et proclament leur ind\u00e9pendance en juin 1991 : les Balkans s\u2019embrasent. Dix-sept ans apr\u00e8s ces \u00e9v\u00e8nements est-il possible d\u2019\u00e9tudier le comportement des acteurs europ\u00e9ens occidentaux?<\/p><p><a href=\"http:\/\/europavarietas.org\/cerpescanalyses\" target=\"_blank\" rel=\"noopener\"><img decoding=\"async\" src=\"http:\/\/europavarietas.org\/csdp\/sites\/default\/files\/letoltesfr.jpg\" \/><\/a><\/p><p>\u00a0<\/p>\t\t\t\t\t\t\t\t<\/div>\n\t\t\t\t<\/div>\n\t\t\t\t\t<\/div>\n\t\t<\/div>\n\t\t\t\t\t<\/div>\n\t\t<\/section>\n\t\t\t\t<\/div>\n\t\t","protected":false},"excerpt":{"rendered":"<p>Analyses sur les Balkans Occidentaux WESTERN BALKANS AND THE EUROPEAN UNION. LESSONS FROM PAST ENLARGEMENTS, CHALLENGES TO FURTHER INTEGRATIONS\u00a0Editors : Vesselin Mintchev, Nikolay Nenovsky, Xavier Richet Andr\u00e1s Istv\u00e1n T\u00fcrke \u2013 Enjeux g\u00e9opolitiques des premi\u00e8res missions de l\u2019UE dans les Balkans occidentaux\u2026\u2026\u2026\u2026\u2026\u2026\u2026\u2026\u2026\u2026\u2026\u2026\u2026\u2026\u2026\u2026\u2026\u2026\u2026\u2026\u2026\u2026\u2026\u2026\u2026\u2026\u2026&#8230;233 \u00a0 Les premi\u00e8res missions de la PESD dans les Balkans (2003-2007)par Andr\u00e1s Istv\u00e1n T\u00fcrkeCERPESC&#8230;<\/p>\n","protected":false},"author":1,"featured_media":0,"parent":0,"menu_order":0,"comment_status":"closed","ping_status":"closed","template":"","meta":{"footnotes":""},"categories":[3],"tags":[],"class_list":["post-358","page","type-page","status-publish","hentry","category-cerpesc"],"yoast_head":"<!-- This site is optimized with the Yoast SEO plugin v26.5 - https:\/\/yoast.com\/wordpress\/plugins\/seo\/ -->\n<title>Western Balkans - CERPESC<\/title>\n<meta name=\"robots\" content=\"index, follow, max-snippet:-1, max-image-preview:large, max-video-preview:-1\" \/>\n<link rel=\"canonical\" href=\"https:\/\/europavarietas.org\/csdp_new\/index.php\/western-balkans\/\" \/>\n<meta property=\"og:locale\" content=\"en_GB\" \/>\n<meta property=\"og:type\" content=\"article\" \/>\n<meta property=\"og:title\" content=\"Western Balkans - CERPESC\" \/>\n<meta property=\"og:description\" content=\"Analyses sur les Balkans Occidentaux WESTERN BALKANS AND THE EUROPEAN UNION. LESSONS FROM PAST ENLARGEMENTS, CHALLENGES TO FURTHER INTEGRATIONS\u00a0Editors : Vesselin Mintchev, Nikolay Nenovsky, Xavier Richet Andr\u00e1s Istv\u00e1n T\u00fcrke \u2013 Enjeux g\u00e9opolitiques des premi\u00e8res missions de l\u2019UE dans les Balkans occidentaux\u2026\u2026\u2026\u2026\u2026\u2026\u2026\u2026\u2026\u2026\u2026\u2026\u2026\u2026\u2026\u2026\u2026\u2026\u2026\u2026\u2026\u2026\u2026\u2026\u2026\u2026\u2026&#8230;233 \u00a0 Les premi\u00e8res missions de la PESD dans les Balkans (2003-2007)par Andr\u00e1s Istv\u00e1n T\u00fcrkeCERPESC...\" \/>\n<meta property=\"og:url\" content=\"https:\/\/europavarietas.org\/csdp_new\/index.php\/western-balkans\/\" \/>\n<meta property=\"og:site_name\" content=\"CERPESC\" \/>\n<meta property=\"article:modified_time\" content=\"2023-08-23T08:42:39+00:00\" \/>\n<meta property=\"og:image\" content=\"http:\/\/europavarietas.org\/csdp\/sites\/default\/files\/cerpesc04B032007.jpg\" \/>\n<meta name=\"twitter:card\" content=\"summary_large_image\" \/>\n<meta name=\"twitter:label1\" content=\"Estimated reading time\" \/>\n\t<meta name=\"twitter:data1\" content=\"5 minutes\" \/>\n<script type=\"application\/ld+json\" class=\"yoast-schema-graph\">{\"@context\":\"https:\/\/schema.org\",\"@graph\":[{\"@type\":\"WebPage\",\"@id\":\"https:\/\/europavarietas.org\/csdp_new\/index.php\/western-balkans\/\",\"url\":\"https:\/\/europavarietas.org\/csdp_new\/index.php\/western-balkans\/\",\"name\":\"Western Balkans - CERPESC\",\"isPartOf\":{\"@id\":\"https:\/\/europavarietas.org\/csdp_new\/#website\"},\"primaryImageOfPage\":{\"@id\":\"https:\/\/europavarietas.org\/csdp_new\/index.php\/western-balkans\/#primaryimage\"},\"image\":{\"@id\":\"https:\/\/europavarietas.org\/csdp_new\/index.php\/western-balkans\/#primaryimage\"},\"thumbnailUrl\":\"http:\/\/europavarietas.org\/csdp\/sites\/default\/files\/cerpesc04B032007.jpg\",\"datePublished\":\"2023-08-23T08:38:17+00:00\",\"dateModified\":\"2023-08-23T08:42:39+00:00\",\"breadcrumb\":{\"@id\":\"https:\/\/europavarietas.org\/csdp_new\/index.php\/western-balkans\/#breadcrumb\"},\"inLanguage\":\"en-GB\",\"potentialAction\":[{\"@type\":\"ReadAction\",\"target\":[\"https:\/\/europavarietas.org\/csdp_new\/index.php\/western-balkans\/\"]}]},{\"@type\":\"ImageObject\",\"inLanguage\":\"en-GB\",\"@id\":\"https:\/\/europavarietas.org\/csdp_new\/index.php\/western-balkans\/#primaryimage\",\"url\":\"http:\/\/europavarietas.org\/csdp\/sites\/default\/files\/cerpesc04B032007.jpg\",\"contentUrl\":\"http:\/\/europavarietas.org\/csdp\/sites\/default\/files\/cerpesc04B032007.jpg\"},{\"@type\":\"BreadcrumbList\",\"@id\":\"https:\/\/europavarietas.org\/csdp_new\/index.php\/western-balkans\/#breadcrumb\",\"itemListElement\":[{\"@type\":\"ListItem\",\"position\":1,\"name\":\"Home\",\"item\":\"https:\/\/europavarietas.org\/csdp_new\/\"},{\"@type\":\"ListItem\",\"position\":2,\"name\":\"Western Balkans\"}]},{\"@type\":\"WebSite\",\"@id\":\"https:\/\/europavarietas.org\/csdp_new\/#website\",\"url\":\"https:\/\/europavarietas.org\/csdp_new\/\",\"name\":\"CERPESC\",\"description\":\"European Soultion for Defence and Crisis Management\",\"publisher\":{\"@id\":\"https:\/\/europavarietas.org\/csdp_new\/#organization\"},\"potentialAction\":[{\"@type\":\"SearchAction\",\"target\":{\"@type\":\"EntryPoint\",\"urlTemplate\":\"https:\/\/europavarietas.org\/csdp_new\/?s={search_term_string}\"},\"query-input\":{\"@type\":\"PropertyValueSpecification\",\"valueRequired\":true,\"valueName\":\"search_term_string\"}}],\"inLanguage\":\"en-GB\"},{\"@type\":\"Organization\",\"@id\":\"https:\/\/europavarietas.org\/csdp_new\/#organization\",\"name\":\"CERPESC\",\"url\":\"https:\/\/europavarietas.org\/csdp_new\/\",\"logo\":{\"@type\":\"ImageObject\",\"inLanguage\":\"en-GB\",\"@id\":\"https:\/\/europavarietas.org\/csdp_new\/#\/schema\/logo\/image\/\",\"url\":\"https:\/\/europavarietas.org\/csdp_new\/wp-content\/uploads\/2023\/08\/cropped-cropped-cerpesc5_0.png\",\"contentUrl\":\"https:\/\/europavarietas.org\/csdp_new\/wp-content\/uploads\/2023\/08\/cropped-cropped-cerpesc5_0.png\",\"width\":530,\"height\":97,\"caption\":\"CERPESC\"},\"image\":{\"@id\":\"https:\/\/europavarietas.org\/csdp_new\/#\/schema\/logo\/image\/\"}}]}<\/script>\n<!-- \/ Yoast SEO plugin. -->","yoast_head_json":{"title":"Western Balkans - CERPESC","robots":{"index":"index","follow":"follow","max-snippet":"max-snippet:-1","max-image-preview":"max-image-preview:large","max-video-preview":"max-video-preview:-1"},"canonical":"https:\/\/europavarietas.org\/csdp_new\/index.php\/western-balkans\/","og_locale":"en_GB","og_type":"article","og_title":"Western Balkans - CERPESC","og_description":"Analyses sur les Balkans Occidentaux WESTERN BALKANS AND THE EUROPEAN UNION. LESSONS FROM PAST ENLARGEMENTS, CHALLENGES TO FURTHER INTEGRATIONS\u00a0Editors : Vesselin Mintchev, Nikolay Nenovsky, Xavier Richet Andr\u00e1s Istv\u00e1n T\u00fcrke \u2013 Enjeux g\u00e9opolitiques des premi\u00e8res missions de l\u2019UE dans les Balkans occidentaux\u2026\u2026\u2026\u2026\u2026\u2026\u2026\u2026\u2026\u2026\u2026\u2026\u2026\u2026\u2026\u2026\u2026\u2026\u2026\u2026\u2026\u2026\u2026\u2026\u2026\u2026\u2026&#8230;233 \u00a0 Les premi\u00e8res missions de la PESD dans les Balkans (2003-2007)par Andr\u00e1s Istv\u00e1n T\u00fcrkeCERPESC...","og_url":"https:\/\/europavarietas.org\/csdp_new\/index.php\/western-balkans\/","og_site_name":"CERPESC","article_modified_time":"2023-08-23T08:42:39+00:00","og_image":[{"url":"http:\/\/europavarietas.org\/csdp\/sites\/default\/files\/cerpesc04B032007.jpg","type":"","width":"","height":""}],"twitter_card":"summary_large_image","twitter_misc":{"Estimated reading time":"5 minutes"},"schema":{"@context":"https:\/\/schema.org","@graph":[{"@type":"WebPage","@id":"https:\/\/europavarietas.org\/csdp_new\/index.php\/western-balkans\/","url":"https:\/\/europavarietas.org\/csdp_new\/index.php\/western-balkans\/","name":"Western Balkans - CERPESC","isPartOf":{"@id":"https:\/\/europavarietas.org\/csdp_new\/#website"},"primaryImageOfPage":{"@id":"https:\/\/europavarietas.org\/csdp_new\/index.php\/western-balkans\/#primaryimage"},"image":{"@id":"https:\/\/europavarietas.org\/csdp_new\/index.php\/western-balkans\/#primaryimage"},"thumbnailUrl":"http:\/\/europavarietas.org\/csdp\/sites\/default\/files\/cerpesc04B032007.jpg","datePublished":"2023-08-23T08:38:17+00:00","dateModified":"2023-08-23T08:42:39+00:00","breadcrumb":{"@id":"https:\/\/europavarietas.org\/csdp_new\/index.php\/western-balkans\/#breadcrumb"},"inLanguage":"en-GB","potentialAction":[{"@type":"ReadAction","target":["https:\/\/europavarietas.org\/csdp_new\/index.php\/western-balkans\/"]}]},{"@type":"ImageObject","inLanguage":"en-GB","@id":"https:\/\/europavarietas.org\/csdp_new\/index.php\/western-balkans\/#primaryimage","url":"http:\/\/europavarietas.org\/csdp\/sites\/default\/files\/cerpesc04B032007.jpg","contentUrl":"http:\/\/europavarietas.org\/csdp\/sites\/default\/files\/cerpesc04B032007.jpg"},{"@type":"BreadcrumbList","@id":"https:\/\/europavarietas.org\/csdp_new\/index.php\/western-balkans\/#breadcrumb","itemListElement":[{"@type":"ListItem","position":1,"name":"Home","item":"https:\/\/europavarietas.org\/csdp_new\/"},{"@type":"ListItem","position":2,"name":"Western Balkans"}]},{"@type":"WebSite","@id":"https:\/\/europavarietas.org\/csdp_new\/#website","url":"https:\/\/europavarietas.org\/csdp_new\/","name":"CERPESC","description":"European Soultion for Defence and Crisis Management","publisher":{"@id":"https:\/\/europavarietas.org\/csdp_new\/#organization"},"potentialAction":[{"@type":"SearchAction","target":{"@type":"EntryPoint","urlTemplate":"https:\/\/europavarietas.org\/csdp_new\/?s={search_term_string}"},"query-input":{"@type":"PropertyValueSpecification","valueRequired":true,"valueName":"search_term_string"}}],"inLanguage":"en-GB"},{"@type":"Organization","@id":"https:\/\/europavarietas.org\/csdp_new\/#organization","name":"CERPESC","url":"https:\/\/europavarietas.org\/csdp_new\/","logo":{"@type":"ImageObject","inLanguage":"en-GB","@id":"https:\/\/europavarietas.org\/csdp_new\/#\/schema\/logo\/image\/","url":"https:\/\/europavarietas.org\/csdp_new\/wp-content\/uploads\/2023\/08\/cropped-cropped-cerpesc5_0.png","contentUrl":"https:\/\/europavarietas.org\/csdp_new\/wp-content\/uploads\/2023\/08\/cropped-cropped-cerpesc5_0.png","width":530,"height":97,"caption":"CERPESC"},"image":{"@id":"https:\/\/europavarietas.org\/csdp_new\/#\/schema\/logo\/image\/"}}]}},"_links":{"self":[{"href":"https:\/\/europavarietas.org\/csdp_new\/index.php\/wp-json\/wp\/v2\/pages\/358","targetHints":{"allow":["GET"]}}],"collection":[{"href":"https:\/\/europavarietas.org\/csdp_new\/index.php\/wp-json\/wp\/v2\/pages"}],"about":[{"href":"https:\/\/europavarietas.org\/csdp_new\/index.php\/wp-json\/wp\/v2\/types\/page"}],"author":[{"embeddable":true,"href":"https:\/\/europavarietas.org\/csdp_new\/index.php\/wp-json\/wp\/v2\/users\/1"}],"replies":[{"embeddable":true,"href":"https:\/\/europavarietas.org\/csdp_new\/index.php\/wp-json\/wp\/v2\/comments?post=358"}],"version-history":[{"count":7,"href":"https:\/\/europavarietas.org\/csdp_new\/index.php\/wp-json\/wp\/v2\/pages\/358\/revisions"}],"predecessor-version":[{"id":365,"href":"https:\/\/europavarietas.org\/csdp_new\/index.php\/wp-json\/wp\/v2\/pages\/358\/revisions\/365"}],"wp:attachment":[{"href":"https:\/\/europavarietas.org\/csdp_new\/index.php\/wp-json\/wp\/v2\/media?parent=358"}],"wp:term":[{"taxonomy":"category","embeddable":true,"href":"https:\/\/europavarietas.org\/csdp_new\/index.php\/wp-json\/wp\/v2\/categories?post=358"},{"taxonomy":"post_tag","embeddable":true,"href":"https:\/\/europavarietas.org\/csdp_new\/index.php\/wp-json\/wp\/v2\/tags?post=358"}],"curies":[{"name":"wp","href":"https:\/\/api.w.org\/{rel}","templated":true}]}}