{"id":33,"date":"2023-08-21T10:49:18","date_gmt":"2023-08-21T10:49:18","guid":{"rendered":"https:\/\/europavarietas.org\/csdp_new\/?page_id=33"},"modified":"2023-08-24T17:30:00","modified_gmt":"2023-08-24T17:30:00","slug":"research-fellows","status":"publish","type":"page","link":"https:\/\/europavarietas.org\/csdp_new\/index.php\/research-fellows\/","title":{"rendered":"Research Fellows"},"content":{"rendered":"\t\t<div data-elementor-type=\"wp-page\" data-elementor-id=\"33\" class=\"elementor elementor-33\">\n\t\t\t\t\t\t<section class=\"elementor-section elementor-top-section elementor-element elementor-element-2d75474 elementor-section-boxed elementor-section-height-default elementor-section-height-default\" data-id=\"2d75474\" data-element_type=\"section\">\n\t\t\t\t\t\t<div class=\"elementor-container elementor-column-gap-default\">\n\t\t\t\t\t<div class=\"elementor-column elementor-col-100 elementor-top-column elementor-element elementor-element-859cc2d\" data-id=\"859cc2d\" data-element_type=\"column\">\n\t\t\t<div class=\"elementor-widget-wrap elementor-element-populated\">\n\t\t\t\t\t\t<div class=\"elementor-element elementor-element-84667e1 elementor-widget elementor-widget-text-editor\" data-id=\"84667e1\" data-element_type=\"widget\" data-widget_type=\"text-editor.default\">\n\t\t\t\t<div class=\"elementor-widget-container\">\n\t\t\t\t\t\t\t\t\t<p><img decoding=\"async\" src=\"http:\/\/europavarietas.org\/csdp\/files\/turke1.jpg\" width=\"78\" height=\"90\" \/><br \/><strong><a href=\"http:\/\/europavarietas.org\/andras_turke\" target=\"_blank\" rel=\"noopener\">Dr. habil. Andr\u00e1s Istv\u00e1n T\u00dcRKE Ph.D<\/a> (Switzerland)<\/strong><br \/><em>head of\u00a0 &#8220;CERPESC&#8221;, director of Europa Varietas Institute\u00a0<\/em><\/p><p style=\"text-align: justify;\">Andr\u00e1s Istv\u00e1n T\u00fcrke is a diplomacy &amp; security policy expert based in Switzerland. He specializes in European Foreign, Security &amp; Defence Policy and industrial base issues. He is expert in geopolitics of Africa and Western Balkans on strategic and economic issues. His research focuses on the peacekeeping and regional stability with emphasis on european solutions for defence &amp; crisis management. So far, his work has mostly drawn on EU, UN, AU and NATO activities but he has started to engage with other global and regional crisis management institutions.<\/p><p><strong>Areas of expertise:<\/strong> CFSP, CSDP (EU, Africa, Western Balkans) ; French foreign &amp; security &amp; Africa policies ; European defence industry ; European naval forces ; European integration ; African geopolitics<\/p><p><em>turkeandras(at)gmail(dot)com<\/em><br \/><a href=\"http:\/\/europavarietas.org\/andras_turke\" target=\"_blank\" rel=\"noopener\">Website &amp; Publications<\/a><br \/><a href=\"https:\/\/univ-paris3.academia.edu\/AndrasTurke\/\" target=\"_blank\" rel=\"noopener\">@ Academia.edu<\/a><\/p><p>\u00a0<\/p><p><strong>J\u00e1nos BESENY\u0150 Dr.habil. (Hungary)<\/strong><\/p><p>Colonel (retired). Between 1987 and 2018 he served as a professional soldier. He has been involved in several peace operations in Africa (Western-Sahara and Darfur) and Afghanistan. During his service, he received 27 different Hungarian and foreign medals. He received his PhD in Military Science from Mikl\u00f3s Zr\u00ednyi National Defense University in 2011, and in 2017, he received a habilitated doctorate at E\u00f6tv\u00f6s L\u00f3rant University. In 2014, he established the\u00a0<a href=\"http:\/\/europavarietas.org\/hvk_tkh\">Scientific Research Center of the Hungarian Defence Forces General Staff<\/a>, and was the first leader of it from 2014-2018.<\/p><p>besenyo(dot)janos(at)gmail(dot)com<br \/><a href=\"https:\/\/uni-obuda.academia.edu\/Beseny\u0151J\u00e1nos\" target=\"_blank\" rel=\"noopener\">@ Academia.edu<\/a><\/p><p><strong>Kinga TORBICKA Ph.D. (Poland)<\/strong><\/p><p>A graduate of the European Center of the University of Warsaw and Universit\u00e9 de la Sorbonne Nouvelle Paris 3. Doctor of Humanities at Universit\u00e9 de la Sorbonne Nouvelle Paris 3. She devoted her doctoral thesis to security systems in Central Europe after the fall of the Berlin Wall. A member of the research group of the Center of French Civilization, University of Warsaw. Associate researcher at the Europa Varietas Institute. Research interests concern: security of the CEE region in the Euro-Atlantic zone, with particular emphasis on the Visegrad Group, the Weimar Triangle, Ukraine and Russia and the migration crisis in Europe as well as the role of France in this context (Polish-French political relations since 1989).<\/p><p>kinga(dot)torbicka(@)gmail(dot)com<br \/><a href=\"https:\/\/independent.academia.edu\/KTorbicka\" target=\"_blank\" rel=\"noopener\">@ Academia.edu<\/a><\/p><p>\u00a0<\/p><p><strong>Guillaume de Roug\u00e9 Ph.D &#8211; (France)<\/strong><\/p><p><strong>Gergely VARGA &#8211; (Switzerland)<\/strong><br \/>research fellow at Europa Varietas Institute<\/p>\t\t\t\t\t\t\t\t<\/div>\n\t\t\t\t<\/div>\n\t\t\t\t\t<\/div>\n\t\t<\/div>\n\t\t\t\t\t<\/div>\n\t\t<\/section>\n\t\t\t\t<\/div>\n\t\t","protected":false},"excerpt":{"rendered":"<p>Dr. habil. Andr\u00e1s Istv\u00e1n T\u00dcRKE Ph.D (Switzerland)head of\u00a0 &#8220;CERPESC&#8221;, director of Europa Varietas Institute\u00a0 Andr\u00e1s Istv\u00e1n T\u00fcrke is a diplomacy &amp; security policy expert based in Switzerland. He specializes in European Foreign, Security &amp; Defence Policy and industrial base issues. He is expert in geopolitics of Africa and Western Balkans on strategic and economic issues&#8230;.<\/p>\n","protected":false},"author":1,"featured_media":0,"parent":0,"menu_order":0,"comment_status":"closed","ping_status":"closed","template":"","meta":{"footnotes":""},"categories":[],"tags":[],"class_list":["post-33","page","type-page","status-publish","hentry"],"yoast_head":"<!-- This site is optimized with the Yoast SEO plugin v26.5 - https:\/\/yoast.com\/wordpress\/plugins\/seo\/ -->\n<title>Research Fellows - CERPESC<\/title>\n<meta name=\"robots\" content=\"index, follow, max-snippet:-1, max-image-preview:large, max-video-preview:-1\" \/>\n<link rel=\"canonical\" href=\"https:\/\/europavarietas.org\/csdp_new\/index.php\/research-fellows\/\" \/>\n<meta property=\"og:locale\" content=\"en_GB\" \/>\n<meta property=\"og:type\" content=\"article\" \/>\n<meta property=\"og:title\" content=\"Research Fellows - CERPESC\" \/>\n<meta property=\"og:description\" content=\"Dr. habil. Andr\u00e1s Istv\u00e1n T\u00dcRKE Ph.D (Switzerland)head of\u00a0 &#8220;CERPESC&#8221;, director of Europa Varietas Institute\u00a0 Andr\u00e1s Istv\u00e1n T\u00fcrke is a diplomacy &amp; security policy expert based in Switzerland. He specializes in European Foreign, Security &amp; Defence Policy and industrial base issues. He is expert in geopolitics of Africa and Western Balkans on strategic and economic issues....\" \/>\n<meta property=\"og:url\" content=\"https:\/\/europavarietas.org\/csdp_new\/index.php\/research-fellows\/\" \/>\n<meta property=\"og:site_name\" content=\"CERPESC\" \/>\n<meta property=\"article:modified_time\" content=\"2023-08-24T17:30:00+00:00\" \/>\n<meta property=\"og:image\" content=\"http:\/\/europavarietas.org\/csdp\/files\/turke1.jpg\" \/>\n<meta name=\"twitter:card\" content=\"summary_large_image\" \/>\n<meta name=\"twitter:label1\" content=\"Estimated reading time\" \/>\n\t<meta name=\"twitter:data1\" content=\"2 minutes\" \/>\n<script type=\"application\/ld+json\" class=\"yoast-schema-graph\">{\"@context\":\"https:\/\/schema.org\",\"@graph\":[{\"@type\":\"WebPage\",\"@id\":\"https:\/\/europavarietas.org\/csdp_new\/index.php\/research-fellows\/\",\"url\":\"https:\/\/europavarietas.org\/csdp_new\/index.php\/research-fellows\/\",\"name\":\"Research Fellows - CERPESC\",\"isPartOf\":{\"@id\":\"https:\/\/europavarietas.org\/csdp_new\/#website\"},\"primaryImageOfPage\":{\"@id\":\"https:\/\/europavarietas.org\/csdp_new\/index.php\/research-fellows\/#primaryimage\"},\"image\":{\"@id\":\"https:\/\/europavarietas.org\/csdp_new\/index.php\/research-fellows\/#primaryimage\"},\"thumbnailUrl\":\"http:\/\/europavarietas.org\/csdp\/files\/turke1.jpg\",\"datePublished\":\"2023-08-21T10:49:18+00:00\",\"dateModified\":\"2023-08-24T17:30:00+00:00\",\"breadcrumb\":{\"@id\":\"https:\/\/europavarietas.org\/csdp_new\/index.php\/research-fellows\/#breadcrumb\"},\"inLanguage\":\"en-GB\",\"potentialAction\":[{\"@type\":\"ReadAction\",\"target\":[\"https:\/\/europavarietas.org\/csdp_new\/index.php\/research-fellows\/\"]}]},{\"@type\":\"ImageObject\",\"inLanguage\":\"en-GB\",\"@id\":\"https:\/\/europavarietas.org\/csdp_new\/index.php\/research-fellows\/#primaryimage\",\"url\":\"http:\/\/europavarietas.org\/csdp\/files\/turke1.jpg\",\"contentUrl\":\"http:\/\/europavarietas.org\/csdp\/files\/turke1.jpg\"},{\"@type\":\"BreadcrumbList\",\"@id\":\"https:\/\/europavarietas.org\/csdp_new\/index.php\/research-fellows\/#breadcrumb\",\"itemListElement\":[{\"@type\":\"ListItem\",\"position\":1,\"name\":\"Home\",\"item\":\"https:\/\/europavarietas.org\/csdp_new\/\"},{\"@type\":\"ListItem\",\"position\":2,\"name\":\"Research Fellows\"}]},{\"@type\":\"WebSite\",\"@id\":\"https:\/\/europavarietas.org\/csdp_new\/#website\",\"url\":\"https:\/\/europavarietas.org\/csdp_new\/\",\"name\":\"CERPESC\",\"description\":\"European Soultion for Defence and Crisis Management\",\"publisher\":{\"@id\":\"https:\/\/europavarietas.org\/csdp_new\/#organization\"},\"potentialAction\":[{\"@type\":\"SearchAction\",\"target\":{\"@type\":\"EntryPoint\",\"urlTemplate\":\"https:\/\/europavarietas.org\/csdp_new\/?s={search_term_string}\"},\"query-input\":{\"@type\":\"PropertyValueSpecification\",\"valueRequired\":true,\"valueName\":\"search_term_string\"}}],\"inLanguage\":\"en-GB\"},{\"@type\":\"Organization\",\"@id\":\"https:\/\/europavarietas.org\/csdp_new\/#organization\",\"name\":\"CERPESC\",\"url\":\"https:\/\/europavarietas.org\/csdp_new\/\",\"logo\":{\"@type\":\"ImageObject\",\"inLanguage\":\"en-GB\",\"@id\":\"https:\/\/europavarietas.org\/csdp_new\/#\/schema\/logo\/image\/\",\"url\":\"https:\/\/europavarietas.org\/csdp_new\/wp-content\/uploads\/2023\/08\/cropped-cropped-cerpesc5_0.png\",\"contentUrl\":\"https:\/\/europavarietas.org\/csdp_new\/wp-content\/uploads\/2023\/08\/cropped-cropped-cerpesc5_0.png\",\"width\":530,\"height\":97,\"caption\":\"CERPESC\"},\"image\":{\"@id\":\"https:\/\/europavarietas.org\/csdp_new\/#\/schema\/logo\/image\/\"}}]}<\/script>\n<!-- \/ Yoast SEO plugin. -->","yoast_head_json":{"title":"Research Fellows - CERPESC","robots":{"index":"index","follow":"follow","max-snippet":"max-snippet:-1","max-image-preview":"max-image-preview:large","max-video-preview":"max-video-preview:-1"},"canonical":"https:\/\/europavarietas.org\/csdp_new\/index.php\/research-fellows\/","og_locale":"en_GB","og_type":"article","og_title":"Research Fellows - CERPESC","og_description":"Dr. habil. Andr\u00e1s Istv\u00e1n T\u00dcRKE Ph.D (Switzerland)head of\u00a0 &#8220;CERPESC&#8221;, director of Europa Varietas Institute\u00a0 Andr\u00e1s Istv\u00e1n T\u00fcrke is a diplomacy &amp; security policy expert based in Switzerland. He specializes in European Foreign, Security &amp; Defence Policy and industrial base issues. He is expert in geopolitics of Africa and Western Balkans on strategic and economic issues....","og_url":"https:\/\/europavarietas.org\/csdp_new\/index.php\/research-fellows\/","og_site_name":"CERPESC","article_modified_time":"2023-08-24T17:30:00+00:00","og_image":[{"url":"http:\/\/europavarietas.org\/csdp\/files\/turke1.jpg","type":"","width":"","height":""}],"twitter_card":"summary_large_image","twitter_misc":{"Estimated reading time":"2 minutes"},"schema":{"@context":"https:\/\/schema.org","@graph":[{"@type":"WebPage","@id":"https:\/\/europavarietas.org\/csdp_new\/index.php\/research-fellows\/","url":"https:\/\/europavarietas.org\/csdp_new\/index.php\/research-fellows\/","name":"Research Fellows - CERPESC","isPartOf":{"@id":"https:\/\/europavarietas.org\/csdp_new\/#website"},"primaryImageOfPage":{"@id":"https:\/\/europavarietas.org\/csdp_new\/index.php\/research-fellows\/#primaryimage"},"image":{"@id":"https:\/\/europavarietas.org\/csdp_new\/index.php\/research-fellows\/#primaryimage"},"thumbnailUrl":"http:\/\/europavarietas.org\/csdp\/files\/turke1.jpg","datePublished":"2023-08-21T10:49:18+00:00","dateModified":"2023-08-24T17:30:00+00:00","breadcrumb":{"@id":"https:\/\/europavarietas.org\/csdp_new\/index.php\/research-fellows\/#breadcrumb"},"inLanguage":"en-GB","potentialAction":[{"@type":"ReadAction","target":["https:\/\/europavarietas.org\/csdp_new\/index.php\/research-fellows\/"]}]},{"@type":"ImageObject","inLanguage":"en-GB","@id":"https:\/\/europavarietas.org\/csdp_new\/index.php\/research-fellows\/#primaryimage","url":"http:\/\/europavarietas.org\/csdp\/files\/turke1.jpg","contentUrl":"http:\/\/europavarietas.org\/csdp\/files\/turke1.jpg"},{"@type":"BreadcrumbList","@id":"https:\/\/europavarietas.org\/csdp_new\/index.php\/research-fellows\/#breadcrumb","itemListElement":[{"@type":"ListItem","position":1,"name":"Home","item":"https:\/\/europavarietas.org\/csdp_new\/"},{"@type":"ListItem","position":2,"name":"Research Fellows"}]},{"@type":"WebSite","@id":"https:\/\/europavarietas.org\/csdp_new\/#website","url":"https:\/\/europavarietas.org\/csdp_new\/","name":"CERPESC","description":"European Soultion for Defence and Crisis Management","publisher":{"@id":"https:\/\/europavarietas.org\/csdp_new\/#organization"},"potentialAction":[{"@type":"SearchAction","target":{"@type":"EntryPoint","urlTemplate":"https:\/\/europavarietas.org\/csdp_new\/?s={search_term_string}"},"query-input":{"@type":"PropertyValueSpecification","valueRequired":true,"valueName":"search_term_string"}}],"inLanguage":"en-GB"},{"@type":"Organization","@id":"https:\/\/europavarietas.org\/csdp_new\/#organization","name":"CERPESC","url":"https:\/\/europavarietas.org\/csdp_new\/","logo":{"@type":"ImageObject","inLanguage":"en-GB","@id":"https:\/\/europavarietas.org\/csdp_new\/#\/schema\/logo\/image\/","url":"https:\/\/europavarietas.org\/csdp_new\/wp-content\/uploads\/2023\/08\/cropped-cropped-cerpesc5_0.png","contentUrl":"https:\/\/europavarietas.org\/csdp_new\/wp-content\/uploads\/2023\/08\/cropped-cropped-cerpesc5_0.png","width":530,"height":97,"caption":"CERPESC"},"image":{"@id":"https:\/\/europavarietas.org\/csdp_new\/#\/schema\/logo\/image\/"}}]}},"_links":{"self":[{"href":"https:\/\/europavarietas.org\/csdp_new\/index.php\/wp-json\/wp\/v2\/pages\/33","targetHints":{"allow":["GET"]}}],"collection":[{"href":"https:\/\/europavarietas.org\/csdp_new\/index.php\/wp-json\/wp\/v2\/pages"}],"about":[{"href":"https:\/\/europavarietas.org\/csdp_new\/index.php\/wp-json\/wp\/v2\/types\/page"}],"author":[{"embeddable":true,"href":"https:\/\/europavarietas.org\/csdp_new\/index.php\/wp-json\/wp\/v2\/users\/1"}],"replies":[{"embeddable":true,"href":"https:\/\/europavarietas.org\/csdp_new\/index.php\/wp-json\/wp\/v2\/comments?post=33"}],"version-history":[{"count":16,"href":"https:\/\/europavarietas.org\/csdp_new\/index.php\/wp-json\/wp\/v2\/pages\/33\/revisions"}],"predecessor-version":[{"id":584,"href":"https:\/\/europavarietas.org\/csdp_new\/index.php\/wp-json\/wp\/v2\/pages\/33\/revisions\/584"}],"wp:attachment":[{"href":"https:\/\/europavarietas.org\/csdp_new\/index.php\/wp-json\/wp\/v2\/media?parent=33"}],"wp:term":[{"taxonomy":"category","embeddable":true,"href":"https:\/\/europavarietas.org\/csdp_new\/index.php\/wp-json\/wp\/v2\/categories?post=33"},{"taxonomy":"post_tag","embeddable":true,"href":"https:\/\/europavarietas.org\/csdp_new\/index.php\/wp-json\/wp\/v2\/tags?post=33"}],"curies":[{"name":"wp","href":"https:\/\/api.w.org\/{rel}","templated":true}]}}