{"id":246,"date":"2023-08-22T20:55:01","date_gmt":"2023-08-22T20:55:01","guid":{"rendered":"https:\/\/europavarietas.org\/csdp_new\/?page_id=246"},"modified":"2023-08-24T20:59:31","modified_gmt":"2023-08-24T20:59:31","slug":"core-documents","status":"publish","type":"page","link":"https:\/\/europavarietas.org\/csdp_new\/index.php\/core-documents\/","title":{"rendered":"Core Documents"},"content":{"rendered":"\t\t<div data-elementor-type=\"wp-page\" data-elementor-id=\"246\" class=\"elementor elementor-246\">\n\t\t\t\t\t\t<section class=\"elementor-section elementor-top-section elementor-element elementor-element-a519195 elementor-section-boxed elementor-section-height-default elementor-section-height-default\" data-id=\"a519195\" data-element_type=\"section\">\n\t\t\t\t\t\t<div class=\"elementor-container elementor-column-gap-default\">\n\t\t\t\t\t<div class=\"elementor-column elementor-col-100 elementor-top-column elementor-element elementor-element-e256528\" data-id=\"e256528\" data-element_type=\"column\">\n\t\t\t<div class=\"elementor-widget-wrap elementor-element-populated\">\n\t\t\t\t\t\t<div class=\"elementor-element elementor-element-64770a8 elementor-widget elementor-widget-text-editor\" data-id=\"64770a8\" data-element_type=\"widget\" data-widget_type=\"text-editor.default\">\n\t\t\t\t<div class=\"elementor-widget-container\">\n\t\t\t\t\t\t\t\t\t<center><img decoding=\"async\" src=\"http:\/\/europavarietas.org\/csdp\/sites\/default\/files\/coredocs4.jpg\" \/><\/center>\t\t\t\t\t\t\t\t<\/div>\n\t\t\t\t<\/div>\n\t\t\t\t\t<\/div>\n\t\t<\/div>\n\t\t\t\t\t<\/div>\n\t\t<\/section>\n\t\t\t\t<section class=\"elementor-section elementor-top-section elementor-element elementor-element-191d671 elementor-section-boxed elementor-section-height-default elementor-section-height-default\" data-id=\"191d671\" data-element_type=\"section\">\n\t\t\t\t\t\t<div class=\"elementor-container elementor-column-gap-default\">\n\t\t\t\t\t<div class=\"elementor-column elementor-col-100 elementor-top-column elementor-element elementor-element-b77328b\" data-id=\"b77328b\" data-element_type=\"column\">\n\t\t\t<div class=\"elementor-widget-wrap elementor-element-populated\">\n\t\t\t\t\t\t<div class=\"elementor-element elementor-element-1893f9d elementor-widget elementor-widget-text-editor\" data-id=\"1893f9d\" data-element_type=\"widget\" data-widget_type=\"text-editor.default\">\n\t\t\t\t<div class=\"elementor-widget-container\">\n\t\t\t\t\t\t\t\t\t<p>EUROPEAN SECURITY &amp; DEFENCE : CORE DOCUMENTS\u00a0<\/p><p><em>Andr\u00e1s Istv\u00e1n T\u00fcrke (ed.)<\/em><br \/><strong>FROM ST-MALO TO LISBON<br \/>Selected Documents of the European Security &amp; Defence Policy (1998-2008)<\/strong><br \/><em>With a selected list of Council Joint Actions and Council Decisions (2001-2013)<\/em><br \/><em>With 196 French &amp; English documents<\/em><\/p><p><em>Andr\u00e1s Istv\u00e1n T\u00fcrke (ed.)<\/em><br \/><strong>DE SAINT MALO A LISBONNE<br \/>Les Textes choisis de la politique \u00e9trang\u00e8re et de s\u00e9curit\u00e9 en Europe (1998-2008)<\/strong><br \/><em>Avec la liste des actions communes et d\u00e9cisions du Conseil (2001-2013)<br \/>Avec 196 documents fran\u00e7ais et anglais<\/em><br \/>Europa Varietas Institute, 2013.<\/p><p>Textes choisis par Andr\u00e1s Istv\u00e1n T\u00fcrke<\/p><p style=\"text-align: justify;\">Le recueil de textes &#8220;De Saint-Malo \u00e0 Lisbonne &#8211; Les textes choisis de la politique europ\u00e9enne de s\u00e9curit\u00e9 et de d\u00e9fense (1998-2008)&#8221; pr\u00e9sente les 196 textes les plus importants de la PESD, Politique europ\u00e9enne de s\u00e9curit\u00e9 et de d\u00e9fense (et de la PSDC &#8211; Politique commune de s\u00e9curit\u00e9 et de d\u00e9fense, depuis d\u00e9cembre 2009). Cette anthologie du CERPESC, avec ces chapitres th\u00e9matiques, est destin\u00e9e \u00e0 faciliter l&#8217;\u00e9tude des documents les importants de la PESD du Sommet europ\u00e9en informel \u00e0 P\u00f6rtschach jusqu&#8217;au Trait\u00e9 de Lisbonne, base de la PSDC actuelle. Dans certains cas notre livre d\u00e9passe volontairement le cadre temporaire pr\u00e9-choisi afin de pouvoir mieux pr\u00e9senter, et donner un cadre plus complet pour les contextes, voir par exemple les relations entre l&#8217;Union europ\u00e9enne et l&#8217;Union africaine ou les processus dans l&#8217;espace m\u00e9diterran\u00e9en. Le bouquin finit par une liste \u00e9largie, mais non exhaustive des Actions communes (2001-2009) et D\u00e9cisions du Conseil (2010-2013). Ces documents sont t\u00e9l\u00e9chargeables gratuitement depuis le site du CERPESC (Centre europ\u00e9en de recherche pour la PESC &#8211; European Solutions for Defence &amp; Crisis Management ; www.pesc.eu) et la liste est r\u00e9guli\u00e8rement mise \u00e0 jour. Ce recueil de texte compl\u00e8te et se base sur le livre suivant : A. I. T\u00fcrke : La Politique europ\u00e9enne de s\u00e9curit\u00e9 et de d\u00e9fense &#8211; Quel bilan apr\u00e8s 10 ans? Quelles nouvelles orientations?, Paris, L\u2019Harmattan, 2012.<\/p><p><a href=\"\/sites\/default\/files\/FromStMalotoLisbonv1.3.pdf\"><img decoding=\"async\" src=\"\/sites\/default\/files\/letoltesen.jpg\" \/><\/a> <a href=\"\/sites\/default\/files\/DeSaintMaloaLisbonnev1.3.pdf\"><img decoding=\"async\" src=\"\/sites\/default\/files\/letoltesfr.jpg\" \/><\/a><\/p><p><em>Andr\u00e1s Istv\u00e1n T\u00fcrke (ed.)<\/em><br \/><strong>FROM DUNKIRK TO AMSTERDAM &#8211; Core Documents of the Common Foreign &amp; Security Policy in Europe (1947-1997)<\/strong><br \/><em>With 53 French, English &amp; German documents<\/em><\/p><p><em>Andr\u00e1s Istv\u00e1n T\u00fcrke (ed.)<\/em><br \/><strong>DE DUNKERQUE A AMSTERDAM<br \/>Les Textes fondamentaux de la politique \u00e9trang\u00e8re et de s\u00e9curit\u00e9 en Europe (1947-1997)<\/strong><br \/><em>Avec 53 documents fran\u00e7ais, anglais et allemands<\/em><br \/>Objectif Europe III &#8211; Sorbonne, Europa Varietas Institute 2008.<\/p><p>Textes choisis par : Gergely Varga, Guillaume de Roug\u00e9, Benoit Duffort, Andr\u00e1s Istv\u00e1n T\u00fcrke<\/p><p style=\"text-align: justify;\">Il existe plusieurs anthologies, recueils de textes ou bases de donn\u00e9es sur l\u2019internet qui publient, chacun dans son propre domaine ou suivant sa propre logique, plusieurs documents de politique \u00e9trang\u00e8re et de s\u00e9curit\u00e9 en Europe. Notre ouvrage, De Dunkerque \u00e0 Amsterdam cherche \u00e0 regrouper, en un seul livre, une cinquantaine de textes concernant l\u2019espace europ\u00e9en pendant la p\u00e9riode 1947-1997: trait\u00e9s, plans, strat\u00e9gies communes, rapports, actes etc. Les documents europ\u00e9ens les plus importants, de l\u2019OTAN, de la CPE de l\u2019UEO, de l\u2019UE et de la CSCE\/OSCE, mais aussi certains plans non r\u00e9alis\u00e9s, sont rassembl\u00e9s dans un ordre chronologique qui aide \u00e0 comprendre les interactions entre les diff\u00e9rentes formes et la structure complexe de la d\u00e9fense commune en Europe. Nous esp\u00e9rons que la lecture ou relecture de ces textes facilitera la compr\u00e9hension des d\u00e9bats et des enjeux de la PESC\/PESD de nos jours.<br \/>En outre, nous souhaitons que cette anthologie tienne lieu de \u201epr\u00e9face\u201d au num\u00e9ro de la tr\u00e8s honorable s\u00e9rie des Cahiers de Chaillot intitul\u00e9 : Des textes fondamentaux de la PESC (depuis Saint-Malo, 1998), publi\u00e9e annuellement par <a href=\"http:\/\/www.iss.europa.eu\/\">l\u2019Institut d\u2019\u00c9tudes de S\u00e9curit\u00e9 de l\u2019Union europ\u00e9enne<\/a>.<\/p><p><a href=\"\/sites\/default\/files\/DeDunkerqueaAmsterdam2008EN.pdf\"><img decoding=\"async\" src=\"\/sites\/default\/files\/letoltesen.jpg\" \/><\/a> <a href=\"\/sites\/default\/files\/DeDunkerqueaAmsterdam2008.pdf\"><img decoding=\"async\" src=\"\/sites\/default\/files\/letoltesfr.jpg\" \/><\/a><\/p><center><img decoding=\"async\" src=\"\/files\/desaintmaloalisbonne.jpg\" width=\"175\" height=\"234\" \/> <img decoding=\"async\" src=\"\/files\/fromstmalotolisbon.jpg\" width=\"175\" height=\"234\" \/> <img decoding=\"async\" src=\"\/sites\/default\/files\/dunkirk.jpg\" width=\"175\" height=\"234\" \/> <img loading=\"lazy\" decoding=\"async\" src=\"\/sites\/default\/files\/dunkerque1.jpg\" width=\"175\" height=\"234\" \/><\/center>\t\t\t\t\t\t\t\t<\/div>\n\t\t\t\t<\/div>\n\t\t\t\t\t<\/div>\n\t\t<\/div>\n\t\t\t\t\t<\/div>\n\t\t<\/section>\n\t\t\t\t<\/div>\n\t\t","protected":false},"excerpt":{"rendered":"<p>EUROPEAN SECURITY &amp; DEFENCE : CORE DOCUMENTS\u00a0 Andr\u00e1s Istv\u00e1n T\u00fcrke (ed.)FROM ST-MALO TO LISBONSelected Documents of the European Security &amp; Defence Policy (1998-2008)With a selected list of Council Joint Actions and Council Decisions (2001-2013)With 196 French &amp; English documents Andr\u00e1s Istv\u00e1n T\u00fcrke (ed.)DE SAINT MALO A LISBONNELes Textes choisis de la politique \u00e9trang\u00e8re et de&#8230;<\/p>\n","protected":false},"author":1,"featured_media":0,"parent":0,"menu_order":0,"comment_status":"closed","ping_status":"closed","template":"","meta":{"footnotes":""},"categories":[3],"tags":[],"class_list":["post-246","page","type-page","status-publish","hentry","category-cerpesc"],"yoast_head":"<!-- This site is optimized with the Yoast SEO plugin v26.5 - https:\/\/yoast.com\/wordpress\/plugins\/seo\/ -->\n<title>Core Documents - CERPESC<\/title>\n<meta name=\"robots\" content=\"index, follow, max-snippet:-1, max-image-preview:large, max-video-preview:-1\" \/>\n<link rel=\"canonical\" href=\"https:\/\/europavarietas.org\/csdp_new\/index.php\/core-documents\/\" \/>\n<meta property=\"og:locale\" content=\"en_GB\" \/>\n<meta property=\"og:type\" content=\"article\" \/>\n<meta property=\"og:title\" content=\"Core Documents - CERPESC\" \/>\n<meta property=\"og:description\" content=\"EUROPEAN SECURITY &amp; DEFENCE : CORE DOCUMENTS\u00a0 Andr\u00e1s Istv\u00e1n T\u00fcrke (ed.)FROM ST-MALO TO LISBONSelected Documents of the European Security &amp; Defence Policy (1998-2008)With a selected list of Council Joint Actions and Council Decisions (2001-2013)With 196 French &amp; English documents Andr\u00e1s Istv\u00e1n T\u00fcrke (ed.)DE SAINT MALO A LISBONNELes Textes choisis de la politique \u00e9trang\u00e8re et de...\" \/>\n<meta property=\"og:url\" content=\"https:\/\/europavarietas.org\/csdp_new\/index.php\/core-documents\/\" \/>\n<meta property=\"og:site_name\" content=\"CERPESC\" \/>\n<meta property=\"article:modified_time\" content=\"2023-08-24T20:59:31+00:00\" \/>\n<meta property=\"og:image\" content=\"http:\/\/europavarietas.org\/csdp\/sites\/default\/files\/coredocs4.jpg\" \/>\n<meta name=\"twitter:card\" content=\"summary_large_image\" \/>\n<meta name=\"twitter:label1\" content=\"Estimated reading time\" \/>\n\t<meta name=\"twitter:data1\" content=\"5 minutes\" \/>\n<script type=\"application\/ld+json\" class=\"yoast-schema-graph\">{\"@context\":\"https:\/\/schema.org\",\"@graph\":[{\"@type\":\"WebPage\",\"@id\":\"https:\/\/europavarietas.org\/csdp_new\/index.php\/core-documents\/\",\"url\":\"https:\/\/europavarietas.org\/csdp_new\/index.php\/core-documents\/\",\"name\":\"Core Documents - CERPESC\",\"isPartOf\":{\"@id\":\"https:\/\/europavarietas.org\/csdp_new\/#website\"},\"primaryImageOfPage\":{\"@id\":\"https:\/\/europavarietas.org\/csdp_new\/index.php\/core-documents\/#primaryimage\"},\"image\":{\"@id\":\"https:\/\/europavarietas.org\/csdp_new\/index.php\/core-documents\/#primaryimage\"},\"thumbnailUrl\":\"http:\/\/europavarietas.org\/csdp\/sites\/default\/files\/coredocs4.jpg\",\"datePublished\":\"2023-08-22T20:55:01+00:00\",\"dateModified\":\"2023-08-24T20:59:31+00:00\",\"breadcrumb\":{\"@id\":\"https:\/\/europavarietas.org\/csdp_new\/index.php\/core-documents\/#breadcrumb\"},\"inLanguage\":\"en-GB\",\"potentialAction\":[{\"@type\":\"ReadAction\",\"target\":[\"https:\/\/europavarietas.org\/csdp_new\/index.php\/core-documents\/\"]}]},{\"@type\":\"ImageObject\",\"inLanguage\":\"en-GB\",\"@id\":\"https:\/\/europavarietas.org\/csdp_new\/index.php\/core-documents\/#primaryimage\",\"url\":\"http:\/\/europavarietas.org\/csdp\/sites\/default\/files\/coredocs4.jpg\",\"contentUrl\":\"http:\/\/europavarietas.org\/csdp\/sites\/default\/files\/coredocs4.jpg\"},{\"@type\":\"BreadcrumbList\",\"@id\":\"https:\/\/europavarietas.org\/csdp_new\/index.php\/core-documents\/#breadcrumb\",\"itemListElement\":[{\"@type\":\"ListItem\",\"position\":1,\"name\":\"Home\",\"item\":\"https:\/\/europavarietas.org\/csdp_new\/\"},{\"@type\":\"ListItem\",\"position\":2,\"name\":\"Core Documents\"}]},{\"@type\":\"WebSite\",\"@id\":\"https:\/\/europavarietas.org\/csdp_new\/#website\",\"url\":\"https:\/\/europavarietas.org\/csdp_new\/\",\"name\":\"CERPESC\",\"description\":\"European Soultion for Defence and Crisis Management\",\"publisher\":{\"@id\":\"https:\/\/europavarietas.org\/csdp_new\/#organization\"},\"potentialAction\":[{\"@type\":\"SearchAction\",\"target\":{\"@type\":\"EntryPoint\",\"urlTemplate\":\"https:\/\/europavarietas.org\/csdp_new\/?s={search_term_string}\"},\"query-input\":{\"@type\":\"PropertyValueSpecification\",\"valueRequired\":true,\"valueName\":\"search_term_string\"}}],\"inLanguage\":\"en-GB\"},{\"@type\":\"Organization\",\"@id\":\"https:\/\/europavarietas.org\/csdp_new\/#organization\",\"name\":\"CERPESC\",\"url\":\"https:\/\/europavarietas.org\/csdp_new\/\",\"logo\":{\"@type\":\"ImageObject\",\"inLanguage\":\"en-GB\",\"@id\":\"https:\/\/europavarietas.org\/csdp_new\/#\/schema\/logo\/image\/\",\"url\":\"https:\/\/europavarietas.org\/csdp_new\/wp-content\/uploads\/2023\/08\/cropped-cropped-cerpesc5_0.png\",\"contentUrl\":\"https:\/\/europavarietas.org\/csdp_new\/wp-content\/uploads\/2023\/08\/cropped-cropped-cerpesc5_0.png\",\"width\":530,\"height\":97,\"caption\":\"CERPESC\"},\"image\":{\"@id\":\"https:\/\/europavarietas.org\/csdp_new\/#\/schema\/logo\/image\/\"}}]}<\/script>\n<!-- \/ Yoast SEO plugin. -->","yoast_head_json":{"title":"Core Documents - CERPESC","robots":{"index":"index","follow":"follow","max-snippet":"max-snippet:-1","max-image-preview":"max-image-preview:large","max-video-preview":"max-video-preview:-1"},"canonical":"https:\/\/europavarietas.org\/csdp_new\/index.php\/core-documents\/","og_locale":"en_GB","og_type":"article","og_title":"Core Documents - CERPESC","og_description":"EUROPEAN SECURITY &amp; DEFENCE : CORE DOCUMENTS\u00a0 Andr\u00e1s Istv\u00e1n T\u00fcrke (ed.)FROM ST-MALO TO LISBONSelected Documents of the European Security &amp; Defence Policy (1998-2008)With a selected list of Council Joint Actions and Council Decisions (2001-2013)With 196 French &amp; English documents Andr\u00e1s Istv\u00e1n T\u00fcrke (ed.)DE SAINT MALO A LISBONNELes Textes choisis de la politique \u00e9trang\u00e8re et de...","og_url":"https:\/\/europavarietas.org\/csdp_new\/index.php\/core-documents\/","og_site_name":"CERPESC","article_modified_time":"2023-08-24T20:59:31+00:00","og_image":[{"url":"http:\/\/europavarietas.org\/csdp\/sites\/default\/files\/coredocs4.jpg","type":"","width":"","height":""}],"twitter_card":"summary_large_image","twitter_misc":{"Estimated reading time":"5 minutes"},"schema":{"@context":"https:\/\/schema.org","@graph":[{"@type":"WebPage","@id":"https:\/\/europavarietas.org\/csdp_new\/index.php\/core-documents\/","url":"https:\/\/europavarietas.org\/csdp_new\/index.php\/core-documents\/","name":"Core Documents - CERPESC","isPartOf":{"@id":"https:\/\/europavarietas.org\/csdp_new\/#website"},"primaryImageOfPage":{"@id":"https:\/\/europavarietas.org\/csdp_new\/index.php\/core-documents\/#primaryimage"},"image":{"@id":"https:\/\/europavarietas.org\/csdp_new\/index.php\/core-documents\/#primaryimage"},"thumbnailUrl":"http:\/\/europavarietas.org\/csdp\/sites\/default\/files\/coredocs4.jpg","datePublished":"2023-08-22T20:55:01+00:00","dateModified":"2023-08-24T20:59:31+00:00","breadcrumb":{"@id":"https:\/\/europavarietas.org\/csdp_new\/index.php\/core-documents\/#breadcrumb"},"inLanguage":"en-GB","potentialAction":[{"@type":"ReadAction","target":["https:\/\/europavarietas.org\/csdp_new\/index.php\/core-documents\/"]}]},{"@type":"ImageObject","inLanguage":"en-GB","@id":"https:\/\/europavarietas.org\/csdp_new\/index.php\/core-documents\/#primaryimage","url":"http:\/\/europavarietas.org\/csdp\/sites\/default\/files\/coredocs4.jpg","contentUrl":"http:\/\/europavarietas.org\/csdp\/sites\/default\/files\/coredocs4.jpg"},{"@type":"BreadcrumbList","@id":"https:\/\/europavarietas.org\/csdp_new\/index.php\/core-documents\/#breadcrumb","itemListElement":[{"@type":"ListItem","position":1,"name":"Home","item":"https:\/\/europavarietas.org\/csdp_new\/"},{"@type":"ListItem","position":2,"name":"Core Documents"}]},{"@type":"WebSite","@id":"https:\/\/europavarietas.org\/csdp_new\/#website","url":"https:\/\/europavarietas.org\/csdp_new\/","name":"CERPESC","description":"European Soultion for Defence and Crisis Management","publisher":{"@id":"https:\/\/europavarietas.org\/csdp_new\/#organization"},"potentialAction":[{"@type":"SearchAction","target":{"@type":"EntryPoint","urlTemplate":"https:\/\/europavarietas.org\/csdp_new\/?s={search_term_string}"},"query-input":{"@type":"PropertyValueSpecification","valueRequired":true,"valueName":"search_term_string"}}],"inLanguage":"en-GB"},{"@type":"Organization","@id":"https:\/\/europavarietas.org\/csdp_new\/#organization","name":"CERPESC","url":"https:\/\/europavarietas.org\/csdp_new\/","logo":{"@type":"ImageObject","inLanguage":"en-GB","@id":"https:\/\/europavarietas.org\/csdp_new\/#\/schema\/logo\/image\/","url":"https:\/\/europavarietas.org\/csdp_new\/wp-content\/uploads\/2023\/08\/cropped-cropped-cerpesc5_0.png","contentUrl":"https:\/\/europavarietas.org\/csdp_new\/wp-content\/uploads\/2023\/08\/cropped-cropped-cerpesc5_0.png","width":530,"height":97,"caption":"CERPESC"},"image":{"@id":"https:\/\/europavarietas.org\/csdp_new\/#\/schema\/logo\/image\/"}}]}},"_links":{"self":[{"href":"https:\/\/europavarietas.org\/csdp_new\/index.php\/wp-json\/wp\/v2\/pages\/246","targetHints":{"allow":["GET"]}}],"collection":[{"href":"https:\/\/europavarietas.org\/csdp_new\/index.php\/wp-json\/wp\/v2\/pages"}],"about":[{"href":"https:\/\/europavarietas.org\/csdp_new\/index.php\/wp-json\/wp\/v2\/types\/page"}],"author":[{"embeddable":true,"href":"https:\/\/europavarietas.org\/csdp_new\/index.php\/wp-json\/wp\/v2\/users\/1"}],"replies":[{"embeddable":true,"href":"https:\/\/europavarietas.org\/csdp_new\/index.php\/wp-json\/wp\/v2\/comments?post=246"}],"version-history":[{"count":38,"href":"https:\/\/europavarietas.org\/csdp_new\/index.php\/wp-json\/wp\/v2\/pages\/246\/revisions"}],"predecessor-version":[{"id":691,"href":"https:\/\/europavarietas.org\/csdp_new\/index.php\/wp-json\/wp\/v2\/pages\/246\/revisions\/691"}],"wp:attachment":[{"href":"https:\/\/europavarietas.org\/csdp_new\/index.php\/wp-json\/wp\/v2\/media?parent=246"}],"wp:term":[{"taxonomy":"category","embeddable":true,"href":"https:\/\/europavarietas.org\/csdp_new\/index.php\/wp-json\/wp\/v2\/categories?post=246"},{"taxonomy":"post_tag","embeddable":true,"href":"https:\/\/europavarietas.org\/csdp_new\/index.php\/wp-json\/wp\/v2\/tags?post=246"}],"curies":[{"name":"wp","href":"https:\/\/api.w.org\/{rel}","templated":true}]}}