{"id":2,"date":"2023-08-20T18:33:13","date_gmt":"2023-08-20T18:33:13","guid":{"rendered":"https:\/\/europavarietas.org\/csdp_new\/?page_id=2"},"modified":"2023-08-28T14:48:20","modified_gmt":"2023-08-28T14:48:20","slug":"sample-page","status":"publish","type":"page","link":"https:\/\/europavarietas.org\/csdp_new\/index.php\/sample-page\/","title":{"rendered":"CERPESC"},"content":{"rendered":"\t\t<div data-elementor-type=\"wp-page\" data-elementor-id=\"2\" class=\"elementor elementor-2\">\n\t\t\t\t\t\t<section class=\"elementor-section elementor-top-section elementor-element elementor-element-e162b9f elementor-section-boxed elementor-section-height-default elementor-section-height-default\" data-id=\"e162b9f\" data-element_type=\"section\">\n\t\t\t\t\t\t<div class=\"elementor-container elementor-column-gap-default\">\n\t\t\t\t\t<div class=\"elementor-column elementor-col-100 elementor-top-column elementor-element elementor-element-3ff19c3\" data-id=\"3ff19c3\" data-element_type=\"column\">\n\t\t\t<div class=\"elementor-widget-wrap elementor-element-populated\">\n\t\t\t\t\t\t<div class=\"elementor-element elementor-element-cff6895 elementor-widget elementor-widget-text-editor\" data-id=\"cff6895\" data-element_type=\"widget\" data-widget_type=\"text-editor.default\">\n\t\t\t\t<div class=\"elementor-widget-container\">\n\t\t\t\t\t\t\t\t\t<h2><strong>CENTRE EUROPEEN DE RECHERCHE POUR LA PESC\u00a0<\/strong><br \/><em>EUROPEAN RESEARCH CENTER FOR THE CFSP<\/em><\/h2><p><strong>About US<\/strong><\/p><p><em>European Solutions for Defence &amp; Crisis Management<\/em><\/p><p>CONTACT :\u00a0info@)europavarietas(.)org<\/p>\t\t\t\t\t\t\t\t<\/div>\n\t\t\t\t<\/div>\n\t\t\t\t\t<\/div>\n\t\t<\/div>\n\t\t\t\t\t<\/div>\n\t\t<\/section>\n\t\t\t\t<section class=\"elementor-section elementor-top-section elementor-element elementor-element-7436dc76 elementor-section-boxed elementor-section-height-default elementor-section-height-default\" data-id=\"7436dc76\" data-element_type=\"section\">\n\t\t\t\t\t\t<div class=\"elementor-container elementor-column-gap-default\">\n\t\t\t\t\t<div class=\"elementor-column elementor-col-100 elementor-top-column elementor-element elementor-element-82576e5\" data-id=\"82576e5\" data-element_type=\"column\">\n\t\t\t<div class=\"elementor-widget-wrap elementor-element-populated\">\n\t\t\t\t\t\t<div class=\"elementor-element elementor-element-49ccbac1 elementor-widget elementor-widget-text-editor\" data-id=\"49ccbac1\" data-element_type=\"widget\" data-widget_type=\"text-editor.default\">\n\t\t\t\t<div class=\"elementor-widget-container\">\n\t\t\t\t\t\t\t\t\t<p>PRESENTATION OF CERPESC\u00a0<\/p><p>\u2013 CERPESC, the European Research Center for the CFSP (Foreign and Security Policy of the European Union) is an international and multidisciplinary research center, in particular for the geopolitical issues of international relations and the foreign and defense policy of the European Union.<\/p><p>\u2013 CERPESC operates under the aegis of the Europa Varietas Institute specializing in strategic and international affairs, whose research focuses on European integration and defence.<\/p><p>PRESENTATION OF THE WEBSITE WWW.PESC.EU<\/p><p>\u2013 Developed by a dynamic international group of young researchers, doctors and doctoral students who are experts in history, international law and international relations, the site www.pesc.eu is a specialized portal for research in the field of security and defence.<\/p><p>\u2013 The site www.pesc.eu aims to present the different aspects of foreign and security policy in a multidisciplinary and international context.<\/p><p>\u2013 Our team is ready to cooperate with researchers and research centers to ensure the publicity of their work, and to facilitate cooperation between them. To join please contact us at the following address: info(@)europavarietas(.)org<\/p><p>\u2013 We are also waiting for your publications or summaries and their references in order to put them online as soon as possible. (in .rtf \/.pdf format)<\/p><p>Our objective is to be able to direct our visitor towards the important domains which assure him of immediate knowledge, but also to make easily known even the secondary sites containing additional information.<\/p><p>LEGAL MATTERS<\/p><p>\u2013 The content of the website www.pesc.eu concerns subjects which are the subject of the European Union but there is no link between pesc.eu and the institutional sites of the European Union. Consequently, the content engages only its authors and the European Union is not responsible for the use that may be made of the information on the site.<\/p><p>\u2013 By accessing the site, pesc.eu consents to the user who accepts a license under these conditions. The license grants the user a right of private or collective and non-exclusive use of the content of the site. It includes the right to reproduce for storage for the purposes of representation on a single-user screen and reproduction, in several copies, for back-up copy or printing on paper.<\/p><p>\u2013 The user is prohibited from making copies (database, electronic or typographical publications) for profit.<\/p><p>\u2013 The user has the obligation to indicate the source (author, title, CERPESC \/ www.pesc.eu).<\/p><p>\u2013 Our objective is to register this site within an international network, it is to make known in particular the author and the institute. To facilitate cooperation in research, please report a possible violation of law on our part and contact us to find the appropriate way for all parties.<\/p>\t\t\t\t\t\t\t\t<\/div>\n\t\t\t\t<\/div>\n\t\t\t\t\t<\/div>\n\t\t<\/div>\n\t\t\t\t\t<\/div>\n\t\t<\/section>\n\t\t\t\t<section class=\"elementor-section elementor-top-section elementor-element elementor-element-c94de2f elementor-section-boxed elementor-section-height-default elementor-section-height-default\" data-id=\"c94de2f\" data-element_type=\"section\">\n\t\t\t\t\t\t<div class=\"elementor-container elementor-column-gap-default\">\n\t\t\t\t\t<div class=\"elementor-column elementor-col-100 elementor-top-column elementor-element elementor-element-13db68e\" data-id=\"13db68e\" data-element_type=\"column\">\n\t\t\t<div class=\"elementor-widget-wrap elementor-element-populated\">\n\t\t\t\t\t\t<div class=\"elementor-element elementor-element-51de89b elementor-widget elementor-widget-text-editor\" data-id=\"51de89b\" data-element_type=\"widget\" data-widget_type=\"text-editor.default\">\n\t\t\t\t<div class=\"elementor-widget-container\">\n\t\t\t\t\t\t\t\t\t<p>PR\u00c9SENTATION DU CERPESC<\/p><p>&#8211; Le Centre Europ\u00e9en de Recherche pour la PESC (politique \u00e9trang\u00e8re et de s\u00e9curit\u00e9 de l&#8217;Union europ\u00e9enne) est un centre de recherche international et pluridisciplinaire notamment des enjeux g\u00e9opolitiques des relations internationales et de la politique \u00e9trang\u00e8re et de d\u00e9fense de l&#8217;Union europ\u00e9enne.<\/p><p>&#8211; Le CERPESC fonctionne sous l&#8217;\u00e9gide de l'&lt;a href=&#8221;http:\/\/www.europavarietas.org&#8221;&gt;Institut Europa Varietas&lt;\/a&gt; sp\u00e9cialis\u00e9 aux affaires strat\u00e9giques et internationales dont les recherches focalisent sur l&#8217;int\u00e9gration et la d\u00e9fense europ\u00e9enne.<\/p><p>PR\u00c9SENTATION DU SITE WWW.PESC.EU<\/p><p>&#8211; D\u00e9velopp\u00e9 par un groupe dynamique international des jeunes chercheurs, docteurs et doctorants experts en histoire, droit international et relations internationales le site www.pesc.eu est un portail sp\u00e9cialis\u00e9 de la recherche en mati\u00e8re de s\u00e9curit\u00e9 et de d\u00e9fense.<\/p><p>&#8211; Le site www.pesc.eu a pour dessein de pr\u00e9senter les diff\u00e9rents aspects de la politique \u00e9trang\u00e8re et de s\u00e9curit\u00e9 dans un contexte pluridisciplinaire et international.<\/p><p>&#8211; Notre \u00e9quipe est pr\u00eate \u00e1 la coop\u00e9ration avec des chercheurs et des centres de recherche pour assurer la publicit\u00e9 de leurs travaux, et pour faciliter la coop\u00e9ration entre eux. Pour adh\u00e9rer veuillez nous contacter \u00e1 l&#8217;adresse suivante: info(@)europavarietas(.)org<\/p><p>&#8211; Nous attendons aussi vos publications ou r\u00e9sum\u00e9s et r\u00e9f\u00e9rences de celles-ci en vue de les mettre en ligne le plus rapidement possible. (en format .rtf \/.pdf)<\/p><p>Notre objectif c&#8217;est de pouvoir orienter notre visiteur vers les domaines importants qui lui assurent des connaissances imm\u00e9diates mes aussi faire conna\u00eetre facilement m\u00eame les sites secondaire contenant des informations compl\u00e9mentaires.<\/p><p>QUESTIONS JURIDIQUES<\/p><p>&#8211; Le contenu du site internet www.pesc.eu concerne des sujets qui font l&#8217;objet de l&#8217;Union europ\u00e9enne mais il n&#8217;existe aucun lien entre pesc.eu et les sites institutionnels de l&#8217;Union europ\u00e9enne. En cons\u00e9quence le contenu n&#8217;engage que ses auteurs et l&#8217;Union europ\u00e9enne n&#8217;est pas responsable de l&#8217;usage qui pourrait \u00eatre fait des informations du site.<\/p><p>&#8211; Par l&#8217;acc\u00e8s au site, pesc.eu consent \u00e0 l&#8217;utilisateur qui l&#8217;accepte une licence dans les pr\u00e9sentes conditions. La licence conf\u00e8re \u00e0 l&#8217;utilisateur un droit d&#8217;usage priv\u00e9 ou collectif et non exclusif, sur le contenu du site. Elle comprend le droit de reproduire pour stockage aux fins de repr\u00e9sentation sur \u00e9cran monoposte et de reproduction, en plusieurs exemplaires, pour copie de sauvegarde ou tirage sur papier.<\/p><p>&#8211; Il est interdit \u00e0 l&#8217;utilisateur de faire des copies (base de donn\u00e9es, publications \u00e9lectroniques ou typographiques) pour en tirer profit.<\/p><p>&#8211; L\u2019utilisateur a l\u2019obligation d\u2019indiquer la source (auteur, titre, CERPESC \/ www.pesc.eu).<\/p><p>&#8211; Notre objectif est d&#8217;inscrire ce site au sein d&#8217;un r\u00e9seau international c\u2019est faire conna\u00eetre notamment l&#8217;auteur et l&#8217;institut. Pour faciliter la coop\u00e9ration dans la recherche merci de signaler une violation de droit \u00e9ventuelle de notre part et prendre le contact avec nous pour trouver la mani\u00e8re ad\u00e9quat pour toutes les parties.<\/p>\t\t\t\t\t\t\t\t<\/div>\n\t\t\t\t<\/div>\n\t\t\t\t\t<\/div>\n\t\t<\/div>\n\t\t\t\t\t<\/div>\n\t\t<\/section>\n\t\t\t\t<\/div>\n\t\t","protected":false},"excerpt":{"rendered":"<p>CENTRE EUROPEEN DE RECHERCHE POUR LA PESC\u00a0 EUROPEAN RESEARCH CENTER FOR THE CFSP About US European Solutions for Defence &amp; Crisis Management CONTACT :\u00a0info@)europavarietas(.)org PRESENTATION OF CERPESC \u2013 CERPESC, the European Research Center for the CFSP (Foreign and Security Policy of the European Union) is an international and multidisciplinary research center, in particular for the&#8230;<\/p>\n","protected":false},"author":2,"featured_media":1269,"parent":0,"menu_order":0,"comment_status":"closed","ping_status":"open","template":"","meta":{"footnotes":""},"categories":[],"tags":[],"class_list":["post-2","page","type-page","status-publish","has-post-thumbnail","hentry"],"yoast_head":"<!-- This site is optimized with the Yoast SEO plugin v26.5 - https:\/\/yoast.com\/wordpress\/plugins\/seo\/ -->\n<title>CERPESC - CERPESC<\/title>\n<meta name=\"robots\" content=\"index, follow, max-snippet:-1, max-image-preview:large, max-video-preview:-1\" \/>\n<link rel=\"canonical\" href=\"https:\/\/europavarietas.org\/csdp_new\/index.php\/sample-page\/\" \/>\n<meta property=\"og:locale\" content=\"en_GB\" \/>\n<meta property=\"og:type\" content=\"article\" \/>\n<meta property=\"og:title\" content=\"CERPESC - CERPESC\" \/>\n<meta property=\"og:description\" content=\"CENTRE EUROPEEN DE RECHERCHE POUR LA PESC\u00a0 EUROPEAN RESEARCH CENTER FOR THE CFSP About US European Solutions for Defence &amp; Crisis Management CONTACT :\u00a0info@)europavarietas(.)org PRESENTATION OF CERPESC \u2013 CERPESC, the European Research Center for the CFSP (Foreign and Security Policy of the European Union) is an international and multidisciplinary research center, in particular for the...\" \/>\n<meta property=\"og:url\" content=\"https:\/\/europavarietas.org\/csdp_new\/index.php\/sample-page\/\" \/>\n<meta property=\"og:site_name\" content=\"CERPESC\" \/>\n<meta property=\"article:modified_time\" content=\"2023-08-28T14:48:20+00:00\" \/>\n<meta property=\"og:image\" content=\"https:\/\/europavarietas.org\/csdp_new\/wp-content\/uploads\/2023\/08\/europavarietas-1.jpg\" \/>\n\t<meta property=\"og:image:width\" content=\"950\" \/>\n\t<meta property=\"og:image:height\" content=\"355\" \/>\n\t<meta property=\"og:image:type\" content=\"image\/jpeg\" \/>\n<meta name=\"twitter:card\" content=\"summary_large_image\" \/>\n<meta name=\"twitter:label1\" content=\"Estimated reading time\" \/>\n\t<meta name=\"twitter:data1\" content=\"4 minutes\" \/>\n<script type=\"application\/ld+json\" class=\"yoast-schema-graph\">{\"@context\":\"https:\/\/schema.org\",\"@graph\":[{\"@type\":\"WebPage\",\"@id\":\"https:\/\/europavarietas.org\/csdp_new\/index.php\/sample-page\/\",\"url\":\"https:\/\/europavarietas.org\/csdp_new\/index.php\/sample-page\/\",\"name\":\"CERPESC - CERPESC\",\"isPartOf\":{\"@id\":\"https:\/\/europavarietas.org\/csdp_new\/#website\"},\"primaryImageOfPage\":{\"@id\":\"https:\/\/europavarietas.org\/csdp_new\/index.php\/sample-page\/#primaryimage\"},\"image\":{\"@id\":\"https:\/\/europavarietas.org\/csdp_new\/index.php\/sample-page\/#primaryimage\"},\"thumbnailUrl\":\"https:\/\/europavarietas.org\/csdp_new\/wp-content\/uploads\/2023\/08\/europavarietas-1.jpg\",\"datePublished\":\"2023-08-20T18:33:13+00:00\",\"dateModified\":\"2023-08-28T14:48:20+00:00\",\"breadcrumb\":{\"@id\":\"https:\/\/europavarietas.org\/csdp_new\/index.php\/sample-page\/#breadcrumb\"},\"inLanguage\":\"en-GB\",\"potentialAction\":[{\"@type\":\"ReadAction\",\"target\":[\"https:\/\/europavarietas.org\/csdp_new\/index.php\/sample-page\/\"]}]},{\"@type\":\"ImageObject\",\"inLanguage\":\"en-GB\",\"@id\":\"https:\/\/europavarietas.org\/csdp_new\/index.php\/sample-page\/#primaryimage\",\"url\":\"https:\/\/europavarietas.org\/csdp_new\/wp-content\/uploads\/2023\/08\/europavarietas-1.jpg\",\"contentUrl\":\"https:\/\/europavarietas.org\/csdp_new\/wp-content\/uploads\/2023\/08\/europavarietas-1.jpg\",\"width\":950,\"height\":355},{\"@type\":\"BreadcrumbList\",\"@id\":\"https:\/\/europavarietas.org\/csdp_new\/index.php\/sample-page\/#breadcrumb\",\"itemListElement\":[{\"@type\":\"ListItem\",\"position\":1,\"name\":\"Home\",\"item\":\"https:\/\/europavarietas.org\/csdp_new\/\"},{\"@type\":\"ListItem\",\"position\":2,\"name\":\"CERPESC\"}]},{\"@type\":\"WebSite\",\"@id\":\"https:\/\/europavarietas.org\/csdp_new\/#website\",\"url\":\"https:\/\/europavarietas.org\/csdp_new\/\",\"name\":\"CERPESC\",\"description\":\"European Soultion for Defence and Crisis Management\",\"publisher\":{\"@id\":\"https:\/\/europavarietas.org\/csdp_new\/#organization\"},\"potentialAction\":[{\"@type\":\"SearchAction\",\"target\":{\"@type\":\"EntryPoint\",\"urlTemplate\":\"https:\/\/europavarietas.org\/csdp_new\/?s={search_term_string}\"},\"query-input\":{\"@type\":\"PropertyValueSpecification\",\"valueRequired\":true,\"valueName\":\"search_term_string\"}}],\"inLanguage\":\"en-GB\"},{\"@type\":\"Organization\",\"@id\":\"https:\/\/europavarietas.org\/csdp_new\/#organization\",\"name\":\"CERPESC\",\"url\":\"https:\/\/europavarietas.org\/csdp_new\/\",\"logo\":{\"@type\":\"ImageObject\",\"inLanguage\":\"en-GB\",\"@id\":\"https:\/\/europavarietas.org\/csdp_new\/#\/schema\/logo\/image\/\",\"url\":\"https:\/\/europavarietas.org\/csdp_new\/wp-content\/uploads\/2023\/08\/cropped-cropped-cerpesc5_0.png\",\"contentUrl\":\"https:\/\/europavarietas.org\/csdp_new\/wp-content\/uploads\/2023\/08\/cropped-cropped-cerpesc5_0.png\",\"width\":530,\"height\":97,\"caption\":\"CERPESC\"},\"image\":{\"@id\":\"https:\/\/europavarietas.org\/csdp_new\/#\/schema\/logo\/image\/\"}}]}<\/script>\n<!-- \/ Yoast SEO plugin. -->","yoast_head_json":{"title":"CERPESC - CERPESC","robots":{"index":"index","follow":"follow","max-snippet":"max-snippet:-1","max-image-preview":"max-image-preview:large","max-video-preview":"max-video-preview:-1"},"canonical":"https:\/\/europavarietas.org\/csdp_new\/index.php\/sample-page\/","og_locale":"en_GB","og_type":"article","og_title":"CERPESC - CERPESC","og_description":"CENTRE EUROPEEN DE RECHERCHE POUR LA PESC\u00a0 EUROPEAN RESEARCH CENTER FOR THE CFSP About US European Solutions for Defence &amp; Crisis Management CONTACT :\u00a0info@)europavarietas(.)org PRESENTATION OF CERPESC \u2013 CERPESC, the European Research Center for the CFSP (Foreign and Security Policy of the European Union) is an international and multidisciplinary research center, in particular for the...","og_url":"https:\/\/europavarietas.org\/csdp_new\/index.php\/sample-page\/","og_site_name":"CERPESC","article_modified_time":"2023-08-28T14:48:20+00:00","og_image":[{"width":950,"height":355,"url":"https:\/\/europavarietas.org\/csdp_new\/wp-content\/uploads\/2023\/08\/europavarietas-1.jpg","type":"image\/jpeg"}],"twitter_card":"summary_large_image","twitter_misc":{"Estimated reading time":"4 minutes"},"schema":{"@context":"https:\/\/schema.org","@graph":[{"@type":"WebPage","@id":"https:\/\/europavarietas.org\/csdp_new\/index.php\/sample-page\/","url":"https:\/\/europavarietas.org\/csdp_new\/index.php\/sample-page\/","name":"CERPESC - CERPESC","isPartOf":{"@id":"https:\/\/europavarietas.org\/csdp_new\/#website"},"primaryImageOfPage":{"@id":"https:\/\/europavarietas.org\/csdp_new\/index.php\/sample-page\/#primaryimage"},"image":{"@id":"https:\/\/europavarietas.org\/csdp_new\/index.php\/sample-page\/#primaryimage"},"thumbnailUrl":"https:\/\/europavarietas.org\/csdp_new\/wp-content\/uploads\/2023\/08\/europavarietas-1.jpg","datePublished":"2023-08-20T18:33:13+00:00","dateModified":"2023-08-28T14:48:20+00:00","breadcrumb":{"@id":"https:\/\/europavarietas.org\/csdp_new\/index.php\/sample-page\/#breadcrumb"},"inLanguage":"en-GB","potentialAction":[{"@type":"ReadAction","target":["https:\/\/europavarietas.org\/csdp_new\/index.php\/sample-page\/"]}]},{"@type":"ImageObject","inLanguage":"en-GB","@id":"https:\/\/europavarietas.org\/csdp_new\/index.php\/sample-page\/#primaryimage","url":"https:\/\/europavarietas.org\/csdp_new\/wp-content\/uploads\/2023\/08\/europavarietas-1.jpg","contentUrl":"https:\/\/europavarietas.org\/csdp_new\/wp-content\/uploads\/2023\/08\/europavarietas-1.jpg","width":950,"height":355},{"@type":"BreadcrumbList","@id":"https:\/\/europavarietas.org\/csdp_new\/index.php\/sample-page\/#breadcrumb","itemListElement":[{"@type":"ListItem","position":1,"name":"Home","item":"https:\/\/europavarietas.org\/csdp_new\/"},{"@type":"ListItem","position":2,"name":"CERPESC"}]},{"@type":"WebSite","@id":"https:\/\/europavarietas.org\/csdp_new\/#website","url":"https:\/\/europavarietas.org\/csdp_new\/","name":"CERPESC","description":"European Soultion for Defence and Crisis Management","publisher":{"@id":"https:\/\/europavarietas.org\/csdp_new\/#organization"},"potentialAction":[{"@type":"SearchAction","target":{"@type":"EntryPoint","urlTemplate":"https:\/\/europavarietas.org\/csdp_new\/?s={search_term_string}"},"query-input":{"@type":"PropertyValueSpecification","valueRequired":true,"valueName":"search_term_string"}}],"inLanguage":"en-GB"},{"@type":"Organization","@id":"https:\/\/europavarietas.org\/csdp_new\/#organization","name":"CERPESC","url":"https:\/\/europavarietas.org\/csdp_new\/","logo":{"@type":"ImageObject","inLanguage":"en-GB","@id":"https:\/\/europavarietas.org\/csdp_new\/#\/schema\/logo\/image\/","url":"https:\/\/europavarietas.org\/csdp_new\/wp-content\/uploads\/2023\/08\/cropped-cropped-cerpesc5_0.png","contentUrl":"https:\/\/europavarietas.org\/csdp_new\/wp-content\/uploads\/2023\/08\/cropped-cropped-cerpesc5_0.png","width":530,"height":97,"caption":"CERPESC"},"image":{"@id":"https:\/\/europavarietas.org\/csdp_new\/#\/schema\/logo\/image\/"}}]}},"_links":{"self":[{"href":"https:\/\/europavarietas.org\/csdp_new\/index.php\/wp-json\/wp\/v2\/pages\/2","targetHints":{"allow":["GET"]}}],"collection":[{"href":"https:\/\/europavarietas.org\/csdp_new\/index.php\/wp-json\/wp\/v2\/pages"}],"about":[{"href":"https:\/\/europavarietas.org\/csdp_new\/index.php\/wp-json\/wp\/v2\/types\/page"}],"author":[{"embeddable":true,"href":"https:\/\/europavarietas.org\/csdp_new\/index.php\/wp-json\/wp\/v2\/users\/2"}],"replies":[{"embeddable":true,"href":"https:\/\/europavarietas.org\/csdp_new\/index.php\/wp-json\/wp\/v2\/comments?post=2"}],"version-history":[{"count":57,"href":"https:\/\/europavarietas.org\/csdp_new\/index.php\/wp-json\/wp\/v2\/pages\/2\/revisions"}],"predecessor-version":[{"id":1270,"href":"https:\/\/europavarietas.org\/csdp_new\/index.php\/wp-json\/wp\/v2\/pages\/2\/revisions\/1270"}],"wp:featuredmedia":[{"embeddable":true,"href":"https:\/\/europavarietas.org\/csdp_new\/index.php\/wp-json\/wp\/v2\/media\/1269"}],"wp:attachment":[{"href":"https:\/\/europavarietas.org\/csdp_new\/index.php\/wp-json\/wp\/v2\/media?parent=2"}],"wp:term":[{"taxonomy":"category","embeddable":true,"href":"https:\/\/europavarietas.org\/csdp_new\/index.php\/wp-json\/wp\/v2\/categories?post=2"},{"taxonomy":"post_tag","embeddable":true,"href":"https:\/\/europavarietas.org\/csdp_new\/index.php\/wp-json\/wp\/v2\/tags?post=2"}],"curies":[{"name":"wp","href":"https:\/\/api.w.org\/{rel}","templated":true}]}}