{"id":1031,"date":"2015-01-09T17:51:00","date_gmt":"2015-01-09T17:51:00","guid":{"rendered":"https:\/\/europavarietas.org\/csdp_new\/?page_id=1031"},"modified":"2023-08-27T17:53:21","modified_gmt":"2023-08-27T17:53:21","slug":"news-agencies","status":"publish","type":"page","link":"https:\/\/europavarietas.org\/csdp_new\/index.php\/news-agencies\/","title":{"rendered":"News Agencies"},"content":{"rendered":"\t\t<div data-elementor-type=\"wp-page\" data-elementor-id=\"1031\" class=\"elementor elementor-1031\">\n\t\t\t\t\t\t<section class=\"elementor-section elementor-top-section elementor-element elementor-element-9d35b2a elementor-section-boxed elementor-section-height-default elementor-section-height-default\" data-id=\"9d35b2a\" data-element_type=\"section\">\n\t\t\t\t\t\t<div class=\"elementor-container elementor-column-gap-default\">\n\t\t\t\t\t<div class=\"elementor-column elementor-col-100 elementor-top-column elementor-element elementor-element-527a015\" data-id=\"527a015\" data-element_type=\"column\">\n\t\t\t<div class=\"elementor-widget-wrap elementor-element-populated\">\n\t\t\t\t\t\t<div class=\"elementor-element elementor-element-d68287d elementor-widget elementor-widget-text-editor\" data-id=\"d68287d\" data-element_type=\"widget\" data-widget_type=\"text-editor.default\">\n\t\t\t\t<div class=\"elementor-widget-container\">\n\t\t\t\t\t\t\t\t\t<p>INTERNATIONAL\u00a0<br \/><a href=\"http:\/\/www.assistnews.net\/\" target=\"_blank\" rel=\"noopener\">ASSIST News Service<\/a><br \/><a href=\"http:\/\/www.focus-fen.net\/\" target=\"_blank\" rel=\"noopener\">Focus Information Agency<\/a><br \/><a href=\"http:\/\/news.google.com\/\" target=\"_blank\" rel=\"noopener\">Google News<\/a><br \/><a href=\"http:\/\/www.iina.me\/english\/\" target=\"_blank\" rel=\"noopener\">IINA &#8211; Agence Islamique Internationale de Presse<\/a><br \/><a href=\"http:\/\/www.indymedia.org\/en\/index.shtml\" target=\"_blank\" rel=\"noopener\">Indymedia &#8211; Idenpendent Media Center<\/a><br \/><a href=\"http:\/\/www.ipsnews.net\/\" target=\"_blank\" rel=\"noopener\">IPS &#8211; Inter Press Service<\/a><br \/><a href=\"http:\/\/www.islamonline.net\/English\/index.shtml\" target=\"_blank\" rel=\"noopener\">Islam Online<\/a><br \/><a href=\"http:\/\/www.mondotimes.com\" target=\"_blank\" rel=\"noopener\">Mondo Times &#8211; The Worldwide Media Guide<\/a><br \/><a href=\"http:\/\/www.voltairenet.org\/fr\" target=\"_blank\" rel=\"noopener\">Voltairenet &#8211; R\u00e9seau de presse non align\u00e9e<\/a><\/p><p>EUROPEAN UNION (+ Switzerland, Norway) \/ UNION EUROPEENNE<br \/><a href=\"http:\/\/www.agenceurope.com\/FR\/GlobalFrameset.html\" target=\"_blank\" rel=\"noopener\">Agence Europe<\/a><\/p><p><a href=\"http:\/\/www.adn.de\/\" target=\"_blank\" rel=\"noopener\">ADN (Germany)<\/a><br \/><a href=\"http:\/\/www.afp.com\/home\/\" target=\"_blank\" rel=\"noopener\">AFP &#8211; Agence France Presse (France)<\/a><br \/><a href=\"http:\/\/www.agerpres.ro\/media\/index.php\" target=\"_blank\" rel=\"noopener\">AGERPRES &#8211; Agence nationale de presse roumaine (Roumanie)<\/a><br \/><a href=\"http:\/\/www.agi.it\/\" target=\"_blank\" rel=\"noopener\">AGI (Italie)<\/a><br \/><a href=\"http:\/\/www.ana-mpa.gr\/anaweb\/\" target=\"_blank\" rel=\"noopener\">ANA (Gr\u00e8ce)<\/a><br \/><a href=\"http:\/\/www.anp.nl\/index.html\" target=\"_blank\" rel=\"noopener\">ANP (Pays-Bas)<\/a><br \/><a href=\"http:\/\/www.ansa.it\/\" target=\"_blank\" rel=\"noopener\">ANSA (Italie)<\/a><br \/><a href=\"http:\/\/www.apa.at\/\" target=\"_blank\" rel=\"noopener\">APA (Autriche)<\/a><br \/><a href=\"http:\/\/www.bbc.co.uk\/\" target=\"_blank\" rel=\"noopener\">BBC &#8211; UK (Royaume Uni)<\/a><br \/><a href=\"http:\/\/www.ajp.be\/\" target=\"_blank\" rel=\"noopener\">BELGA (Belgique)<\/a><br \/><a href=\"http:\/\/www.brainpix.com\/\" target=\"_blank\" rel=\"noopener\">Brainpix (Portugal)<\/a><br \/><a href=\"http:\/\/www.bta.bg\/site\/bg\/index.shtml\" target=\"_blank\" rel=\"noopener\">BTA (Bulgarie)<\/a><br \/><a href=\"http:\/\/www.cna.org.cy\/website\/\" target=\"_blank\" rel=\"noopener\">CNA (Chypre)<\/a><br \/><a href=\"http:\/\/www.ctk.cz\/\" target=\"_blank\" rel=\"noopener\">CTK (R\u00e9p. tch\u00e8que)<\/a><br \/><a href=\"http:\/\/www.ddp.de\/\" target=\"_blank\" rel=\"noopener\">DDP (Allemagne)<\/a><br \/><a href=\"http:\/\/www.spiegel.de\/\" target=\"_blank\" rel=\"noopener\">Der Spiegel (Allemagne)<\/a><br \/><a href=\"http:\/\/www.welt.de\/\" target=\"_blank\" rel=\"noopener\">Die Welt (Allemagne)<\/a><br \/><a href=\"http:\/\/www.zeit.de\/index\" target=\"_blank\" rel=\"noopener\">Die Zeit (Allemagne)<\/a><br \/><a href=\"http:\/\/www.dpa.de\/\" target=\"_blank\" rel=\"noopener\">DPA (Allemagne)<\/a><br \/><a href=\"http:\/\/www.efe.com\/\" target=\"_blank\" rel=\"noopener\">EFE (Espagne)<\/a><br \/><a href=\"http:\/\/www.epd.de\/\" target=\"_blank\" rel=\"noopener\">EPD (Allemagne)<\/a><br \/><a href=\"http:\/\/www.fides.org\" target=\"_blank\" rel=\"noopener\">Fides-Service (Vatican)<\/a><br \/><a href=\"http:\/\/www.havariapress.hu\/\" target=\"_blank\" rel=\"noopener\">HavariaPress (Hongrie)<\/a><br \/><a href=\"http:\/\/www.hri.org\/\" target=\"_blank\" rel=\"noopener\">HR-Net (Gr\u00e8ce)<\/a><br \/><a href=\"http:\/\/www.ipsnews.net\/\" target=\"_blank\" rel=\"noopener\">Inter Press Service News Agency (Italie)<\/a><br \/><a href=\"http:\/\/www.lacapitale.be\/\" target=\"_blank\" rel=\"noopener\">La Capitale (Belgique)<\/a><br \/><a href=\"http:\/\/www.lecho.be\/home\" target=\"_blank\" rel=\"noopener\">L&#8217;Echo (Belgique)<\/a><br \/><a href=\"http:\/\/www.lusa.pt\/lusaweb\/\" target=\"_blank\" rel=\"noopener\">LUSA (Portugal)<\/a><br \/><a href=\"http:\/\/www.mti.hu\/\" target=\"_blank\" rel=\"noopener\">MTI &#8211; Magyar T\u00e1virati \u00dcgyn\u00f6ks\u00e9g (Hongrie)<\/a><br \/><a href=\"http:\/\/www.mediatica.ro\/\" target=\"_blank\" rel=\"noopener\">Mediacata (Transylvanie\/Roumanie)<\/a><br \/><a href=\"http:\/\/www.mediafax.ro\/\" target=\"_blank\" rel=\"noopener\">Mediafax (Roumanie)<\/a><br \/><a href=\"http:\/\/www.mo.be\/\" target=\"_blank\" rel=\"noopener\">MO (Pays-Bas)<\/a><br \/><a href=\"http:\/\/www.novinite.com\/\" target=\"_blank\" rel=\"noopener\">Novinite &#8211; Sofia News Agency (Bulgarie)<\/a><br \/><a href=\"http:\/\/www.ntb.no\/\" target=\"_blank\" rel=\"noopener\">NTB (Norv\u00e8ge)<\/a><br \/><a href=\"http:\/\/www.newsar.ro\/\" target=\"_blank\" rel=\"noopener\">News-Ar (Roumanie)<\/a><br \/><a href=\"http:\/\/www.pressassociation.com\/\" target=\"_blank\" rel=\"noopener\">PA Groups &#8211; UK (Royaume Uni)<\/a><br \/><a href=\"http:\/\/www.pap.com.pl\" target=\"_blank\" rel=\"noopener\">PAP (Pologne)<\/a><br \/><a href=\"http:\/\/today.reuters.com\/news\/home.aspx\" target=\"_blank\" rel=\"noopener\">Reuters (Royaume Uni)<\/a><br \/><a href=\"http:\/\/www.ritzau.dk\/\" target=\"_blank\" rel=\"noopener\">Ritzau (Danmark)<\/a><br \/><a href=\"http:\/\/www.agerpres.ro\/\" target=\"_blank\" rel=\"noopener\">Agerpres (Roumanie)<\/a><br \/><a href=\"http:\/\/www.sita.sk\/eng\/content.php\" target=\"_blank\" rel=\"noopener\">SITA (Slovaquie)<\/a><br \/><a href=\"http:\/\/www.sta.si\/en\/\" target=\"_blank\" rel=\"noopener\">STA &#8211; Slovene Press Agency (Slov\u00e9nie)<\/a><br \/><a href=\"http:\/\/www.stt.fi\/en\/\" target=\"_blank\" rel=\"noopener\">STT-FNB (Finland)<\/a><br \/><a href=\"http:\/\/www.tasr.sk\/\" target=\"_blank\" rel=\"noopener\">TASR (Slovaquie)<\/a><br \/><a href=\"http:\/\/www.tt.se\/start\/\" target=\"_blank\" rel=\"noopener\">TT (Su\u00e8de)<\/a><\/p><p>WESTERN BALKAN \/ BALKANS OCCIDENTAUX<br \/><a href=\"http:\/\/www.ata.gov.al\/index.aspx?lang=f\" target=\"_blank\" rel=\"noopener\">ATA &#8211; Albanian Telegraphic Agency (Albanie)<\/a><br \/><a href=\"http:\/\/www.beta.rs\/\" target=\"_blank\" rel=\"noopener\">BETA &#8211; Novinska egencija (Serbie)<\/a><br \/><a href=\"http:\/\/www.fena.ba\" target=\"_blank\" rel=\"noopener\">FENA (Bosnie-Herz\u00e9govine)<\/a><br \/><a href=\"http:\/\/www.hic.hr\/english\/index.htm\" target=\"_blank\" rel=\"noopener\">HIC &#8211; Croatian Information Centre (Croatie)<\/a><br \/><a href=\"http:\/\/websrv.hina.hr\/hina\/web\/index.action?request_locale=en\" target=\"_blank\" rel=\"noopener\">HINA (Croatie)<\/a><br \/><a href=\"http:\/\/www.tanjug.rs\/DefaultE.aspx\" target=\"_blank\" rel=\"noopener\">TANJUG (Serbie)<\/a><\/p><p>CEI, ASIE ET MOYEN-ORIENT<br \/><a href=\"http:\/\/www.imemc.org\/\" target=\"_blank\" rel=\"noopener\">IMEMC &#8211; International Middle East Media Center<\/a><\/p><p><a href=\"http:\/\/www.basa.md\" target=\"_blank\" rel=\"noopener\">BASA-press (Moldovie)<\/a><br \/><a href=\"http:\/\/www.infotag.md\/\" target=\"_blank\" rel=\"noopener\">Infotag (Moldavie)<\/a><br \/><a href=\"http:\/\/www.interlic.md\/\" target=\"_blank\" rel=\"noopener\">Interlic (Moldavie)<\/a><br \/><a href=\"http:\/\/www.risu.org.ua\/en\/index\" target=\"_blank\" rel=\"noopener\">RISU (Ukraine)<\/a><br \/><a href=\"http:\/\/www.interfax.ru\/\" target=\"_blank\" rel=\"noopener\">Interfax (Russie)<\/a><br \/><a href=\"http:\/\/www.itar-tass.com\/\" target=\"_blank\" rel=\"noopener\">ITAR-TASS (Russie)<\/a><br \/><a href=\"http:\/\/rian.ru\/\" target=\"_blank\" rel=\"noopener\">Ria Novosti (Russie)<\/a><br \/><a href=\"http:\/\/www2.irna.ir\/\" target=\"_blank\" rel=\"noopener\">IRNA (Iran)<\/a><br \/><a href=\"http:\/\/www.israelnewsagency.com\/\" target=\"_blank\" rel=\"noopener\">Israel News Agency (Israel)<\/a><br \/><a href=\"http:\/\/www.palpress.ps\/english\/\" target=\"_blank\" rel=\"noopener\">Palestine Press Agency<\/a><br \/><a href=\"http:\/\/www.maannews.net\/eng\/Default.aspx\" target=\"_blank\" rel=\"noopener\"> Ma&#8217;an News Agency (Palestine)<\/a><br \/><a href=\"http:\/\/www.french.xinhuanet.com\/\" target=\"_blank\" rel=\"noopener\">Xinhuanet (Chine)<\/a><br \/><a href=\"http:\/\/home.kyodo.co.jp\/\" target=\"_blank\" rel=\"noopener\">Kyodo News (Japon)<\/a><br \/><a href=\"http:\/\/lecourrier.vnagency.com.vn\" target=\"_blank\" rel=\"noopener\">Courrier du Vietnam &#8211; Vietnam News Agency<\/a><\/p><p>AM\u00c9RIQUE<br \/><a href=\"http:\/\/www.ap.org\/\" target=\"_blank\" rel=\"noopener\">AP &#8211; Associated Press (USA)<\/a><br \/><a href=\"http:\/\/www.cp.org\/english\/hp.htm\" target=\"_blank\" rel=\"noopener\">Canadian Press News Service &#8211; CP (Canada)<\/a><br \/><a href=\"http:\/\/www.bloomberg.com\" target=\"_blank\" rel=\"noopener\">Bloomberg (USA)<\/a><br \/><a href=\"http:\/\/abcnews.go.com\/\" target=\"_blank\" rel=\"noopener\">ABCnews (USA)<\/a><br \/><a href=\"http:\/\/aica.org\/index.php\" target=\"_blank\" rel=\"noopener\">AICA (Argent\u00edne)<\/a><br \/><a href=\"http:\/\/www.am.com.mx\/index.aspx?cookieCheck=true\" target=\"_blank\" rel=\"noopener\">AM &#8211; Brasil <\/a><br \/><a href=\"http:\/\/www.andina.com.pe\/Espanol\/\" target=\"_blank\" rel=\"noopener\">ANDINA (P\u00e9rou) <\/a><br \/><a href=\"http:\/\/ww2.cox.com\/\" target=\"_blank\" rel=\"noopener\">COX Communications (USA)<\/a><br \/><a href=\"http:\/\/www.cup.ca\/\" target=\"_blank\" rel=\"noopener\">CUP (Canada)<\/a><br \/><a href=\"http:\/\/www.foxnews.com\/\" target=\"_blank\" rel=\"noopener\">FOX News <\/a><br \/><a href=\"http:\/\/www.naa.org\/\" target=\"_blank\" rel=\"noopener\">Newspaper Association of America<\/a><br \/><a href=\"http:\/\/news.ncmonline.com\/news\/\" target=\"_blank\" rel=\"noopener\">Pacific News Service<\/a><br \/><a href=\"http:\/\/www.telam.com.ar\/home.php\" target=\"_blank\" rel=\"noopener\">Telam &#8211; Am\u00e9rique Latine<\/a><br \/><a href=\"http:\/\/www.mcclatchy.com\/\" target=\"_blank\" rel=\"noopener\">The McClatchy Company<\/a><br \/><a href=\"http:\/\/www.upi.com\" target=\"_blank\" rel=\"noopener\">UPI<\/a><\/p><p>AFRIQUE<br \/><a href=\"http:\/\/www.portalangop.co.ao\" target=\"_blank\" rel=\"noopener\">ANGOP &#8211; Agencia Angola Press (Angola)<\/a><br \/><a href=\"http:\/\/www.ani.mr\/?lang_Ani=fr\" target=\"_blank\" rel=\"noopener\">ANI &#8211; Agence Nouakchott Information (Mauritanie)<\/a><br \/><a href=\"http:\/\/www.apanews.net\/apa.php?page=index\" target=\"_blank\" rel=\"noopener\">APA &#8211; Agence de Presse Africaine<\/a><br \/><a href=\"http:\/\/www.panapress.com\/\" target=\"_blank\" rel=\"noopener\">Panapress &#8211; Agence Panafricaine de presse<\/a><br \/><a href=\"http:\/\/www.map.ma\/\" target=\"_blank\" rel=\"noopener\">Maghreb Arabe Presse<\/a><br \/><a href=\"http:\/\/www.syfia.info\/\" target=\"_blank\" rel=\"noopener\">Syfia Info<\/a><\/p><p><a href=\"http:\/\/www.aps.dz\/fr\/welcome.asp\" target=\"_blank\" rel=\"noopener\">APS &#8211; Alg\u00e9rie Presse Service (Alg\u00e9rie)<\/a><br \/><a href=\"http:\/\/www.aps.sn\" target=\"_blank\" rel=\"noopener\">APS &#8211; Agence de Presse S\u00e9n\u00e9galaise (S\u00e9n\u00e9gale)<\/a><br \/><a href=\"http:\/\/www.ena.gov.et\/\" target=\"_blank\" rel=\"noopener\">ENA (Ethiopie)<\/a><br \/><a href=\"http:\/\/www.nanngronline.com\" target=\"_blank\" rel=\"noopener\">NAN (Nig\u00e9ria)<\/a><br \/><a href=\"http:\/\/www.sapa.org.za\/secure\/login.cfm?CFID=1799622&amp;CFTOKEN=12969\" target=\"_blank\" rel=\"noopener\">SAPA (Afrique du Sud)<\/a><br \/><a href=\"http:\/\/www.suna-sd.net\/Index_FR.htm\" target=\"_blank\" rel=\"noopener\">SUNA (Soudan)<\/a><\/p><hr \/><p><cite>Sur Youtube<br \/><a href=\"http:\/\/www.youtube.com\/user\/AssociatedPress\" target=\"_blank\" rel=\"noopener\">&#8211; AP<\/a><br \/><a href=\"http:\/\/www.youtube.com\/user\/AFP\" target=\"_blank\" rel=\"noopener\">&#8211; AFP<\/a><br \/><a href=\"http:\/\/www.youtube.com\/user\/BBCWorldwide\" target=\"_blank\" rel=\"noopener\">&#8211; BBC Worldwide<\/a><br \/><a href=\"http:\/\/www.youtube.com\/user\/Bloomberg\" target=\"_blank\" rel=\"noopener\">&#8211; Bloomberg<\/a><br \/><a href=\"http:\/\/www.youtube.com\/user\/cnninternational\" target=\"_blank\" rel=\"noopener\">&#8211; CNN<\/a><br \/><a href=\"http:\/\/www.youtube.com\/user\/ReutersVideo\" target=\"_blank\" rel=\"noopener\">&#8211; Reuters<\/a><br \/><a href=\"http:\/\/www.youtube.com\/user\/FoxNewsChannel\" target=\"_blank\" rel=\"noopener\">&#8211; FoxNewsChannel<\/a><\/cite><\/p><hr \/><p>ARCHIVES<\/p>\t\t\t\t\t\t\t\t<\/div>\n\t\t\t\t<\/div>\n\t\t\t\t\t<\/div>\n\t\t<\/div>\n\t\t\t\t\t<\/div>\n\t\t<\/section>\n\t\t\t\t<\/div>\n\t\t","protected":false},"excerpt":{"rendered":"<p>INTERNATIONAL\u00a0ASSIST News ServiceFocus Information AgencyGoogle NewsIINA &#8211; Agence Islamique Internationale de PresseIndymedia &#8211; Idenpendent Media CenterIPS &#8211; Inter Press ServiceIslam OnlineMondo Times &#8211; The Worldwide Media GuideVoltairenet &#8211; R\u00e9seau de presse non align\u00e9e EUROPEAN UNION (+ Switzerland, Norway) \/ UNION EUROPEENNEAgence Europe ADN (Germany)AFP &#8211; Agence France Presse (France)AGERPRES &#8211; Agence nationale de presse roumaine&#8230;<\/p>\n","protected":false},"author":2,"featured_media":0,"parent":0,"menu_order":0,"comment_status":"closed","ping_status":"closed","template":"","meta":{"footnotes":""},"categories":[3],"tags":[],"class_list":["post-1031","page","type-page","status-publish","hentry","category-cerpesc"],"yoast_head":"<!-- This site is optimized with the Yoast SEO plugin v26.5 - https:\/\/yoast.com\/wordpress\/plugins\/seo\/ -->\n<title>News Agencies - CERPESC<\/title>\n<meta name=\"robots\" content=\"index, follow, max-snippet:-1, max-image-preview:large, max-video-preview:-1\" \/>\n<link rel=\"canonical\" href=\"https:\/\/europavarietas.org\/csdp_new\/index.php\/news-agencies\/\" \/>\n<meta property=\"og:locale\" content=\"en_GB\" \/>\n<meta property=\"og:type\" content=\"article\" \/>\n<meta property=\"og:title\" content=\"News Agencies - CERPESC\" \/>\n<meta property=\"og:description\" content=\"INTERNATIONAL\u00a0ASSIST News ServiceFocus Information AgencyGoogle NewsIINA &#8211; Agence Islamique Internationale de PresseIndymedia &#8211; Idenpendent Media CenterIPS &#8211; Inter Press ServiceIslam OnlineMondo Times &#8211; The Worldwide Media GuideVoltairenet &#8211; R\u00e9seau de presse non align\u00e9e EUROPEAN UNION (+ Switzerland, Norway) \/ UNION EUROPEENNEAgence Europe ADN (Germany)AFP &#8211; Agence France Presse (France)AGERPRES &#8211; Agence nationale de presse roumaine...\" \/>\n<meta property=\"og:url\" content=\"https:\/\/europavarietas.org\/csdp_new\/index.php\/news-agencies\/\" \/>\n<meta property=\"og:site_name\" content=\"CERPESC\" \/>\n<meta property=\"article:modified_time\" content=\"2023-08-27T17:53:21+00:00\" \/>\n<meta name=\"twitter:card\" content=\"summary_large_image\" \/>\n<meta name=\"twitter:label1\" content=\"Estimated reading time\" \/>\n\t<meta name=\"twitter:data1\" content=\"2 minutes\" \/>\n<script type=\"application\/ld+json\" class=\"yoast-schema-graph\">{\"@context\":\"https:\/\/schema.org\",\"@graph\":[{\"@type\":\"WebPage\",\"@id\":\"https:\/\/europavarietas.org\/csdp_new\/index.php\/news-agencies\/\",\"url\":\"https:\/\/europavarietas.org\/csdp_new\/index.php\/news-agencies\/\",\"name\":\"News Agencies - CERPESC\",\"isPartOf\":{\"@id\":\"https:\/\/europavarietas.org\/csdp_new\/#website\"},\"datePublished\":\"2015-01-09T17:51:00+00:00\",\"dateModified\":\"2023-08-27T17:53:21+00:00\",\"breadcrumb\":{\"@id\":\"https:\/\/europavarietas.org\/csdp_new\/index.php\/news-agencies\/#breadcrumb\"},\"inLanguage\":\"en-GB\",\"potentialAction\":[{\"@type\":\"ReadAction\",\"target\":[\"https:\/\/europavarietas.org\/csdp_new\/index.php\/news-agencies\/\"]}]},{\"@type\":\"BreadcrumbList\",\"@id\":\"https:\/\/europavarietas.org\/csdp_new\/index.php\/news-agencies\/#breadcrumb\",\"itemListElement\":[{\"@type\":\"ListItem\",\"position\":1,\"name\":\"Home\",\"item\":\"https:\/\/europavarietas.org\/csdp_new\/\"},{\"@type\":\"ListItem\",\"position\":2,\"name\":\"News Agencies\"}]},{\"@type\":\"WebSite\",\"@id\":\"https:\/\/europavarietas.org\/csdp_new\/#website\",\"url\":\"https:\/\/europavarietas.org\/csdp_new\/\",\"name\":\"CERPESC\",\"description\":\"European Soultion for Defence and Crisis Management\",\"publisher\":{\"@id\":\"https:\/\/europavarietas.org\/csdp_new\/#organization\"},\"potentialAction\":[{\"@type\":\"SearchAction\",\"target\":{\"@type\":\"EntryPoint\",\"urlTemplate\":\"https:\/\/europavarietas.org\/csdp_new\/?s={search_term_string}\"},\"query-input\":{\"@type\":\"PropertyValueSpecification\",\"valueRequired\":true,\"valueName\":\"search_term_string\"}}],\"inLanguage\":\"en-GB\"},{\"@type\":\"Organization\",\"@id\":\"https:\/\/europavarietas.org\/csdp_new\/#organization\",\"name\":\"CERPESC\",\"url\":\"https:\/\/europavarietas.org\/csdp_new\/\",\"logo\":{\"@type\":\"ImageObject\",\"inLanguage\":\"en-GB\",\"@id\":\"https:\/\/europavarietas.org\/csdp_new\/#\/schema\/logo\/image\/\",\"url\":\"https:\/\/europavarietas.org\/csdp_new\/wp-content\/uploads\/2023\/08\/cropped-cropped-cerpesc5_0.png\",\"contentUrl\":\"https:\/\/europavarietas.org\/csdp_new\/wp-content\/uploads\/2023\/08\/cropped-cropped-cerpesc5_0.png\",\"width\":530,\"height\":97,\"caption\":\"CERPESC\"},\"image\":{\"@id\":\"https:\/\/europavarietas.org\/csdp_new\/#\/schema\/logo\/image\/\"}}]}<\/script>\n<!-- \/ Yoast SEO plugin. -->","yoast_head_json":{"title":"News Agencies - CERPESC","robots":{"index":"index","follow":"follow","max-snippet":"max-snippet:-1","max-image-preview":"max-image-preview:large","max-video-preview":"max-video-preview:-1"},"canonical":"https:\/\/europavarietas.org\/csdp_new\/index.php\/news-agencies\/","og_locale":"en_GB","og_type":"article","og_title":"News Agencies - CERPESC","og_description":"INTERNATIONAL\u00a0ASSIST News ServiceFocus Information AgencyGoogle NewsIINA &#8211; Agence Islamique Internationale de PresseIndymedia &#8211; Idenpendent Media CenterIPS &#8211; Inter Press ServiceIslam OnlineMondo Times &#8211; The Worldwide Media GuideVoltairenet &#8211; R\u00e9seau de presse non align\u00e9e EUROPEAN UNION (+ Switzerland, Norway) \/ UNION EUROPEENNEAgence Europe ADN (Germany)AFP &#8211; Agence France Presse (France)AGERPRES &#8211; Agence nationale de presse roumaine...","og_url":"https:\/\/europavarietas.org\/csdp_new\/index.php\/news-agencies\/","og_site_name":"CERPESC","article_modified_time":"2023-08-27T17:53:21+00:00","twitter_card":"summary_large_image","twitter_misc":{"Estimated reading time":"2 minutes"},"schema":{"@context":"https:\/\/schema.org","@graph":[{"@type":"WebPage","@id":"https:\/\/europavarietas.org\/csdp_new\/index.php\/news-agencies\/","url":"https:\/\/europavarietas.org\/csdp_new\/index.php\/news-agencies\/","name":"News Agencies - CERPESC","isPartOf":{"@id":"https:\/\/europavarietas.org\/csdp_new\/#website"},"datePublished":"2015-01-09T17:51:00+00:00","dateModified":"2023-08-27T17:53:21+00:00","breadcrumb":{"@id":"https:\/\/europavarietas.org\/csdp_new\/index.php\/news-agencies\/#breadcrumb"},"inLanguage":"en-GB","potentialAction":[{"@type":"ReadAction","target":["https:\/\/europavarietas.org\/csdp_new\/index.php\/news-agencies\/"]}]},{"@type":"BreadcrumbList","@id":"https:\/\/europavarietas.org\/csdp_new\/index.php\/news-agencies\/#breadcrumb","itemListElement":[{"@type":"ListItem","position":1,"name":"Home","item":"https:\/\/europavarietas.org\/csdp_new\/"},{"@type":"ListItem","position":2,"name":"News Agencies"}]},{"@type":"WebSite","@id":"https:\/\/europavarietas.org\/csdp_new\/#website","url":"https:\/\/europavarietas.org\/csdp_new\/","name":"CERPESC","description":"European Soultion for Defence and Crisis Management","publisher":{"@id":"https:\/\/europavarietas.org\/csdp_new\/#organization"},"potentialAction":[{"@type":"SearchAction","target":{"@type":"EntryPoint","urlTemplate":"https:\/\/europavarietas.org\/csdp_new\/?s={search_term_string}"},"query-input":{"@type":"PropertyValueSpecification","valueRequired":true,"valueName":"search_term_string"}}],"inLanguage":"en-GB"},{"@type":"Organization","@id":"https:\/\/europavarietas.org\/csdp_new\/#organization","name":"CERPESC","url":"https:\/\/europavarietas.org\/csdp_new\/","logo":{"@type":"ImageObject","inLanguage":"en-GB","@id":"https:\/\/europavarietas.org\/csdp_new\/#\/schema\/logo\/image\/","url":"https:\/\/europavarietas.org\/csdp_new\/wp-content\/uploads\/2023\/08\/cropped-cropped-cerpesc5_0.png","contentUrl":"https:\/\/europavarietas.org\/csdp_new\/wp-content\/uploads\/2023\/08\/cropped-cropped-cerpesc5_0.png","width":530,"height":97,"caption":"CERPESC"},"image":{"@id":"https:\/\/europavarietas.org\/csdp_new\/#\/schema\/logo\/image\/"}}]}},"_links":{"self":[{"href":"https:\/\/europavarietas.org\/csdp_new\/index.php\/wp-json\/wp\/v2\/pages\/1031","targetHints":{"allow":["GET"]}}],"collection":[{"href":"https:\/\/europavarietas.org\/csdp_new\/index.php\/wp-json\/wp\/v2\/pages"}],"about":[{"href":"https:\/\/europavarietas.org\/csdp_new\/index.php\/wp-json\/wp\/v2\/types\/page"}],"author":[{"embeddable":true,"href":"https:\/\/europavarietas.org\/csdp_new\/index.php\/wp-json\/wp\/v2\/users\/2"}],"replies":[{"embeddable":true,"href":"https:\/\/europavarietas.org\/csdp_new\/index.php\/wp-json\/wp\/v2\/comments?post=1031"}],"version-history":[{"count":4,"href":"https:\/\/europavarietas.org\/csdp_new\/index.php\/wp-json\/wp\/v2\/pages\/1031\/revisions"}],"predecessor-version":[{"id":1035,"href":"https:\/\/europavarietas.org\/csdp_new\/index.php\/wp-json\/wp\/v2\/pages\/1031\/revisions\/1035"}],"wp:attachment":[{"href":"https:\/\/europavarietas.org\/csdp_new\/index.php\/wp-json\/wp\/v2\/media?parent=1031"}],"wp:term":[{"taxonomy":"category","embeddable":true,"href":"https:\/\/europavarietas.org\/csdp_new\/index.php\/wp-json\/wp\/v2\/categories?post=1031"},{"taxonomy":"post_tag","embeddable":true,"href":"https:\/\/europavarietas.org\/csdp_new\/index.php\/wp-json\/wp\/v2\/tags?post=1031"}],"curies":[{"name":"wp","href":"https:\/\/api.w.org\/{rel}","templated":true}]}}